{"id":9076,"date":"2021-06-21T13:12:48","date_gmt":"2021-06-21T12:12:48","guid":{"rendered":"https:\/\/tienda.ismet.es\/?post_type=product&#038;p=9076"},"modified":"2026-04-15T08:24:25","modified_gmt":"2026-04-15T07:24:25","slug":"antiarrugas-y-antiaging-con-chanbeaute-la-estetica-terapeutica","status":"publish","type":"product","link":"https:\/\/tienda.ismet.es\/index.php\/producto\/antiarrugas-y-antiaging-con-chanbeaute-la-estetica-terapeutica\/","title":{"rendered":"&#8211; Antiarrugas y antiaging con Chan\u2019beaut\u00e9, la est\u00e9tica terap\u00e9utica"},"content":{"rendered":"[vc_row][vc_column][vc_video link=&#8221;https:\/\/youtu.be\/caCDnrbCaA0?si=OAoyUfmoKcLr5ijU&#8221;][vc_column_text]\n<hr \/>\n<div class=\"woocommerce-product-details__short-description\">\n<h4>Dirigido a<\/h4>\n<p class=\"curso\">A todas aquellas personas que deseen aprender a cuidar su piel y mejorar las marcas de expresi\u00f3n a trav\u00e9s del Chan&#8217;beaut\u00e9: La est\u00e9tica terap\u00e9utica. Se realiza un trabajo local usando la energ\u00eda del Yang y del yin con las diferentes herramientas de Facioterapia Dien Chan, aplicadas sobre la arruga y sobre los esquemas de la reflexolog\u00eda facial. La arruga puede manifestarse de una forma m\u00e1s profunda al coincidir con una zona reflexol\u00f3gica en la cara de una zona corporal que presenta una alteraci\u00f3n. Si corregimos la alteraci\u00f3n f\u00edsica, hay menos tensi\u00f3n en a arruga y el trabajo local sobre ella es m\u00e1s profundo y duradero. El trabajo que hemos realizado con los rodillos a nivel local, mejoran la elasticidad de la piel, su tonicidad y reafirman el tejido de una forma sencilla y natural. Lo aprendido en este taller lo puedes aplicar a cualquier persona que quiera mejorar la calidad de la piel y reducir las arrugas de la cara. Tambi\u00e9n podr\u00e1s auto aplicarte, si fuera necesario.<\/p>\n<p class=\"curso\">La Facioterapia-Dien Chan, el m\u00e9todo original de reflexolog\u00eda facial vietnamita, es una t\u00e9cnica muy pr\u00e1ctica y f\u00e1cil de aprender que nos ense\u00f1a trucos y consejos para autoaplicarnos o ayudar a otros a mejorar sus s\u00edntomas. El Dien Chan, reequilibra r\u00e1pidamente el cuerpo gracias a peque\u00f1as estimulaciones sobre el rostro. Debido a su proximidad con el cerebro, proporciona resultados inmediatos y profundos. El Chan&#8217;beaut\u00e9 es la aplicaci\u00f3n est\u00e9tica del Dien Chan con el que se consiguen resultados r\u00e1pidos y profundos al combinar las herramientas, los reflejos sobre el rostro y los protocolos detallados para celulitis.<\/p>\n<hr \/>\n<h4>Objetivos<\/h4>\n<ul>\n<li>Aprende a realizar un tratamiento completo de Chan&#8217;beaut\u00e9 antiarrugas y antiaging.<\/li>\n<li>Aprender c\u00f3mo usar las herramientas yang-yin de forma correcta.<\/li>\n<li>Conocer diferentes esquemas de reflexi\u00f3n que nos facilitaran el reequilibrio de la piel del rostro.<\/li>\n<li>Aprender a aplicar los diferentes diagramas de tratamiento para equilibrar los posibles or\u00edgenes.<\/li>\n<\/ul>\n<\/div>\n<hr \/>\n<h4>Programa del Curso<\/h4>\n<ol>\n<li>Introducci\u00f3n y preparaci\u00f3n antiaging<\/li>\n<li>Trabajo local con el preludio Yang-yin<\/li>\n<li>Dien Chan Esquemas: Cuerpo yang sobre el rostro, Esquema visceral, Esquema del aparato reproductor<\/li>\n<li>Diagramas de tratamiento: elasticidad de la piel, detox visceral, equilibrio hormonal<\/li>\n<li>Reflexodrenaje<\/li>\n<li>Recomendaciones de mantenimiento a realizar en casa<\/li>\n<\/ol>\n<hr \/>\n<p><!--\n\n\n<h4>Impartido por: Montse Garc\u00eda<\/h4>\n\n\nMasajista deportiva, Natur\u00f3pata. Formadora certificada en Facioterapia-Dien Chan por el Profesor Dr. B\u00f9i Qu\u00f4c Ch\u00e2u en Espa\u00f1a (2004) y en Ho Chi Minh, en Vietnam (2006 y 2009). Experta en Reflexoterapia Podal. Coordinadora de masajistas deportivos en eventos y competiciones deportivas, de \u00e1mbito nacional e internacional...-->[\/vc_column_text][\/vc_column][\/vc_row]\n","protected":false},"excerpt":{"rendered":"<p>Modalidad presencial. <span style=\"color: #7f7dd1;\"><strong><br \/>\nMi\u00e9rcoles 10 de junio 2026.<br \/>\nDe 15:30 a 19:30h<\/strong><\/span><\/p>\n<hr \/>\n<p><strong>Precio total:<\/strong>65\u20ac.<\/p>\n<hr \/>\n<p>Conocer diferentes esquemas de reflexi\u00f3n que nos facilitaran el reequilibrio de la piel del rostro\u2026 (<a href=\"#tab-description\">Ver m\u00e1s informaci\u00f3n<\/a>)<\/p>\n","protected":false},"featured_media":32260,"comment_status":"open","ping_status":"closed","template":"","meta":{"_joinchat":[]},"product_brand":[],"product_cat":[617,89,182,98,179,199],"product_tag":[410,412,411,344,220,457],"class_list":{"0":"post-9076","1":"product","2":"type-product","3":"status-publish","4":"has-post-thumbnail","6":"product_cat-imagenes-profesores","7":"product_cat-terapias-manuales","8":"product_cat-wellness-y-estetica","9":"product_cat-cursos","10":"product_cat-cursos-presenciales","11":"product_cat-presencial-junio","12":"product_tag-antiarrugas-y-antiaging","13":"product_tag-chan","14":"product_tag-chanbeaute","15":"product_tag-estetica","16":"product_tag-montse-garcia","17":"product_tag-tratamientos-de-estetica","18":"pa_ediciones-edicion-septiembre","20":"first","21":"instock","22":"purchasable","23":"product-type-simple"},"_links":{"self":[{"href":"https:\/\/tienda.ismet.es\/index.php\/wp-json\/wp\/v2\/product\/9076","targetHints":{"allow":["GET"]}}],"collection":[{"href":"https:\/\/tienda.ismet.es\/index.php\/wp-json\/wp\/v2\/product"}],"about":[{"href":"https:\/\/tienda.ismet.es\/index.php\/wp-json\/wp\/v2\/types\/product"}],"replies":[{"embeddable":true,"href":"https:\/\/tienda.ismet.es\/index.php\/wp-json\/wp\/v2\/comments?post=9076"}],"wp:featuredmedia":[{"embeddable":true,"href":"https:\/\/tienda.ismet.es\/index.php\/wp-json\/wp\/v2\/media\/32260"}],"wp:attachment":[{"href":"https:\/\/tienda.ismet.es\/index.php\/wp-json\/wp\/v2\/media?parent=9076"}],"wp:term":[{"taxonomy":"product_brand","embeddable":true,"href":"https:\/\/tienda.ismet.es\/index.php\/wp-json\/wp\/v2\/product_brand?post=9076"},{"taxonomy":"product_cat","embeddable":true,"href":"https:\/\/tienda.ismet.es\/index.php\/wp-json\/wp\/v2\/product_cat?post=9076"},{"taxonomy":"product_tag","embeddable":true,"href":"https:\/\/tienda.ismet.es\/index.php\/wp-json\/wp\/v2\/product_tag?post=9076"}],"curies":[{"name":"wp","href":"https:\/\/api.w.org\/{rel}","templated":true}]}}

&#8211; Antiarrugas y antiaging con Chan’beauté, la estética terapéutica

[vc_row][vc_column][vc_video link=&#8221;https://youtu.be/caCDnrbCaA0?si=OAoyUfmoKcLr5ijU&#8221;][vc_column_text]
<hr />
<div class="woocommerce-product-details__short-description">
<h4>Dirigido a</h4>
<p class="curso">A todas aquellas personas que deseen aprender a cuidar su piel y mejorar las marcas de expresión a través del Chan&#8217;beauté: La estética terapéutica. Se realiza un trabajo local usando la energía del Yang y del yin con las diferentes herramientas de Facioterapia Dien Chan, aplicadas sobre la arruga y sobre los esquemas de la reflexología facial. La arruga puede manifestarse de una forma más profunda al coincidir con una zona reflexológica en la cara de una zona corporal que presenta una alteración. Si corregimos la alteración física, hay menos tensión en a arruga y el trabajo local sobre ella es más profundo y duradero. El trabajo que hemos realizado con los rodillos a nivel local, mejoran la elasticidad de la piel, su tonicidad y reafirman el tejido de una forma sencilla y natural. Lo aprendido en este taller lo puedes aplicar a cualquier persona que quiera mejorar la calidad de la piel y reducir las arrugas de la cara. También podrás auto aplicarte, si fuera necesario.</p>
<p class="curso">La Facioterapia-Dien Chan, el método original de reflexología facial vietnamita, es una técnica muy práctica y fácil de aprender que nos enseña trucos y consejos para autoaplicarnos o ayudar a otros a mejorar sus síntomas. El Dien Chan, reequilibra rápidamente el cuerpo gracias a pequeñas estimulaciones sobre el rostro. Debido a su proximidad con el cerebro, proporciona resultados inmediatos y profundos. El Chan&#8217;beauté es la aplicación estética del Dien Chan con el que se consiguen resultados rápidos y profundos al combinar las herramientas, los reflejos sobre el rostro y los protocolos detallados para celulitis.</p>
<hr />
<h4>Objetivos</h4>
<ul>
<li>Aprende a realizar un tratamiento completo de Chan&#8217;beauté antiarrugas y antiaging.</li>
<li>Aprender cómo usar las herramientas yang-yin de forma correcta.</li>
<li>Conocer diferentes esquemas de reflexión que nos facilitaran el reequilibrio de la piel del rostro.</li>
<li>Aprender a aplicar los diferentes diagramas de tratamiento para equilibrar los posibles orígenes.</li>
</ul>
</div>
<hr />
<h4>Programa del Curso</h4>
<ol>
<li>Introducción y preparación antiaging</li>
<li>Trabajo local con el preludio Yang-yin</li>
<li>Dien Chan Esquemas: Cuerpo yang sobre el rostro, Esquema visceral, Esquema del aparato reproductor</li>
<li>Diagramas de tratamiento: elasticidad de la piel, detox visceral, equilibrio hormonal</li>
<li>Reflexodrenaje</li>
<li>Recomendaciones de mantenimiento a realizar en casa</li>
</ol>
<hr />
<p><!--


<h4>Impartido por: Montse García</h4>


Masajista deportiva, Naturópata. Formadora certificada en Facioterapia-Dien Chan por el Profesor Dr. Bùi Quôc Châu en España (2004) y en Ho Chi Minh, en Vietnam (2006 y 2009). Experta en Reflexoterapia Podal. Coordinadora de masajistas deportivos en eventos y competiciones deportivas, de ámbito nacional e internacional...-->[/vc_column_text][/vc_column][/vc_row]

<p>Modalidad presencial. <span style="color: #7f7dd1;"><strong><br />
Miércoles 10 de junio 2026.<br />
De 15:30 a 19:30h</strong></span></p>
<hr />
<p><strong>Precio total:</strong>65€.</p>
<hr />
<p>Conocer diferentes esquemas de reflexión que nos facilitaran el reequilibrio de la piel del rostro… (<a href="#tab-description">Ver más información</a>)</p>
