{"id":7922,"date":"2021-03-08T11:29:40","date_gmt":"2021-03-08T10:29:40","guid":{"rendered":"https:\/\/tienda.ismet.es\/?post_type=product&#038;p=7922"},"modified":"2025-04-23T09:39:16","modified_gmt":"2025-04-23T08:39:16","slug":"geometria-sagrada-y-limpieza-energetica","status":"publish","type":"product","link":"https:\/\/tienda.ismet.es\/index.php\/producto\/geometria-sagrada-y-limpieza-energetica\/","title":{"rendered":"&#8211; Geometr\u00eda sagrada y limpieza energ\u00e9tica"},"content":{"rendered":"[vc_row][vc_column][vc_video link=&#8221;https:\/\/youtu.be\/KFQCJJUyytc&#8221;][vc_column_text]\n<div class=\"woocommerce-product-details__short-description\">\n<p class=\"curso\">Por qu\u00e9 y para qu\u00e9 trabajar con esta terapia. Podemos decir que la Geometr\u00eda son figuras, formas o arquetipos m\u00f3rficos universales que constituyen un c\u00f3digo de lectura del mundo interior y exterior (la flor de la vida). Sus atributos dan orden a la materia, a la energ\u00eda, a la informaci\u00f3n y a la conciencia. Son patrones de organizaci\u00f3n de la informaci\u00f3n que nos recuerdan las leyes de la autosustentabilidad, evoluci\u00f3n y salud.<br \/>\nPor este motivo podemos decir que los S\u00f3lidos Plat\u00f3nicos, el cubo, icosaedro, tetraedro, octaedro y dodecaedro son Arquetipos Sanadores.<\/p>\n<p class=\"curso\">Lo que nos permite trabajar a todos seamos o no terapeutas con paquetes informacionales de y desde la Conciencia y la Coherencia, para transmitirle la informaci\u00f3n a la materia. En el caso de no ser terapeuta se trabaja con la forma. Cuando tenemos formaci\u00f3n en diversas t\u00e9cnicas podemos aplicar a la forma toda aquella informaci\u00f3n que consideremos necesaria mediante el V.A.S. o testaje (esencias florales, amino\u00e1cidos, homeopat\u00eda, vitaminas, oligoelementos\u2026) Este curso nos permite asentar una buena base y nos prepara. Trabajar con Geometr\u00eda Sagrada nos recuerda que trabajamos desde el Amor, Respeto, Conciencia y Coherencia.<\/p>\n<hr \/>\n<h4>Objetivos<\/h4>\n<ul>\n<li>\u00a0Profundizar en las bases de la Geometr\u00eda Sagrada para dirigirla a otros campos ya sean de la salud, energ\u00e9ticos, matem\u00e1ticos, arquitect\u00f3nicos, musicales, etc.<\/li>\n<li>Encontrar el orden de tu vida a trav\u00e9s de la Geometr\u00eda Sagrada, enfocando hacia la salud, emociones\u2026 Tu casa, lugar de trabajo\u2026<\/li>\n<li>Experimentar c\u00f3mo la Geometr\u00eda ordena nuestra vida desde los procesos m\u00e1s simples de la rutina m\u00e1s cotidiana hasta las emociones m\u00e1s profundas del ser.<\/li>\n<li>Dominar la t\u00e9cnica del V.A.S. (bascula automatic signal).<\/li>\n<\/ul>\n<\/div>\n<hr \/>\n<h4>Programa del Curso<\/h4>\n<ol class=\"cursos\">\n<li>Introducci\u00f3n: Historia reciente y estado actual. Fuentes de informaci\u00f3n.<\/li>\n<li>Ley de Analog\u00eda y Correspondencia.<\/li>\n<li>La construcci\u00f3n energ\u00e9tica del Ser.<\/li>\n<li>Limpiar y proteger nuestro entorno, casa, lugar de trabajo, coche\u2026<\/li>\n<li>Transmutar y transformar la energ\u00eda.<\/li>\n<li>Limpiar el Aura de Par\u00e1sitos Energ\u00e9ticos, Mal de Ojo, Implantes, Fugas energ\u00e9ticas\u2026<\/li>\n<li>Sanar y limpiar el \u00c1rbol generacional, ancestros y descendientes.<\/li>\n<li>Limpiar las memorias que traemos desde el vientre materno.<\/li>\n<li>Activar mi Tubo Toro, espacio de Armon\u00eda del Ser.<\/li>\n<\/ol>\n<hr \/>\n<p><!--\n\n\n<h4>Impartido por: Montserrat Sorli Ivern<\/h4>\n\n\nTerapeuta cu\u00e1ntica, con m\u00e1s de 30 a\u00f1os de experiencia. Empresaria de un negocio de cosm\u00e9tica natural. Terapeuta y Medium Canalizadora. Formaci\u00f3n en Naturopat\u00eda, reflexolog\u00eda, auriculoterapia, kinesiolog\u00eda, acupuntura, cromoterapia , esencias florales, maestra de Reiki-->[\/vc_column_text][\/vc_column][\/vc_row]\n","protected":false},"excerpt":{"rendered":"<p>Modalidad presencial<br \/>\n<span style=\"color: #7f7dd1;\" data-darkreader-inline-color=\"\"><strong>Programando fechas<\/strong><br \/>\n<\/span><\/p>\n<hr \/>\n<p>Precio Total: 150\u20ac. Se abonar\u00e1 de la siguiente manera: Reserva de plaza: 50\u20ac + el primer d\u00eda de curso se abonar\u00e1 100\u20ac restantes (en efectivo o tarjeta, antes de empezar).<\/p>\n<hr \/>\n<p>Son patrones de organizaci\u00f3n de la informaci\u00f3n que nos recuerdan las leyes de la autosustentabilidad, evoluci\u00f3n y salud&#8230; (<a href=\"#tab-description\">Ver m\u00e1s informaci\u00f3n<\/a>)<\/p>\n","protected":false},"featured_media":11287,"comment_status":"open","ping_status":"closed","template":"","meta":{"_joinchat":[]},"product_brand":[],"product_cat":[617,92,183,98,179],"product_tag":[492,781],"class_list":{"0":"post-7922","1":"product","2":"type-product","3":"status-publish","4":"has-post-thumbnail","6":"product_cat-imagenes-profesores","7":"product_cat-crecimiento-personal","8":"product_cat-terapias-energeticas","9":"product_cat-cursos","10":"product_cat-cursos-presenciales","11":"product_tag-geometria-sagrada","12":"product_tag-limpieza-energetica","13":"pa_ediciones-edicion-diciembre","14":"pa_ediciones-edicion-diciembre-black-friday","16":"first","17":"instock","18":"virtual","19":"purchasable","20":"product-type-simple"},"_links":{"self":[{"href":"https:\/\/tienda.ismet.es\/index.php\/wp-json\/wp\/v2\/product\/7922","targetHints":{"allow":["GET"]}}],"collection":[{"href":"https:\/\/tienda.ismet.es\/index.php\/wp-json\/wp\/v2\/product"}],"about":[{"href":"https:\/\/tienda.ismet.es\/index.php\/wp-json\/wp\/v2\/types\/product"}],"replies":[{"embeddable":true,"href":"https:\/\/tienda.ismet.es\/index.php\/wp-json\/wp\/v2\/comments?post=7922"}],"wp:featuredmedia":[{"embeddable":true,"href":"https:\/\/tienda.ismet.es\/index.php\/wp-json\/wp\/v2\/media\/11287"}],"wp:attachment":[{"href":"https:\/\/tienda.ismet.es\/index.php\/wp-json\/wp\/v2\/media?parent=7922"}],"wp:term":[{"taxonomy":"product_brand","embeddable":true,"href":"https:\/\/tienda.ismet.es\/index.php\/wp-json\/wp\/v2\/product_brand?post=7922"},{"taxonomy":"product_cat","embeddable":true,"href":"https:\/\/tienda.ismet.es\/index.php\/wp-json\/wp\/v2\/product_cat?post=7922"},{"taxonomy":"product_tag","embeddable":true,"href":"https:\/\/tienda.ismet.es\/index.php\/wp-json\/wp\/v2\/product_tag?post=7922"}],"curies":[{"name":"wp","href":"https:\/\/api.w.org\/{rel}","templated":true}]}}

&#8211; Geometría sagrada y limpieza energética

[vc_row][vc_column][vc_video link=&#8221;https://youtu.be/KFQCJJUyytc&#8221;][vc_column_text]
<div class="woocommerce-product-details__short-description">
<p class="curso">Por qué y para qué trabajar con esta terapia. Podemos decir que la Geometría son figuras, formas o arquetipos mórficos universales que constituyen un código de lectura del mundo interior y exterior (la flor de la vida). Sus atributos dan orden a la materia, a la energía, a la información y a la conciencia. Son patrones de organización de la información que nos recuerdan las leyes de la autosustentabilidad, evolución y salud.<br />
Por este motivo podemos decir que los Sólidos Platónicos, el cubo, icosaedro, tetraedro, octaedro y dodecaedro son Arquetipos Sanadores.</p>
<p class="curso">Lo que nos permite trabajar a todos seamos o no terapeutas con paquetes informacionales de y desde la Conciencia y la Coherencia, para transmitirle la información a la materia. En el caso de no ser terapeuta se trabaja con la forma. Cuando tenemos formación en diversas técnicas podemos aplicar a la forma toda aquella información que consideremos necesaria mediante el V.A.S. o testaje (esencias florales, aminoácidos, homeopatía, vitaminas, oligoelementos…) Este curso nos permite asentar una buena base y nos prepara. Trabajar con Geometría Sagrada nos recuerda que trabajamos desde el Amor, Respeto, Conciencia y Coherencia.</p>
<hr />
<h4>Objetivos</h4>
<ul>
<li> Profundizar en las bases de la Geometría Sagrada para dirigirla a otros campos ya sean de la salud, energéticos, matemáticos, arquitectónicos, musicales, etc.</li>
<li>Encontrar el orden de tu vida a través de la Geometría Sagrada, enfocando hacia la salud, emociones… Tu casa, lugar de trabajo…</li>
<li>Experimentar cómo la Geometría ordena nuestra vida desde los procesos más simples de la rutina más cotidiana hasta las emociones más profundas del ser.</li>
<li>Dominar la técnica del V.A.S. (bascula automatic signal).</li>
</ul>
</div>
<hr />
<h4>Programa del Curso</h4>
<ol class="cursos">
<li>Introducción: Historia reciente y estado actual. Fuentes de información.</li>
<li>Ley de Analogía y Correspondencia.</li>
<li>La construcción energética del Ser.</li>
<li>Limpiar y proteger nuestro entorno, casa, lugar de trabajo, coche…</li>
<li>Transmutar y transformar la energía.</li>
<li>Limpiar el Aura de Parásitos Energéticos, Mal de Ojo, Implantes, Fugas energéticas…</li>
<li>Sanar y limpiar el Árbol generacional, ancestros y descendientes.</li>
<li>Limpiar las memorias que traemos desde el vientre materno.</li>
<li>Activar mi Tubo Toro, espacio de Armonía del Ser.</li>
</ol>
<hr />
<p><!--


<h4>Impartido por: Montserrat Sorli Ivern</h4>


Terapeuta cuántica, con más de 30 años de experiencia. Empresaria de un negocio de cosmética natural. Terapeuta y Medium Canalizadora. Formación en Naturopatía, reflexología, auriculoterapia, kinesiología, acupuntura, cromoterapia , esencias florales, maestra de Reiki-->[/vc_column_text][/vc_column][/vc_row]

<p>Modalidad presencial<br />
<span style="color: #7f7dd1;" data-darkreader-inline-color=""><strong>Programando fechas</strong><br />
</span></p>
<hr />
<p>Precio Total: 150€. Se abonará de la siguiente manera: Reserva de plaza: 50€ + el primer día de curso se abonará 100€ restantes (en efectivo o tarjeta, antes de empezar).</p>
<hr />
<p>Son patrones de organización de la información que nos recuerdan las leyes de la autosustentabilidad, evolución y salud&#8230; (<a href="#tab-description">Ver más información</a>)</p>
