{"id":6667,"date":"2020-12-11T11:27:08","date_gmt":"2020-12-11T10:27:08","guid":{"rendered":"https:\/\/tienda.ismet.es\/?post_type=product&#038;p=6667"},"modified":"2025-08-28T11:55:48","modified_gmt":"2025-08-28T10:55:48","slug":"programa-formativo-de-estetica-y-wellness","status":"publish","type":"product","link":"https:\/\/tienda.ismet.es\/index.php\/producto\/programa-formativo-de-estetica-y-wellness\/","title":{"rendered":"&#8211; Programa formativo de est\u00e9tica y wellness"},"content":{"rendered":"[vc_row][vc_column][vc_video link=&#8221;https:\/\/youtu.be\/5iyjuJcq4IM&#8221;][vc_column_text]\n<hr \/>\n<div class=\"woocommerce-product-details__short-description\">\n<p class=\"curso\">Descubre varias t\u00e9cnicas espec\u00edficas en el wellness y la est\u00e9tica natural, como el masaje de rejuvenecimiento facial japon\u00e9s, el masaje ayurv\u00e9dico, la gimnasia facial, shiatsu, y posteriormente completa la formaci\u00f3n y introduce en las anteriores t\u00e9cnicas la aromaterapia, cosm\u00e9tica natural, terapia ortomolecular para conseguir mejores objetivos y resultados m\u00e1s r\u00e1pidos. T\u00e9cnicas manuales tanto faciales como corporales, m\u00e1s terapias adicionales para una sinergia espectacular dentro del \u00e1rea de wellness y est\u00e9tica natural.<\/p>\n<p><!--\n\n<div class=\"button2\">\n<a class=\"button wp-element-button\" id=\"button2\" href=\"https:\/\/ismet.es\/Programasformativos_pdf\/CATALOGO_ESTETICA_WELLNESS.pdf\" target=\"_blank\" rel=\"nofollow noopener noreferrer\">Descarga cat\u00e1logo<\/a>\n<\/div>\n\n--><\/p>\n[\/vc_column_text][\/vc_column][\/vc_row]\n<\/div>\n","protected":false},"excerpt":{"rendered":"<p>Modalidad presencial. <span style=\"color: #7f7dd1;\" data-darkreader-inline-color=\"\"><strong><br \/>\nProgramando fechas.<\/strong><\/span><\/p>\n<hr \/>\n<p>T\u00e9cnicas manuales tanto faciales como corporales, m\u00e1s terapias adicionales para una sinergia espectacular dentro del \u00e1rea de wellness y est\u00e9tica natural&#8230; (<a href=\"#tab-description\">Ver m\u00e1s informaci\u00f3n<\/a>)<\/p>\n<hr \/>\n","protected":false},"featured_media":23904,"comment_status":"open","ping_status":"closed","template":"","meta":{"_joinchat":[]},"product_brand":[],"product_cat":[182,98,179,225],"product_tag":[338,398,337],"class_list":{"0":"post-6667","1":"product","2":"type-product","3":"status-publish","4":"has-post-thumbnail","6":"product_cat-wellness-y-estetica","7":"product_cat-cursos","8":"product_cat-cursos-presenciales","9":"product_cat-programas-formativos","10":"product_tag-estetica-natural","11":"product_tag-programa-formativo","12":"product_tag-wellness","14":"first","15":"outofstock","16":"virtual","17":"purchasable","18":"product-type-simple"},"_links":{"self":[{"href":"https:\/\/tienda.ismet.es\/index.php\/wp-json\/wp\/v2\/product\/6667","targetHints":{"allow":["GET"]}}],"collection":[{"href":"https:\/\/tienda.ismet.es\/index.php\/wp-json\/wp\/v2\/product"}],"about":[{"href":"https:\/\/tienda.ismet.es\/index.php\/wp-json\/wp\/v2\/types\/product"}],"replies":[{"embeddable":true,"href":"https:\/\/tienda.ismet.es\/index.php\/wp-json\/wp\/v2\/comments?post=6667"}],"wp:featuredmedia":[{"embeddable":true,"href":"https:\/\/tienda.ismet.es\/index.php\/wp-json\/wp\/v2\/media\/23904"}],"wp:attachment":[{"href":"https:\/\/tienda.ismet.es\/index.php\/wp-json\/wp\/v2\/media?parent=6667"}],"wp:term":[{"taxonomy":"product_brand","embeddable":true,"href":"https:\/\/tienda.ismet.es\/index.php\/wp-json\/wp\/v2\/product_brand?post=6667"},{"taxonomy":"product_cat","embeddable":true,"href":"https:\/\/tienda.ismet.es\/index.php\/wp-json\/wp\/v2\/product_cat?post=6667"},{"taxonomy":"product_tag","embeddable":true,"href":"https:\/\/tienda.ismet.es\/index.php\/wp-json\/wp\/v2\/product_tag?post=6667"}],"curies":[{"name":"wp","href":"https:\/\/api.w.org\/{rel}","templated":true}]}}