{"id":5971,"date":"2020-10-30T13:41:08","date_gmt":"2020-10-30T12:41:08","guid":{"rendered":"https:\/\/tienda.ismet.es\/?post_type=product&#038;p=5971"},"modified":"2026-03-11T12:39:09","modified_gmt":"2026-03-11T11:39:09","slug":"espinoanalogia","status":"publish","type":"product","link":"https:\/\/tienda.ismet.es\/index.php\/producto\/espinoanalogia\/","title":{"rendered":"&#8211; Espinoanalog\u00eda"},"content":{"rendered":"[vc_row][vc_column][vc_video link=&#8221;https:\/\/www.youtube.com\/watch?v=9nuX4TRu2N8&#8243;][vc_column_text]\n<hr \/>\n<div class=\"woocommerce-product-details__short-description\">\n<p class=\"curso\"><span style=\"font-size: 1rem;\">La espinoanalog\u00eda es una t\u00e9cnica regresiva mediante la cual se consigue llegar a los recuerdos traum\u00e1ticos y enfermizos acumulados en el inconsciente, sanarlos y borrarlos, d\u00e1ndoles una nueva configuraci\u00f3n relajada, positiva y saludable. Para ello utiliza, la relajaci\u00f3n, la sofrolog\u00eda, el psicoan\u00e1lisis emocional, el control mental, m\u00e9todos de visualizaci\u00f3n positiva, oponopono, constelaciones familiares, olas de Matrix englobadas en una sola t\u00e9cnica.<\/span><\/p>\n<hr \/>\n<h4>Objetivos<\/h4>\n<p>Aprenderemos una t\u00e9cnica sencilla pero muy efectiva, para ayudar a los dem\u00e1s a resolver desde el origen, conflictos emocionales cuyo origen desconocemos<\/p>\n<hr \/>\n<h4>Programa<\/h4>\n<ol>\n<li>PRIMERA FASE: EL ORIGEN. Origen oculto de los traumas emocionales.<br \/>\nSu relaci\u00f3n con la salud emocional ps\u00edquica y f\u00edsica<br \/>\nEl poder de la Intenci\u00f3n.<br \/>\nLas Cinco Conciencias. Corporal, temporal, espacial, social y espiritual.<br \/>\nLa reprogramaci\u00f3n. El Arte de transformar la visi\u00f3n de los traumas emocionales.<br \/>\nLa relajaci\u00f3n a trav\u00e9s de la respiraci\u00f3n y la visualizaci\u00f3n de los cuatro v\u00f3rtices energ\u00e9ticos esenciales del biocampo del<br \/>\norganismo humano.<br \/>\nLa visualizaci\u00f3n de la columna vertebral y sus zonas energ\u00e9ticas.<br \/>\nEl contacto con el Yo Superior.<br \/>\nLa visualizaci\u00f3n de episodios relacionados con el proceso a resolver. Toma de conciencia de los mismos.<br \/>\nVisualizaci\u00f3n del episodio origen del Trauma y sus efectos ps\u00edquicos y f\u00edsicos.<\/li>\n<li>SEGUNDA FASE: LA REPROGRAMACI\u00d3N. La proyecci\u00f3n interna del sol como transmisor esencial de la luz.<br \/>\nInducci\u00f3n de estados de flotaci\u00f3n auto hipn\u00f3tica.<br \/>\nRevisi\u00f3n de las situaciones traum\u00e1ticas y su transformaci\u00f3n.<br \/>\nUtilizaci\u00f3n de los. olas de Matrix<br \/>\nVisualizaci\u00f3n de patrones familiares ancestrales.<br \/>\nEl perd\u00f3n como base transformadora de la energ\u00eda.<br \/>\nLa Reprogramaci\u00f3n radi\u00f3nica.<\/li>\n<li>TERCERA FASE: LA REGENERACI\u00d3N. Sico inducci\u00f3n solar auto hipn\u00f3tica.<br \/>\nContacto con el Yo Superior y di\u00e1logo con \u00e9l.<br \/>\nVisualizaci\u00f3n de S\u00edmbolos Luminosos Curativos.<br \/>\nEl poder sanador de la visualizaci\u00f3n positiva.<br \/>\nInducci\u00f3n a la radi\u00f3nica de la intenci\u00f3n.<br \/>\nEl poder de la palabra: Frases Sanadoras del conflicto<\/li>\n<\/ol>\n<\/div>\n<hr \/>\n<p><!--\n\n\n<h4>Impartido por: Josep M\u00aa Villagrasa<\/h4>\n\n\nLicenciado en Derecho y Diplomado en Filosof\u00eda. M\u00e1ster y pionero de la Macrobi\u00f3tica en Espa\u00f1a. Experto en Geobiolog\u00eda, Feng Shui y Radi\u00f3nica. Natur\u00f3pata, Acupuntor, creador de la psico analog\u00eda y la Espino analog\u00eda. Director de Estudios de Escuela Foratman (1990-2012). Profesor de diferentes escuelas naturistas y macrobi\u00f3ticas. Ha impartido cientos de cursos, talleres y conferencias en Espa\u00f1a y en diferentes pa\u00edses de Europa y Am\u00e9rica. Autor de los libros \u00abDioses en el Desempleo\u00bb y \u00abNombres, personas y destinos\u00bb.-->[\/vc_column_text][\/vc_column][\/vc_row]\n","protected":false},"excerpt":{"rendered":"<p>Modalidad online.<span style=\"color: #7f7dd1;\" data-darkreader-inline-color=\"\"><strong><br \/>\n\u2022 Del 2 al 31 de marzo 2026.<br \/>\n\u2022 Del 1 al 30 de abril 2026.<br \/>\n\u2022 Del 4 al 31 de mayo 2026.<br \/>\n\u2022 Del 1 al 30 de junio 2026.<br \/>\n\u2022 Del 1 al 30 de julio 2026.<\/p>\n<p><\/strong><\/span><\/p>\n<hr \/>\n<p>(<a href=\"#tab-description\">Ver m\u00e1s informaci\u00f3n<\/a>)<\/p>\n","protected":false},"featured_media":23932,"comment_status":"open","ping_status":"closed","template":"","meta":{"_joinchat":[]},"product_brand":[],"product_cat":[617,183,98,180,201,205,202,203,204,179],"product_tag":[655,656,326,552],"class_list":{"0":"post-5971","1":"product","2":"type-product","3":"status-publish","4":"has-post-thumbnail","6":"product_cat-imagenes-profesores","7":"product_cat-terapias-energeticas","8":"product_cat-cursos","9":"product_cat-online","10":"product_cat-online-marzo","11":"product_cat-online-abril","12":"product_cat-online-mayo","13":"product_cat-online-junio","14":"product_cat-online-julio","15":"product_cat-cursos-presenciales","16":"product_tag-espino","17":"product_tag-espinoanalogia","18":"product_tag-josep-ma-villagrasa","19":"product_tag-tecnicas-energeticas","20":"pa_ediciones-edicion-diciembre","21":"pa_ediciones-edicion-enero","22":"pa_ediciones-edicion-febrero","23":"pa_ediciones-edicion-marzo","24":"pa_ediciones-edicion-abril","25":"pa_ediciones-edicion-mayo","26":"pa_ediciones-edicion-junio","27":"pa_ediciones-edicion-julio","28":"pa_ediciones-edicion-septiembre","29":"pa_ediciones-edicion-octubre","30":"pa_ediciones-edicion-noviembre","31":"pa_modalidad-online","32":"pa_modalidad-presencial","34":"first","35":"instock","36":"purchasable","37":"product-type-variable"},"_links":{"self":[{"href":"https:\/\/tienda.ismet.es\/index.php\/wp-json\/wp\/v2\/product\/5971","targetHints":{"allow":["GET"]}}],"collection":[{"href":"https:\/\/tienda.ismet.es\/index.php\/wp-json\/wp\/v2\/product"}],"about":[{"href":"https:\/\/tienda.ismet.es\/index.php\/wp-json\/wp\/v2\/types\/product"}],"replies":[{"embeddable":true,"href":"https:\/\/tienda.ismet.es\/index.php\/wp-json\/wp\/v2\/comments?post=5971"}],"wp:featuredmedia":[{"embeddable":true,"href":"https:\/\/tienda.ismet.es\/index.php\/wp-json\/wp\/v2\/media\/23932"}],"wp:attachment":[{"href":"https:\/\/tienda.ismet.es\/index.php\/wp-json\/wp\/v2\/media?parent=5971"}],"wp:term":[{"taxonomy":"product_brand","embeddable":true,"href":"https:\/\/tienda.ismet.es\/index.php\/wp-json\/wp\/v2\/product_brand?post=5971"},{"taxonomy":"product_cat","embeddable":true,"href":"https:\/\/tienda.ismet.es\/index.php\/wp-json\/wp\/v2\/product_cat?post=5971"},{"taxonomy":"product_tag","embeddable":true,"href":"https:\/\/tienda.ismet.es\/index.php\/wp-json\/wp\/v2\/product_tag?post=5971"}],"curies":[{"name":"wp","href":"https:\/\/api.w.org\/{rel}","templated":true}]}}

&#8211; Espinoanalogía

[vc_row][vc_column][vc_video link=&#8221;https://www.youtube.com/watch?v=9nuX4TRu2N8&#8243;][vc_column_text]
<hr />
<div class="woocommerce-product-details__short-description">
<p class="curso"><span style="font-size: 1rem;">La espinoanalogía es una técnica regresiva mediante la cual se consigue llegar a los recuerdos traumáticos y enfermizos acumulados en el inconsciente, sanarlos y borrarlos, dándoles una nueva configuración relajada, positiva y saludable. Para ello utiliza, la relajación, la sofrología, el psicoanálisis emocional, el control mental, métodos de visualización positiva, oponopono, constelaciones familiares, olas de Matrix englobadas en una sola técnica.</span></p>
<hr />
<h4>Objetivos</h4>
<p>Aprenderemos una técnica sencilla pero muy efectiva, para ayudar a los demás a resolver desde el origen, conflictos emocionales cuyo origen desconocemos</p>
<hr />
<h4>Programa</h4>
<ol>
<li>PRIMERA FASE: EL ORIGEN. Origen oculto de los traumas emocionales.<br />
Su relación con la salud emocional psíquica y física<br />
El poder de la Intención.<br />
Las Cinco Conciencias. Corporal, temporal, espacial, social y espiritual.<br />
La reprogramación. El Arte de transformar la visión de los traumas emocionales.<br />
La relajación a través de la respiración y la visualización de los cuatro vórtices energéticos esenciales del biocampo del<br />
organismo humano.<br />
La visualización de la columna vertebral y sus zonas energéticas.<br />
El contacto con el Yo Superior.<br />
La visualización de episodios relacionados con el proceso a resolver. Toma de conciencia de los mismos.<br />
Visualización del episodio origen del Trauma y sus efectos psíquicos y físicos.</li>
<li>SEGUNDA FASE: LA REPROGRAMACIÓN. La proyección interna del sol como transmisor esencial de la luz.<br />
Inducción de estados de flotación auto hipnótica.<br />
Revisión de las situaciones traumáticas y su transformación.<br />
Utilización de los. olas de Matrix<br />
Visualización de patrones familiares ancestrales.<br />
El perdón como base transformadora de la energía.<br />
La Reprogramación radiónica.</li>
<li>TERCERA FASE: LA REGENERACIÓN. Sico inducción solar auto hipnótica.<br />
Contacto con el Yo Superior y diálogo con él.<br />
Visualización de Símbolos Luminosos Curativos.<br />
El poder sanador de la visualización positiva.<br />
Inducción a la radiónica de la intención.<br />
El poder de la palabra: Frases Sanadoras del conflicto</li>
</ol>
</div>
<hr />
<p><!--


<h4>Impartido por: Josep Mª Villagrasa</h4>


Licenciado en Derecho y Diplomado en Filosofía. Máster y pionero de la Macrobiótica en España. Experto en Geobiología, Feng Shui y Radiónica. Naturópata, Acupuntor, creador de la psico analogía y la Espino analogía. Director de Estudios de Escuela Foratman (1990-2012). Profesor de diferentes escuelas naturistas y macrobióticas. Ha impartido cientos de cursos, talleres y conferencias en España y en diferentes países de Europa y América. Autor de los libros «Dioses en el Desempleo» y «Nombres, personas y destinos».-->[/vc_column_text][/vc_column][/vc_row]

<p>Modalidad online.<span style="color: #7f7dd1;" data-darkreader-inline-color=""><strong><br />
• Del 2 al 31 de marzo 2026.<br />
• Del 1 al 30 de abril 2026.<br />
• Del 4 al 31 de mayo 2026.<br />
• Del 1 al 30 de junio 2026.<br />
• Del 1 al 30 de julio 2026.</p>
<p></strong></span></p>
<hr />
<p>(<a href="#tab-description">Ver más información</a>)</p>
