{"id":5556,"date":"2020-10-09T13:44:23","date_gmt":"2020-10-09T12:44:23","guid":{"rendered":"https:\/\/tienda.ismet.es\/?post_type=product&#038;p=5556"},"modified":"2026-03-11T12:43:50","modified_gmt":"2026-03-11T11:43:50","slug":"nutricion-y-suplementacion-en-sistema-digestivo-e-intestinal","status":"publish","type":"product","link":"https:\/\/tienda.ismet.es\/index.php\/producto\/nutricion-y-suplementacion-en-sistema-digestivo-e-intestinal\/","title":{"rendered":"&#8211; Nutrici\u00f3n y suplementaci\u00f3n en sistema digestivo e intestinal"},"content":{"rendered":"[vc_row][vc_column][vc_video link=&#8221;https:\/\/www.youtube.com\/watch?v=CF8I6RoLdVc&#8221;][vc_column_text]\n<div class=\"woocommerce-product-details__short-description\">\n<hr \/>\n<p>Es evidente el creciente inter\u00e9s que existe en nuestra sociedad en general y en la profesi\u00f3n sanitaria en particular por la Nutrici\u00f3n y la Suplementaci\u00f3n tambi\u00e9n denominada Terapia Ortomolecular. Este curso pretende ser un portal de acceso a las bases cient\u00edficas en las que se fundamenta dicha terap\u00e9utica, as\u00ed como a su aplicaci\u00f3n pr\u00e1ctica diaria en alteraciones del sistema digestivo y del intestino tales como: Diarrea, Estre\u00f1imiento, Candidiasis intestinal, Hiperpermeabilidad Intestinal, S\u00edndrome del Intestino Irritable, Colitis Ulcerosa (CU), Enfermedad de Crohn (EC), Diverticulitis y diverticulosis, Alergias, Intolerancias y Sensibilidades Alimentarias. Los seminarios tienen un marcado car\u00e1cter pr\u00e1ctico en base a la prescripci\u00f3n de los tratamientos diet\u00e9tico-nutricionales m\u00e1s efectivos junto a otros de tipo fitoterap\u00e9utico, homeop\u00e1tico, oligo terap\u00e9utico, floral, biosales, etc. que puedan ser de mayor efectividad.<\/p>\n<hr \/>\n<h4>Objetivos<\/h4>\n<p>El seguimiento de este curso capacita al alumnado para detectar 14 patolog\u00edas distintas del \u00e1mbito digestivo e intestinal y orienta de manera espec\u00edfica a tratamientos diet\u00e9tico-nutricionales de probada y contrastada eficacia que permiten su mejora y\/o plena recuperaci\u00f3n.<\/p>\n<\/div>\n<hr \/>\n<h4>Programa del Curso<\/h4>\n<ol>\n<li>FISIOLOG\u00cdA DEL SISTEMA DIGESTIVO HORMONAS DIGESTIVAS (gastrina, secretina, colecistoquinina, etc.)<\/li>\n<li>EPIDEMIOLOG\u00cdA DEL SISTEMA DIGESTIVO E INTESTINAL ALTERACIONES DEL TR\u00c1NSITO INTESTINAL Diarrea aguda. Dieta y Suplementos para la Diarrea Aguda. Diarrea Cr\u00f3nica. Dieta y Suplementos para la Diarrea Cr\u00f3nica. Enemigos de la microbiota (flora) intestinal. Amigos de la microbiota (flora) intestinal. Oligoterapia y Homeopat\u00eda en Diarrea y Estre\u00f1imiento.<\/li>\n<li>ENFERMEDADES INFLAMATORIAS DEL INTESTINO (EII) Fisiolog\u00eda Intestinal. Hiperpermeabilidad Intestinal. S\u00edndrome de Sobrecrecimiento Bacteriano (SIBO). Teor\u00eda de las Poliaminas Proinflamatorias (Guy Simonet). La Conexi\u00f3n Intestinal. Distribuci\u00f3n de la Microbiota (flora) en el Intestino Humano. Flora (microbiota) de fermentaci\u00f3n. Flora (microbiota) de putrefacci\u00f3n. \u00bfPor qu\u00e9 se inflama el intestino?. La flora intestinal (microbiota). Necesidad de una correcta funci\u00f3n hep\u00e1tica. El papel del estr\u00e9s. Teor\u00eda Intestinal de la Enfermedad (Dr. Jean Signalet). Dieta Ancestral del Dr. Seignalet.<\/li>\n<li>CANDIDIASIS INTESTINAL Definici\u00f3n, signos y s\u00edntomas. Tratamiento convencional. Tratamiento Diet\u00e9tico-Nutricional. Suplementaci\u00f3n nutricional. Dietas para la Candidiasis<\/li>\n<li>COLITIS ULCEROSA (CU) Definici\u00f3n, signos y s\u00edntomas. Diagn\u00f3stico. Dieta de carbohidratos Espec\u00edficos (Dra. Elaine Gottschall) para la CU.<\/li>\n<li>S\u00cdNDROME DEL INTESTINO IRRITABLE Definici\u00f3n, signos y s\u00edntomas. Tratamiento Diet\u00e9tico-Nutricional.<\/li>\n<li>DIVERTICULITIS-DIVERTICULOSIS Definici\u00f3n, signos y s\u00edntomas. Tratamiento Diet\u00e9tico-Nutricional.<\/li>\n<li>COLITIS ULCEROSA Definici\u00f3n, signos y s\u00edntomas. Tratamiento Diet\u00e9tico-Nutricional.<\/li>\n<li>ALERGIAS, INTOLERANCIAS Y SENSIBILIDADES ALIMENTARIAS Definici\u00f3n de t\u00e9rminos. Detecci\u00f3n de Alergias, Intolerancias y Sensibilidades Alimentarias: Test de Eliminaci\u00f3n \/ Reintroducci\u00f3n Test Sangu\u00edneos (RAST, IgG4,\u2026) Tratamiento Diet\u00e9tico-Nutricional de las Alergias, Intolerancias y Sensibilidades Alimentarias.<\/li>\n<li>BIBLIOGRAF\u00cdA Y ACCESOS TELEM\u00c1TICOS RECOMENDADOS<\/li>\n<li>ANEXO \u00c1cidos Grasos.<\/li>\n<\/ol>\n<hr \/>\n<p><!--\n\n\n<h4>Impartido por: Enric Ser<\/h4>\n\n\nDiplomado en Terapias Naturales (Universidad Aut\u00f3noma de Barcelona y por el Real centro Universitario Reina M\u00aa Cristina de Madrid). Dr. in Naturopathy por la American University of Natural Medic (Florida\/EUA). T\u00e9cnica Higienista por Nature et Vie (Lorient-France). Profesor titular del \u00e1rea de Terapia Ortomolecular en ISMET. Profesor colaborador en diversos cursos Posgrado de la Escuela Universitaria de Ciencias de la Salud de Vic (Barcelona) y de la Escuela de Enfermer\u00eda Gimbernat (Sant Cugat-Barcelona). Autor de diversos libros ya publicados de Terapia Biol\u00f3gica e Historia de la Medicina y ex-colaborador de distintas publicaciones del sector (Cuerpomente, Vital, Vivir con salud, Diet\u00e9tica y salud). Premio Nacional de Investigaci\u00f3n Educativa del Ministerio de Educaci\u00f3n y Ciencia.-->[\/vc_column_text][\/vc_column][\/vc_row]\n","protected":false},"excerpt":{"rendered":"<p>Modalidad online.<span style=\"color: #7f7dd1;\" data-darkreader-inline-color=\"\"><strong><br \/>\nDel 2 al 31 de marzo 2026.<br \/>\nDel 1 al 30 de abril 2026.<br \/>\nDel 4 al 31 de mayo 2026.<br \/>\nDel 1 al 30 de junio 2026.<br \/>\nDel 1 al 30 de julio 2026.<br \/>\n<\/strong><\/span><\/p>\n<hr \/>\n<p>Este curso pretende ser un portal de acceso a las bases cient\u00edficas&#8230;as\u00ed como a su aplicaci\u00f3n pr\u00e1ctica diaria en alteraciones del sistema digestivo y del intestino&#8230; (<a href=\"#tab-description\">Ver m\u00e1s informaci\u00f3n<\/a>)<\/p>\n","protected":false},"featured_media":26604,"comment_status":"open","ping_status":"closed","template":"","meta":{"_joinchat":[]},"product_brand":[],"product_cat":[223,617,82,184,98,180,201,205,202,203,204],"product_tag":[219,651,328,699,327],"class_list":{"0":"post-5556","1":"product","2":"type-product","3":"status-publish","4":"has-post-thumbnail","6":"product_cat-black-friday","7":"product_cat-imagenes-profesores","8":"product_cat-naturopatia","9":"product_cat-alimentacion-saludable","10":"product_cat-cursos","11":"product_cat-online","12":"product_cat-online-marzo","13":"product_cat-online-abril","14":"product_cat-online-mayo","15":"product_cat-online-junio","16":"product_cat-online-julio","17":"product_tag-enric-ser","18":"product_tag-intestinal","19":"product_tag-nutricion","20":"product_tag-sistema-digestivo","21":"product_tag-suplementacion","22":"pa_ediciones-edicion-diciembre","23":"pa_ediciones-edicion-enero","24":"pa_ediciones-edicion-febrero","25":"pa_ediciones-edicion-marzo","26":"pa_ediciones-edicion-abril","27":"pa_ediciones-edicion-mayo","28":"pa_ediciones-edicion-junio","29":"pa_ediciones-edicion-julio","31":"first","32":"instock","33":"purchasable","34":"product-type-variable"},"_links":{"self":[{"href":"https:\/\/tienda.ismet.es\/index.php\/wp-json\/wp\/v2\/product\/5556","targetHints":{"allow":["GET"]}}],"collection":[{"href":"https:\/\/tienda.ismet.es\/index.php\/wp-json\/wp\/v2\/product"}],"about":[{"href":"https:\/\/tienda.ismet.es\/index.php\/wp-json\/wp\/v2\/types\/product"}],"replies":[{"embeddable":true,"href":"https:\/\/tienda.ismet.es\/index.php\/wp-json\/wp\/v2\/comments?post=5556"}],"wp:featuredmedia":[{"embeddable":true,"href":"https:\/\/tienda.ismet.es\/index.php\/wp-json\/wp\/v2\/media\/26604"}],"wp:attachment":[{"href":"https:\/\/tienda.ismet.es\/index.php\/wp-json\/wp\/v2\/media?parent=5556"}],"wp:term":[{"taxonomy":"product_brand","embeddable":true,"href":"https:\/\/tienda.ismet.es\/index.php\/wp-json\/wp\/v2\/product_brand?post=5556"},{"taxonomy":"product_cat","embeddable":true,"href":"https:\/\/tienda.ismet.es\/index.php\/wp-json\/wp\/v2\/product_cat?post=5556"},{"taxonomy":"product_tag","embeddable":true,"href":"https:\/\/tienda.ismet.es\/index.php\/wp-json\/wp\/v2\/product_tag?post=5556"}],"curies":[{"name":"wp","href":"https:\/\/api.w.org\/{rel}","templated":true}]}}