{"id":32082,"date":"2026-03-25T16:14:39","date_gmt":"2026-03-25T15:14:39","guid":{"rendered":"https:\/\/tienda.ismet.es\/?post_type=product&#038;p=32082"},"modified":"2026-03-25T16:20:03","modified_gmt":"2026-03-25T15:20:03","slug":"curso-avanzado-de-actualizacion-de-manipulaciones-vertebrales","status":"publish","type":"product","link":"https:\/\/tienda.ismet.es\/index.php\/producto\/curso-avanzado-de-actualizacion-de-manipulaciones-vertebrales\/","title":{"rendered":"&#8211; Curso avanzado de actualizaci\u00f3n de manipulaciones vertebrales"},"content":{"rendered":"[vc_row][vc_column][vc_video link=&#8221;&#8221;][vc_column_text]\n<div class=\"woocommerce-product-details__short-description\">\n<hr \/>\n<p style=\"font-weight: 500;\">Este curso avanzado est\u00e1 dise\u00f1ado para profesionales que ya cuentan con formaci\u00f3n en manipulaciones de extremidades y\/o columna y desean profundizar en el abordaje vertebral.<br \/>\nA lo largo de la formaci\u00f3n, se trabajar\u00e1 la exploraci\u00f3n de las disfunciones segmentarias y la aplicaci\u00f3n de t\u00e9cnicas manipulativas espec\u00edficas en columna vertebral y pelvis, integrando un enfoque global del cuerpo.<\/p>\n<p style=\"font-weight: 500;\">\nEl\u00a0<b>objetivo es mejorar la precisi\u00f3n diagn\u00f3stica y la eficacia terap\u00e9utica<\/b>, permitiendo abordar de forma m\u00e1s completa las patolog\u00edas musculoesquel\u00e9ticas que se presentan en la pr\u00e1ctica cl\u00ednica diaria.<\/p>\n<\/div>\n<hr \/>\n<p><!--\n\n\n<h4>Impartido por: Montserrat Sorli Ivern<\/h4>\n\n\nTerapeuta cu\u00e1ntica, con m\u00e1s de 30 a\u00f1os de experiencia. Empresaria de un negocio de cosm\u00e9tica natural. Terapeuta y Medium Canalizadora. Formaci\u00f3n en Naturopat\u00eda, reflexolog\u00eda, auriculoterapia, kinesiolog\u00eda, acupuntura, cromoterapia , esencias florales, maestra de Reiki.--><\/p>\n[\/vc_column_text][\/vc_column][\/vc_row]\n","protected":false},"excerpt":{"rendered":"<p>Modalidad presencial. (Talleres a escoger)<br \/>\n<strong>S\u00e1bado 6 de junio 2026.<br \/>\nHorario: de 10 a 14 y de 15 a 18h.<br \/>\n<\/strong><\/p>\n<hr \/>\n<p><strong>Precio: <\/strong>130\u20ac. Reserva: 60\u20ac (a abonar en el momento de formalizar tu inscripci\u00f3n) + 70\u20ac, a abonar el d\u00eda del curso, en efectivo o tarjeta.<\/p>\n<hr \/>\n<p>El\u00a0objetivo es mejorar la precisi\u00f3n diagn\u00f3stica y la eficacia terap\u00e9utica,&#8230; (<a href=\"#tab-description\">Ver m\u00e1s informaci\u00f3n<\/a>)<\/p>\n","protected":false},"featured_media":32086,"comment_status":"open","ping_status":"closed","template":"","meta":{"_joinchat":[]},"product_brand":[],"product_cat":[617,89,98,179,199],"product_tag":[390,389,824,388],"class_list":{"0":"post-32082","1":"product","2":"type-product","3":"status-publish","4":"has-post-thumbnail","6":"product_cat-imagenes-profesores","7":"product_cat-terapias-manuales","8":"product_cat-cursos","9":"product_cat-cursos-presenciales","10":"product_cat-presencial-junio","11":"product_tag-cromo","12":"product_tag-cromoterapia","13":"product_tag-luz","14":"product_tag-montserrat-sorli-ivern","16":"first","17":"instock","18":"purchasable","19":"product-type-simple"},"_links":{"self":[{"href":"https:\/\/tienda.ismet.es\/index.php\/wp-json\/wp\/v2\/product\/32082","targetHints":{"allow":["GET"]}}],"collection":[{"href":"https:\/\/tienda.ismet.es\/index.php\/wp-json\/wp\/v2\/product"}],"about":[{"href":"https:\/\/tienda.ismet.es\/index.php\/wp-json\/wp\/v2\/types\/product"}],"replies":[{"embeddable":true,"href":"https:\/\/tienda.ismet.es\/index.php\/wp-json\/wp\/v2\/comments?post=32082"}],"wp:featuredmedia":[{"embeddable":true,"href":"https:\/\/tienda.ismet.es\/index.php\/wp-json\/wp\/v2\/media\/32086"}],"wp:attachment":[{"href":"https:\/\/tienda.ismet.es\/index.php\/wp-json\/wp\/v2\/media?parent=32082"}],"wp:term":[{"taxonomy":"product_brand","embeddable":true,"href":"https:\/\/tienda.ismet.es\/index.php\/wp-json\/wp\/v2\/product_brand?post=32082"},{"taxonomy":"product_cat","embeddable":true,"href":"https:\/\/tienda.ismet.es\/index.php\/wp-json\/wp\/v2\/product_cat?post=32082"},{"taxonomy":"product_tag","embeddable":true,"href":"https:\/\/tienda.ismet.es\/index.php\/wp-json\/wp\/v2\/product_tag?post=32082"}],"curies":[{"name":"wp","href":"https:\/\/api.w.org\/{rel}","templated":true}]}}