{"id":30519,"date":"2025-10-23T15:41:32","date_gmt":"2025-10-23T14:41:32","guid":{"rendered":"https:\/\/tienda.ismet.es\/?post_type=product&#038;p=30519"},"modified":"2026-03-27T11:11:45","modified_gmt":"2026-03-27T10:11:45","slug":"masaje-rejuvenecimiento-facial-japones-nivel-iv-con-ana-sanchez","status":"publish","type":"product","link":"https:\/\/tienda.ismet.es\/index.php\/producto\/masaje-rejuvenecimiento-facial-japones-nivel-iv-con-ana-sanchez\/","title":{"rendered":"&#8211; Masaje rejuvenecimiento facial japon\u00e9s nivel IV"},"content":{"rendered":"[vc_row][vc_column][vc_video link=&#8221;https:\/\/www.youtube.com\/watch?v=Pd8U0syx1Pk&#8221;][vc_column_text]\n<hr \/>\n<div class=\"woocommerce-product-details__short-description\">\n<p>El masaje de rejuvenecimiento facial japon\u00e9s fue desarrollado para aumentar la salud y la longevidad, poniendo \u00e9nfasis en la prevenci\u00f3n antes que en la cura. Correctamente administrado, aumenta la belleza (ayuda a prevenir arrugas y manchas de edad), remueve toxinas del rostro y equilibra el Chi o energ\u00eda vital para mejorar la salud general. Este masaje es un tratamiento facial de rejuvenecimiento de gran alcance.<\/p>\n<p>Es una rama de la Medicina Tradicional Japonesa, como Anma y la Acupuntura. Una combinaci\u00f3n profunda de conceptos m\u00e9dicos asi\u00e1ticos tradicionales y de t\u00e9cnicas faciales japonesas tradicionales del masaje. Ayuda a liberar la energ\u00eda y la tensi\u00f3n bloqueada en los m\u00fasculos faciales, principales y del cuello. El masaje ayuda a rejuvenecer y reparar el tejido facial y previene y reduce el impacto del proceso del envejecimiento. Con un tacto r\u00e1pido y r\u00edtmico, se estimula el sistema nervioso, se mejora la circulaci\u00f3n de la sangre y el flujo linf\u00e1tico, se consolidan y se entonan los m\u00fasculos, y se equilibra el flujo de la energ\u00eda en la cara.<\/p>\n<\/div>\n<hr \/>\n<h4>Programa del Curso<\/h4>\n<p>\u2705 Superior: Lifting sin Cirug\u00eda Est\u00e9tica con Shiatsu en rostro<br \/>\nEn este taller el masaje facial japon\u00e9s se combina con terapia del meridiano y de los puntos para estimular suavemente los nervios faciales. Este est\u00edmulo ayuda a restablecer el equilibrio f\u00edsico, psicol\u00f3gico y espiritual. El est\u00edmulo de Acupoint es uno de los mejores m\u00e9todos para prevenir las arrugas reductoras y ayuda a mantener un aspecto facial joven, radiante y sano. Adem\u00e1s de mejorar el aspecto y la salud del tejido fino facial, la combinaci\u00f3n del est\u00edmulo del acupoint y del masaje facial japon\u00e9s da lugar a una relajaci\u00f3n profunda del cuerpo-mente.<\/p>\n<hr \/>\n<p><!--\n\n\n<h4>Impartido por: Ana S\u00e1nchez Alba<\/h4>\n\n\nFormadora de la T\u00e9cnica de Rejuvenecimiento facial japon\u00e9s. Ponente y divulgadora de esta t\u00e9cnica, en ferias del sector (COSMOBEAUTY Barcelona). Formaci\u00f3n especializada en t\u00e9cnicas y tratamientos de est\u00e9tica Facial, en multireflexolog\u00edas Dien Chan y Facioest\u00e9tica Chan\u2019beaut\u00e9. Tambi\u00e9n es T\u00e9cnica en Herbodiet\u00e9tica y \u00e1reas de Naturopat\u00eda, especializada en asesoramiento nutricional. Tambi\u00e9n est\u00e1 especializada en t\u00e9cnicas de PNL, Coaching e inteligencia emocional. Actualmente combina su trabajo en consulta\/cabina con la docencia.-->[\/vc_column_text][\/vc_column][\/vc_row]\n","protected":false},"excerpt":{"rendered":"<p>Modalidad presencial. <span style=\"color: #7f7dd1;\" data-darkreader-inline-color=\"\"><strong><br \/>\nLifting sin cirug\u00eda est\u00e9tica con shiatsu 12h<br \/>\n. S\u00e1bado 11 y domingo 12 de abril 2026. Horario: s\u00e1bado, de 9 a 14 y de 15 a 18 h. domingo, de 9 a 13 h.<br \/>\n. lunes 8 y 15 de junio 2026. Horario: de 9 a 15 horas.<br \/>\n<\/strong><\/span><\/p>\n<hr \/>\n<p>Precio: 175\u20ac. Es necesario reservar y abonar el 50\u20ac del importe del curso a modo de reserva de plaza.<\/p>\n<hr \/>\n<p>En este taller el masaje facial japon\u00e9s se combina con terapia del meridiano y de los puntos para estimular suavemente los nervios faciales. (<a href=\"#tab-description\">Ver m\u00e1s informaci\u00f3n<\/a>)<\/p>\n","protected":false},"featured_media":31639,"comment_status":"open","ping_status":"closed","template":"","meta":{"_joinchat":[]},"product_brand":[],"product_cat":[617,182,98,179,197,199],"product_tag":[363,947,364,946,392,440,948,949],"class_list":{"0":"post-30519","1":"product","2":"type-product","3":"status-publish","4":"has-post-thumbnail","6":"product_cat-imagenes-profesores","7":"product_cat-wellness-y-estetica","8":"product_cat-cursos","9":"product_cat-cursos-presenciales","10":"product_cat-presencial-abril","11":"product_cat-presencial-junio","12":"product_tag-kobido","13":"product_tag-lifting","14":"product_tag-masaje-rejuvenecimiento","15":"product_tag-nivel-iv","16":"product_tag-rejuvenecimiento","17":"product_tag-shiatsu","18":"product_tag-sin-cirugia","19":"product_tag-superior","20":"pa_ediciones-edicion-enero","21":"pa_ediciones-edicion-febrero","22":"pa_ediciones-edicion-marzo","23":"pa_ediciones-edicion-abril","24":"pa_ediciones-edicion-mayo","25":"pa_ediciones-edicion-junio","26":"pa_ediciones-edicion-julio","27":"pa_ediciones-edicion-septiembre","28":"pa_ediciones-edicion-noviembre","30":"first","31":"instock","32":"purchasable","33":"product-type-variable"},"_links":{"self":[{"href":"https:\/\/tienda.ismet.es\/index.php\/wp-json\/wp\/v2\/product\/30519","targetHints":{"allow":["GET"]}}],"collection":[{"href":"https:\/\/tienda.ismet.es\/index.php\/wp-json\/wp\/v2\/product"}],"about":[{"href":"https:\/\/tienda.ismet.es\/index.php\/wp-json\/wp\/v2\/types\/product"}],"replies":[{"embeddable":true,"href":"https:\/\/tienda.ismet.es\/index.php\/wp-json\/wp\/v2\/comments?post=30519"}],"wp:featuredmedia":[{"embeddable":true,"href":"https:\/\/tienda.ismet.es\/index.php\/wp-json\/wp\/v2\/media\/31639"}],"wp:attachment":[{"href":"https:\/\/tienda.ismet.es\/index.php\/wp-json\/wp\/v2\/media?parent=30519"}],"wp:term":[{"taxonomy":"product_brand","embeddable":true,"href":"https:\/\/tienda.ismet.es\/index.php\/wp-json\/wp\/v2\/product_brand?post=30519"},{"taxonomy":"product_cat","embeddable":true,"href":"https:\/\/tienda.ismet.es\/index.php\/wp-json\/wp\/v2\/product_cat?post=30519"},{"taxonomy":"product_tag","embeddable":true,"href":"https:\/\/tienda.ismet.es\/index.php\/wp-json\/wp\/v2\/product_tag?post=30519"}],"curies":[{"name":"wp","href":"https:\/\/api.w.org\/{rel}","templated":true}]}}

&#8211; Masaje rejuvenecimiento facial japonés nivel IV

[vc_row][vc_column][vc_video link=&#8221;https://www.youtube.com/watch?v=Pd8U0syx1Pk&#8221;][vc_column_text]
<hr />
<div class="woocommerce-product-details__short-description">
<p>El masaje de rejuvenecimiento facial japonés fue desarrollado para aumentar la salud y la longevidad, poniendo énfasis en la prevención antes que en la cura. Correctamente administrado, aumenta la belleza (ayuda a prevenir arrugas y manchas de edad), remueve toxinas del rostro y equilibra el Chi o energía vital para mejorar la salud general. Este masaje es un tratamiento facial de rejuvenecimiento de gran alcance.</p>
<p>Es una rama de la Medicina Tradicional Japonesa, como Anma y la Acupuntura. Una combinación profunda de conceptos médicos asiáticos tradicionales y de técnicas faciales japonesas tradicionales del masaje. Ayuda a liberar la energía y la tensión bloqueada en los músculos faciales, principales y del cuello. El masaje ayuda a rejuvenecer y reparar el tejido facial y previene y reduce el impacto del proceso del envejecimiento. Con un tacto rápido y rítmico, se estimula el sistema nervioso, se mejora la circulación de la sangre y el flujo linfático, se consolidan y se entonan los músculos, y se equilibra el flujo de la energía en la cara.</p>
</div>
<hr />
<h4>Programa del Curso</h4>
<p>✅ Superior: Lifting sin Cirugía Estética con Shiatsu en rostro<br />
En este taller el masaje facial japonés se combina con terapia del meridiano y de los puntos para estimular suavemente los nervios faciales. Este estímulo ayuda a restablecer el equilibrio físico, psicológico y espiritual. El estímulo de Acupoint es uno de los mejores métodos para prevenir las arrugas reductoras y ayuda a mantener un aspecto facial joven, radiante y sano. Además de mejorar el aspecto y la salud del tejido fino facial, la combinación del estímulo del acupoint y del masaje facial japonés da lugar a una relajación profunda del cuerpo-mente.</p>
<hr />
<p><!--


<h4>Impartido por: Ana Sánchez Alba</h4>


Formadora de la Técnica de Rejuvenecimiento facial japonés. Ponente y divulgadora de esta técnica, en ferias del sector (COSMOBEAUTY Barcelona). Formación especializada en técnicas y tratamientos de estética Facial, en multireflexologías Dien Chan y Facioestética Chan’beauté. También es Técnica en Herbodietética y áreas de Naturopatía, especializada en asesoramiento nutricional. También está especializada en técnicas de PNL, Coaching e inteligencia emocional. Actualmente combina su trabajo en consulta/cabina con la docencia.-->[/vc_column_text][/vc_column][/vc_row]

<p>Modalidad presencial. <span style="color: #7f7dd1;" data-darkreader-inline-color=""><strong><br />
Lifting sin cirugía estética con shiatsu 12h<br />
. Sábado 11 y domingo 12 de abril 2026. Horario: sábado, de 9 a 14 y de 15 a 18 h. domingo, de 9 a 13 h.<br />
. lunes 8 y 15 de junio 2026. Horario: de 9 a 15 horas.<br />
</strong></span></p>
<hr />
<p>Precio: 175€. Es necesario reservar y abonar el 50€ del importe del curso a modo de reserva de plaza.</p>
<hr />
<p>En este taller el masaje facial japonés se combina con terapia del meridiano y de los puntos para estimular suavemente los nervios faciales. (<a href="#tab-description">Ver más información</a>)</p>
