{"id":30476,"date":"2025-10-17T10:40:29","date_gmt":"2025-10-17T09:40:29","guid":{"rendered":"https:\/\/tienda.ismet.es\/?post_type=product&#038;p=30476"},"modified":"2026-03-23T10:12:57","modified_gmt":"2026-03-23T09:12:57","slug":"bruxismo-y-articulacion-atm-con-el-dr-jordi-sagrera","status":"publish","type":"product","link":"https:\/\/tienda.ismet.es\/index.php\/producto\/bruxismo-y-articulacion-atm-con-el-dr-jordi-sagrera\/","title":{"rendered":"&#8211; Abordaje terap\u00e9utico \u201cno invasivo\u201d bruxismo y articulaci\u00f3n ATM, con Dr. Jordi Sagrera"},"content":{"rendered":"[vc_row][vc_column][vc_video link=&#8221;&#8221;][vc_column_text]\n<hr \/>\n<div class=\"woocommerce-product-details__short-description\">\n<p>El bruxismo es una de las condiciones m\u00e1s frecuentes y complejas en el \u00e1mbito de la terapia manual. En este taller intensivo de 4 sesiones, aprender\u00e1s a\u00a0<strong>identificar, explorar y tratar de manera efectiva\u00a0<\/strong>los trastornos derivados del bruxismo, utilizando t\u00e9cnicas manuales de \u00faltima generaci\u00f3n que te permitir\u00e1n ofrecer\u00a0<strong>soluciones r\u00e1pidas y efectivas<\/strong>\u00a0a tus clientes.<\/p>\n<p>Este curso est\u00e1 dise\u00f1ado para proporcionar una formaci\u00f3n pr\u00e1ctica, centrada en el manejo terap\u00e9utico del bruxismo a trav\u00e9s de un enfoque integral que incluye\u00a0<strong>t\u00e9cnicas musculares, articulares y fasciales<\/strong>.<\/p>\n<hr \/>\n<div class=\"elementor-element elementor-element-ff8b59b elementor-widget elementor-widget-heading\" data-id=\"ff8b59b\" data-element_type=\"widget\" data-widget_type=\"heading.default\">\n<div class=\"elementor-widget-container\">\n<h3 class=\"elementor-heading-title elementor-size-default\">Programa del curso<\/h3>\n<\/div>\n<\/div>\n<div class=\"elementor-element elementor-element-b3bfc0f elementor-widget elementor-widget-text-editor\" data-id=\"b3bfc0f\" data-element_type=\"widget\" data-widget_type=\"text-editor.default\">\n<div class=\"elementor-widget-container\">\n<ul>\n<li>Concepto y palpaci\u00f3n m\u00fasculos y articulaci\u00f3n ATM<br \/>\nExploraci\u00f3n muscular y articular<br \/>\nExploraci\u00f3n bloqueo cervical<br \/>\nExploraci\u00f3n de cierre, apertura y diducci\u00f3n bucal<\/li>\n<li><b>T\u00e9cnicas de Tratamiento<\/b><br \/>\nTrazos fasciales<br \/>\nMasaje maseteros y temporal<br \/>\nEstiramientos musculares faciales<br \/>\nMaes maseteros y temporal<br \/>\nEPI maseteros y temporal<br \/>\nMovilizaci\u00f3n C0C1 dec\u00fabito y sedestaci\u00f3n<br \/>\nT\u00e9cnica Mitchell para diducci\u00f3n<br \/>\nT\u00e9cnicas de apertura, cierre y diducci\u00f3n<br \/>\nT\u00e9cnicas articulares para ATM<br \/>\nEPI escalenos, trapecio y elevador esc\u00e1pula<br \/>\nMovilizaci\u00f3n toalla cervical<br \/>\nEstiramiento muscular cervical<br \/>\nT\u00e9cnica Mitchell bloqueo cervical<br \/>\nMovimientos finales de relajaci\u00f3n<\/li>\n<\/ul>\n<\/div>\n<\/div>\n<hr \/>\n[\/vc_column_text][\/vc_column][\/vc_row]\n<\/div>\n","protected":false},"excerpt":{"rendered":"<p>Modalidad presencial. <span style=\"color: #7f7dd1;\" data-darkreader-inline-color=\"\"><strong><br \/>\nS\u00e1bado 9 de mayo 2026.<br \/>\nHorario: de 10 a 14 y de 15 a 18h.<\/strong><\/span><\/p>\n<hr \/>\n<p>Precio: 130\u20ac. Reserva de plaza: 60\u20ac (a abonar en el momento de formalizar tu inscripci\u00f3n) + 70\u20ac, a abonar el d\u00eda del curso, en efectivo o tarjeta.<\/p>\n<hr \/>\n<p>&#8230; (<a href=\"#tab-description\">Ver m\u00e1s informaci\u00f3n<\/a>)<\/p>\n","protected":false},"featured_media":31713,"comment_status":"open","ping_status":"closed","template":"","meta":{"_joinchat":[]},"product_brand":[],"product_cat":[617,89,98,179,198],"product_tag":[943,743,379,944,236,547,387],"class_list":{"0":"post-30476","1":"product","2":"type-product","3":"status-publish","4":"has-post-thumbnail","6":"product_cat-imagenes-profesores","7":"product_cat-terapias-manuales","8":"product_cat-cursos","9":"product_cat-cursos-presenciales","10":"product_cat-presencial-mayo","11":"product_tag-articulacion-atm","12":"product_tag-atm","13":"product_tag-bruxismo","14":"product_tag-dr-jordi-sagrera","15":"product_tag-dr-sagrera","16":"product_tag-jordi-sagrera","17":"product_tag-tecnicas-manuales","18":"pa_ediciones-edicion-diciembre","19":"pa_ediciones-edicion-enero","20":"pa_ediciones-edicion-febrero","21":"pa_ediciones-edicion-marzo","22":"pa_ediciones-edicion-abril","23":"pa_ediciones-edicion-mayo","24":"pa_ediciones-edicion-junio","25":"pa_ediciones-edicion-julio","26":"pa_ediciones-edicion-agosto","27":"pa_ediciones-edicion-septiembre","28":"pa_ediciones-edicion-octubre","29":"pa_ediciones-edicion-noviembre","30":"pa_modalidad-online","32":"first","33":"instock","34":"purchasable","35":"product-type-simple"},"_links":{"self":[{"href":"https:\/\/tienda.ismet.es\/index.php\/wp-json\/wp\/v2\/product\/30476","targetHints":{"allow":["GET"]}}],"collection":[{"href":"https:\/\/tienda.ismet.es\/index.php\/wp-json\/wp\/v2\/product"}],"about":[{"href":"https:\/\/tienda.ismet.es\/index.php\/wp-json\/wp\/v2\/types\/product"}],"replies":[{"embeddable":true,"href":"https:\/\/tienda.ismet.es\/index.php\/wp-json\/wp\/v2\/comments?post=30476"}],"wp:featuredmedia":[{"embeddable":true,"href":"https:\/\/tienda.ismet.es\/index.php\/wp-json\/wp\/v2\/media\/31713"}],"wp:attachment":[{"href":"https:\/\/tienda.ismet.es\/index.php\/wp-json\/wp\/v2\/media?parent=30476"}],"wp:term":[{"taxonomy":"product_brand","embeddable":true,"href":"https:\/\/tienda.ismet.es\/index.php\/wp-json\/wp\/v2\/product_brand?post=30476"},{"taxonomy":"product_cat","embeddable":true,"href":"https:\/\/tienda.ismet.es\/index.php\/wp-json\/wp\/v2\/product_cat?post=30476"},{"taxonomy":"product_tag","embeddable":true,"href":"https:\/\/tienda.ismet.es\/index.php\/wp-json\/wp\/v2\/product_tag?post=30476"}],"curies":[{"name":"wp","href":"https:\/\/api.w.org\/{rel}","templated":true}]}}

&#8211; Abordaje terapéutico “no invasivo” bruxismo y articulación ATM, con Dr. Jordi Sagrera

[vc_row][vc_column][vc_video link=&#8221;&#8221;][vc_column_text]
<hr />
<div class="woocommerce-product-details__short-description">
<p>El bruxismo es una de las condiciones más frecuentes y complejas en el ámbito de la terapia manual. En este taller intensivo de 4 sesiones, aprenderás a <strong>identificar, explorar y tratar de manera efectiva </strong>los trastornos derivados del bruxismo, utilizando técnicas manuales de última generación que te permitirán ofrecer <strong>soluciones rápidas y efectivas</strong> a tus clientes.</p>
<p>Este curso está diseñado para proporcionar una formación práctica, centrada en el manejo terapéutico del bruxismo a través de un enfoque integral que incluye <strong>técnicas musculares, articulares y fasciales</strong>.</p>
<hr />
<div class="elementor-element elementor-element-ff8b59b elementor-widget elementor-widget-heading" data-id="ff8b59b" data-element_type="widget" data-widget_type="heading.default">
<div class="elementor-widget-container">
<h3 class="elementor-heading-title elementor-size-default">Programa del curso</h3>
</div>
</div>
<div class="elementor-element elementor-element-b3bfc0f elementor-widget elementor-widget-text-editor" data-id="b3bfc0f" data-element_type="widget" data-widget_type="text-editor.default">
<div class="elementor-widget-container">
<ul>
<li>Concepto y palpación músculos y articulación ATM<br />
Exploración muscular y articular<br />
Exploración bloqueo cervical<br />
Exploración de cierre, apertura y diducción bucal</li>
<li><b>Técnicas de Tratamiento</b><br />
Trazos fasciales<br />
Masaje maseteros y temporal<br />
Estiramientos musculares faciales<br />
Maes maseteros y temporal<br />
EPI maseteros y temporal<br />
Movilización C0C1 decúbito y sedestación<br />
Técnica Mitchell para diducción<br />
Técnicas de apertura, cierre y diducción<br />
Técnicas articulares para ATM<br />
EPI escalenos, trapecio y elevador escápula<br />
Movilización toalla cervical<br />
Estiramiento muscular cervical<br />
Técnica Mitchell bloqueo cervical<br />
Movimientos finales de relajación</li>
</ul>
</div>
</div>
<hr />
[/vc_column_text][/vc_column][/vc_row]
</div>

<p>Modalidad presencial. <span style="color: #7f7dd1;" data-darkreader-inline-color=""><strong><br />
Sábado 9 de mayo 2026.<br />
Horario: de 10 a 14 y de 15 a 18h.</strong></span></p>
<hr />
<p>Precio: 130€. Reserva de plaza: 60€ (a abonar en el momento de formalizar tu inscripción) + 70€, a abonar el día del curso, en efectivo o tarjeta.</p>
<hr />
<p>&#8230; (<a href="#tab-description">Ver más información</a>)</p>
