{"id":30338,"date":"2025-10-03T10:50:34","date_gmt":"2025-10-03T09:50:34","guid":{"rendered":"https:\/\/tienda.ismet.es\/?post_type=product&#038;p=30338"},"modified":"2026-01-19T12:24:17","modified_gmt":"2026-01-19T11:24:17","slug":"estres-oxidativo-responsable-del-envejecimiento-precoz","status":"publish","type":"product","link":"https:\/\/tienda.ismet.es\/index.php\/producto\/estres-oxidativo-responsable-del-envejecimiento-precoz\/","title":{"rendered":"&#8211; Estr\u00e9s oxidativo responsable del envejecimiento precoz"},"content":{"rendered":"[vc_row][vc_column][vc_video link=&#8221;https:\/\/youtu.be\/AhOQmOcGJRU&#8221;][vc_column_text]\n<hr \/>\n<div class=\"woocommerce-product-details__short-description\">\n<p>El <strong>estr\u00e9s oxidativo<\/strong> constituye uno de los principales procesos biol\u00f3gicos implicados en el envejecimiento y el deterioro funcional de los organismos vivos. Se produce cuando existe un desequilibrio entre la generaci\u00f3n de radicales libres (especies reactivas de ox\u00edgeno y nitr\u00f3geno) y la capacidad defensiva de los antioxidantes end\u00f3genos y ex\u00f3genos.<br \/>\nEste fen\u00f3meno est\u00e1 estrechamente relacionado con el envejecimiento celular: los radicales libres da\u00f1an l\u00edpidos de membrana, prote\u00ednas estructurales y funcionales, \u00e1cidos nucleicos y otras mol\u00e9culas cr\u00edticas. Dicho da\u00f1o acumulativo acelera la p\u00e9rdida de funciones fisiol\u00f3gicas, afectando no solo a la apariencia externa, sino tambi\u00e9n a tejidos, \u00f3rganos, v\u00edsceras, funciones metab\u00f3licas y sentidos. Aunque el control del estr\u00e9s oxidativo no detiene el paso del tiempo, s\u00ed permite envejecer de forma m\u00e1s saludable y retardar la aparici\u00f3n de enfermedades asociadas.<\/p>\n<p>&nbsp;<\/p>\n<hr \/>\n<p>BENEFICIOS DE ASISTIR A ESTE CURSO<\/p>\n<p>Brinda al profesional de la salud un conocimiento actualizado y aplicable sobre la <strong>fisiopatolog\u00eda del estr\u00e9s oxidativo, sus implicaciones en el envejecimiento y las herramientas de \u00faltima generaci\u00f3n terap\u00e9uticas basadas en antioxidantes<\/strong> para la pr\u00e1ctica cl\u00ednica diaria.<\/p>\n<hr \/>\n<p><!--\n\n\n<h4>Impartido por: Dr. Jaume Garrit<\/h4>\n\n\nFisioterapeuta, Natur\u00f3pata, Ex profesor Universitat UAB, \u201cVenia Docenti\u201d por la Universidad de Bellaterra. Es experto en Fitoterapia y est\u00e1 especializado en Hidroterapia de colon.--><\/p>\n[\/vc_column_text][\/vc_column][\/vc_row]\n<\/div>\n","protected":false},"excerpt":{"rendered":"<p><span style=\"color: #7f7dd1;\" data-darkreader-inline-color=\"\"><strong><br \/>\nProgramando fechas.<\/p>\n<p><\/strong><\/span><\/p>\n<hr \/>\n<p>El estr\u00e9s oxidativo constituye uno de los principales procesos biol\u00f3gicos implicados en el envejecimiento&#8230; (<a href=\"#tab-description\">Ver m\u00e1s informaci\u00f3n<\/a>)<\/p>\n","protected":false},"featured_media":30347,"comment_status":"open","ping_status":"closed","template":"","meta":{"_joinchat":[]},"product_brand":[],"product_cat":[617,82,92,98,179,194],"product_tag":[940,531,939,721,360,720,722,871],"class_list":{"0":"post-30338","1":"product","2":"type-product","3":"status-publish","4":"has-post-thumbnail","6":"product_cat-imagenes-profesores","7":"product_cat-naturopatia","8":"product_cat-crecimiento-personal","9":"product_cat-cursos","10":"product_cat-cursos-presenciales","11":"product_cat-presencial-noviembre","12":"product_tag-envejecimiento-precoz","13":"product_tag-estres","14":"product_tag-estres-oxidativo","15":"product_tag-hlb","16":"product_tag-jaume-garrit","17":"product_tag-microscopia-hlb","18":"product_tag-microscopio","19":"product_tag-tecnica-microscopia","20":"pa_ediciones-edicion-diciembre","21":"pa_ediciones-edicion-enero","22":"pa_ediciones-edicion-febrero","23":"pa_ediciones-edicion-marzo","24":"pa_ediciones-edicion-abril","25":"pa_ediciones-edicion-mayo","26":"pa_ediciones-edicion-junio","27":"pa_ediciones-edicion-julio","28":"pa_ediciones-edicion-agosto","29":"pa_ediciones-edicion-septiembre","30":"pa_ediciones-edicion-octubre","31":"pa_ediciones-edicion-noviembre","32":"pa_modalidad-online","34":"first","35":"outofstock","36":"purchasable","37":"product-type-simple"},"_links":{"self":[{"href":"https:\/\/tienda.ismet.es\/index.php\/wp-json\/wp\/v2\/product\/30338","targetHints":{"allow":["GET"]}}],"collection":[{"href":"https:\/\/tienda.ismet.es\/index.php\/wp-json\/wp\/v2\/product"}],"about":[{"href":"https:\/\/tienda.ismet.es\/index.php\/wp-json\/wp\/v2\/types\/product"}],"replies":[{"embeddable":true,"href":"https:\/\/tienda.ismet.es\/index.php\/wp-json\/wp\/v2\/comments?post=30338"}],"wp:featuredmedia":[{"embeddable":true,"href":"https:\/\/tienda.ismet.es\/index.php\/wp-json\/wp\/v2\/media\/30347"}],"wp:attachment":[{"href":"https:\/\/tienda.ismet.es\/index.php\/wp-json\/wp\/v2\/media?parent=30338"}],"wp:term":[{"taxonomy":"product_brand","embeddable":true,"href":"https:\/\/tienda.ismet.es\/index.php\/wp-json\/wp\/v2\/product_brand?post=30338"},{"taxonomy":"product_cat","embeddable":true,"href":"https:\/\/tienda.ismet.es\/index.php\/wp-json\/wp\/v2\/product_cat?post=30338"},{"taxonomy":"product_tag","embeddable":true,"href":"https:\/\/tienda.ismet.es\/index.php\/wp-json\/wp\/v2\/product_tag?post=30338"}],"curies":[{"name":"wp","href":"https:\/\/api.w.org\/{rel}","templated":true}]}}

&#8211; Estrés oxidativo responsable del envejecimiento precoz

[vc_row][vc_column][vc_video link=&#8221;https://youtu.be/AhOQmOcGJRU&#8221;][vc_column_text]
<hr />
<div class="woocommerce-product-details__short-description">
<p>El <strong>estrés oxidativo</strong> constituye uno de los principales procesos biológicos implicados en el envejecimiento y el deterioro funcional de los organismos vivos. Se produce cuando existe un desequilibrio entre la generación de radicales libres (especies reactivas de oxígeno y nitrógeno) y la capacidad defensiva de los antioxidantes endógenos y exógenos.<br />
Este fenómeno está estrechamente relacionado con el envejecimiento celular: los radicales libres dañan lípidos de membrana, proteínas estructurales y funcionales, ácidos nucleicos y otras moléculas críticas. Dicho daño acumulativo acelera la pérdida de funciones fisiológicas, afectando no solo a la apariencia externa, sino también a tejidos, órganos, vísceras, funciones metabólicas y sentidos. Aunque el control del estrés oxidativo no detiene el paso del tiempo, sí permite envejecer de forma más saludable y retardar la aparición de enfermedades asociadas.</p>
<p>&nbsp;</p>
<hr />
<p>BENEFICIOS DE ASISTIR A ESTE CURSO</p>
<p>Brinda al profesional de la salud un conocimiento actualizado y aplicable sobre la <strong>fisiopatología del estrés oxidativo, sus implicaciones en el envejecimiento y las herramientas de última generación terapéuticas basadas en antioxidantes</strong> para la práctica clínica diaria.</p>
<hr />
<p><!--


<h4>Impartido por: Dr. Jaume Garrit</h4>


Fisioterapeuta, Naturópata, Ex profesor Universitat UAB, “Venia Docenti” por la Universidad de Bellaterra. Es experto en Fitoterapia y está especializado en Hidroterapia de colon.--></p>
[/vc_column_text][/vc_column][/vc_row]
</div>

<p><span style="color: #7f7dd1;" data-darkreader-inline-color=""><strong><br />
Programando fechas.</p>
<p></strong></span></p>
<hr />
<p>El estrés oxidativo constituye uno de los principales procesos biológicos implicados en el envejecimiento&#8230; (<a href="#tab-description">Ver más información</a>)</p>
