{"id":28599,"date":"2025-04-09T09:42:13","date_gmt":"2025-04-09T08:42:13","guid":{"rendered":"https:\/\/tienda.ismet.es\/?post_type=product&#038;p=28599"},"modified":"2026-03-05T11:21:01","modified_gmt":"2026-03-05T10:21:01","slug":"kinesiotape-aplicado-a-la-estetica","status":"publish","type":"product","link":"https:\/\/tienda.ismet.es\/index.php\/producto\/kinesiotape-aplicado-a-la-estetica\/","title":{"rendered":"&#8211; Kinesiotape aplicado a la est\u00e9tica"},"content":{"rendered":"[vc_row][vc_column][vc_video link=&#8221;https:\/\/www.youtube.com\/embed\/x46SdrNlUy8&#8243;][vc_column_text]\n<hr \/>\n<div class=\"woocommerce-product-details__short-description\">\n<p><b>Beneficios kinesiotape en est\u00e9tica<\/b><br \/>\nPrincipales beneficios de la t\u00e9cnica de kinesiotape aplicado en tratamientos est\u00e9ticos:<br \/>\n\u2705 Mejora la firmeza y tonicidad de la piel: Ideal para tratar flacidez facial y corporal.<br \/>\n\u2705 Reducci\u00f3n de la celulitis: Estimula el drenaje linf\u00e1tico y mejora la apariencia de la piel de naranja.<br \/>\n\u2705 Estiramiento muscular: Ayuda a aliviar tensiones musculares y mejora la postura, lo que tambi\u00e9n se traduce en una piel m\u00e1s suave y tonificada.<br \/>\n\u2705 Estimulaci\u00f3n de la circulaci\u00f3n: Favorece la oxigenaci\u00f3n de los tejidos, promoviendo la renovaci\u00f3n celular.<br \/>\n\u2705 Efecto lifting natural: Favorece la elasticidad y firmeza de la piel sin procedimientos invasivos.<br \/>\n\u2705 Recuperaci\u00f3n post-tratamientos est\u00e9ticos: Mejora la cicatrizaci\u00f3n y reduce la inflamaci\u00f3n post-procedimiento.<\/p>\n<\/div>\n<hr \/>\n<h4>Programa del Curso<\/h4>\n<ol>\n<li>CUERPO<br \/>\nHistoria y descripci\u00f3n del Kinesiotape.<br \/>\nCaracter\u00edsticas y modo de uso.<br \/>\nAnatom\u00eda aplicada al kinesiotape en cuerpo.<br \/>\nBeneficios y precauciones de uso.<br \/>\nT\u00e9cnicas de aplicaci\u00f3n, forma en I, Y, X, O, pulpo, red, farolillo chino.<br \/>\nPr\u00e1ctica completa de todas las aplicaciones est\u00e9ticas en cuerpo:<br \/>\nAplicaciones para el drenaje linf\u00e1tico. Se trabaja mala circulaci\u00f3n, edema e hinchaz\u00f3n en piernas, pies, brazos, manos y abdomen.<br \/>\nAplicaciones para la correcci\u00f3n postural. Principalmente se trabaja la aplicaci\u00f3n en espalda.<br \/>\nAplicaciones para elevar. Se aprenden las aplicaciones para elevar y tonificar senos, brazos, gl\u00fateos, rodillas y piernas.<br \/>\nAplicaciones para reducir volumen y celulitis de piernas, gl\u00fateos y vientre.<br \/>\nAplicaciones para mejorar el estado de cicatrices, suavizar el dolor muscular.<br \/>\nAplicaciones para tonificar y eliminar la flacidez en piernas, gl\u00fateos, abdomen, brazos y senos.<\/li>\n<li>ROSTRO<br \/>\nHistoria y descripci\u00f3n del Kinesiotape.<br \/>\nCaracter\u00edsticas y modo de uso.<br \/>\nAnatom\u00eda aplicada al kinesiotape en rostro.<br \/>\nBeneficios y precauciones de uso.<br \/>\nEstudio de los 4 tipos de envejecimiento de la cara.<br \/>\nT\u00e9cnicas de aplicaci\u00f3n, forma en I, Y, X, O, pulpo, red, farolillo chino.<br \/>\nPr\u00e1ctica completa de todas las aplicaciones est\u00e9ticas en rostro:<br \/>\nAplicaciones para el drenaje linf\u00e1tico, en cuello, mejillas, bolsas de los ojos, escote, doble ment\u00f3n, senos nasales y paranasales.<br \/>\nAplicaciones para elevar. Se aprenden aplicaciones en p\u00f3mulos, p\u00e1rpados, frente, mejillas, escote, \u00f3valo.<br \/>\nAplicaciones de efecto lifting, para eliminar arrugas y l\u00edneas de expresi\u00f3n. Se trabajan las aplicaciones de frente, entrecejo, ojos y \u201cpatas de gallo\u201d, l\u00edneas de las mejillas, surco nasogeniano, l\u00edneas marioneta, nariz, boca, labios y \u201cc\u00f3digo de barra\u201d, ment\u00f3n, l\u00edneas del cuello \u201canillos de venus\u201d.<\/li>\n<\/ol>\n<hr \/>\n<p><!--\n\n\n<h4>Impartido por: Clara Gasperini.<\/h4>\n\n\nQuiromasajista, Linfoterapeuta, Auriculoterapeuta y Reflex\u00f3loga Podal. Terapeuta Manual y de Est\u00e9tica Natural. Especializada en Terapias Manuales de Bienestar y Ayurveda, masajes, terapias y coach de Nutrici\u00f3n Ayurv\u00e9dica. Experta universitaria en Filosof\u00edas Orientales (por Uni Roma II) y Filosof\u00eda del Yoga, considera las t\u00e9cnicas de respiraci\u00f3n, relajaci\u00f3n y reeducaci\u00f3n postural herramientas necesarias para el mantenimiento y restablecimiento de la salud. Profesora de Yoga, Masaje Tailand\u00e9s y de Estiramientos Terap\u00e9uticos. Desde el 2008 se dedica a las Terapias Naturales y al Crecimiento Personal. Trabaja como Terapeuta Manual, Coach de la Salud y Profesora de Yoga en su estudio de Barcelona.\n--><\/p>\n[\/vc_column_text][\/vc_column][\/vc_row]\n","protected":false},"excerpt":{"rendered":"<p>Modalidad presencial. <span style=\"color: #7f7dd1;\" data-darkreader-inline-color=\"\"><br \/>\n<strong>S\u00e1bado 11 y domingo 12 de abril 2026.<\/strong><br \/>\n<strong>Horario: de 9:15 a 15:15h.<\/strong><br \/>\n<\/span><\/p>\n<p>Precio especial: 195\u20ac. Se abonar\u00e1 de la siguiente manera: Reserva plaza: 65\u20ac, y 130\u20ac restantes se abonar\u00e1n el 1er d\u00eda del curso, antes de empezar, en efectivo o tarjeta.<\/p>\n<hr \/>\n<p>Estimulaci\u00f3n de la circulaci\u00f3n: Favorece la oxigenaci\u00f3n de los tejidos, promoviendo la renovaci\u00f3n celular&#8230;(<a href=\"#tab-description\">Ver m\u00e1s informaci\u00f3n<\/a>)<\/p>\n","protected":false},"featured_media":29517,"comment_status":"open","ping_status":"closed","template":"","meta":{"_joinchat":[]},"product_brand":[],"product_cat":[617,89,182,98,179,197],"product_tag":[355,344,924,564,356,357,923,337],"class_list":{"0":"post-28599","1":"product","2":"type-product","3":"status-publish","4":"has-post-thumbnail","6":"product_cat-imagenes-profesores","7":"product_cat-terapias-manuales","8":"product_cat-wellness-y-estetica","9":"product_cat-cursos","10":"product_cat-cursos-presenciales","11":"product_cat-presencial-abril","12":"product_tag-clara-gasperini","13":"product_tag-estetica","14":"product_tag-kinesiotape","15":"product_tag-madero","16":"product_tag-maderoterapia-facial","17":"product_tag-masaje","18":"product_tag-tape","19":"product_tag-wellness","21":"first","22":"instock","23":"virtual","24":"purchasable","25":"product-type-simple"},"_links":{"self":[{"href":"https:\/\/tienda.ismet.es\/index.php\/wp-json\/wp\/v2\/product\/28599","targetHints":{"allow":["GET"]}}],"collection":[{"href":"https:\/\/tienda.ismet.es\/index.php\/wp-json\/wp\/v2\/product"}],"about":[{"href":"https:\/\/tienda.ismet.es\/index.php\/wp-json\/wp\/v2\/types\/product"}],"replies":[{"embeddable":true,"href":"https:\/\/tienda.ismet.es\/index.php\/wp-json\/wp\/v2\/comments?post=28599"}],"wp:featuredmedia":[{"embeddable":true,"href":"https:\/\/tienda.ismet.es\/index.php\/wp-json\/wp\/v2\/media\/29517"}],"wp:attachment":[{"href":"https:\/\/tienda.ismet.es\/index.php\/wp-json\/wp\/v2\/media?parent=28599"}],"wp:term":[{"taxonomy":"product_brand","embeddable":true,"href":"https:\/\/tienda.ismet.es\/index.php\/wp-json\/wp\/v2\/product_brand?post=28599"},{"taxonomy":"product_cat","embeddable":true,"href":"https:\/\/tienda.ismet.es\/index.php\/wp-json\/wp\/v2\/product_cat?post=28599"},{"taxonomy":"product_tag","embeddable":true,"href":"https:\/\/tienda.ismet.es\/index.php\/wp-json\/wp\/v2\/product_tag?post=28599"}],"curies":[{"name":"wp","href":"https:\/\/api.w.org\/{rel}","templated":true}]}}