{"id":26580,"date":"2024-11-25T09:58:36","date_gmt":"2024-11-25T08:58:36","guid":{"rendered":"https:\/\/tienda.ismet.es\/?post_type=product&#038;p=26580"},"modified":"2025-11-20T13:51:36","modified_gmt":"2025-11-20T12:51:36","slug":"masaje-japones-shiatsu_dolores-de-espalda","status":"publish","type":"product","link":"https:\/\/tienda.ismet.es\/index.php\/producto\/masaje-japones-shiatsu_dolores-de-espalda\/","title":{"rendered":"&#8211; Masaje japon\u00e9s shiatsu en dolores de espalda"},"content":{"rendered":"[vc_row][vc_column][vc_video link=&#8221;https:\/\/youtu.be\/V-oUr8vY4NQ&#8221;][vc_column_text]\n<div class=\"woocommerce-product-details__short-description\">\n<hr \/>\n<h4 class=\"titular\"><\/h4>\n<p><!--\n\n\n<h4>Impartido por: Miguel L\u00f3pez Alarc\u00f3n<\/h4>\n\n\nShiatsu terapeuta y t\u00e9cnicas japonesas-Diplomado en MTCH (Acupuntura) y terapias tradicionales chinas. D.A.P de COFENAT. Formaci\u00f3n complementaria en Quiropr\u00e1ctica, Kinesiolog\u00eda y Oligoterapia.--><\/p>\n<h4 class=\"titular\">Beneficios del Shiatsu para el dolor de espalda<\/h4>\n<p><a id=\"programa\" name=\"programa\"><\/a><br \/>\nBeneficios del Shiatsu para el dolor de espalda:<br \/>\n\u2705 Alivio de la tensi\u00f3n muscular: Relaja los m\u00fasculos contra\u00eddos y mejora la circulaci\u00f3n sangu\u00ednea.<br \/>\n\u2705 Reducci\u00f3n del estr\u00e9s y la ansiedad: Muchas veces, el dolor de espalda tiene un componente emocional.<br \/>\n\u2705 Mejora la movilidad: Libera bloqueos energ\u00e9ticos y favorece la flexibilidad.<br \/>\n\u2705 Estimula la circulaci\u00f3n sangu\u00ednea y linf\u00e1tica: Lo que ayuda a reducir la inflamaci\u00f3n y acelerar la recuperaci\u00f3n.<br \/>\n\u2705 Equilibra el flujo de energ\u00eda (Ki o Chi): Seg\u00fan la medicina tradicional china, el dolor puede ser causado por un desequilibrio energ\u00e9tico.<\/p>\n<p>\u00bfPara qu\u00e9 tipo de dolores de espalda es \u00fatil el masaje japon\u00e9s Shiatsu?<br \/>\n\u2714 Contracturas musculares por estr\u00e9s o malas posturas.<br \/>\n\u2714 Lumbalgias leves a moderadas.<br \/>\n\u2714 Dolores cervicales y tensi\u00f3n en hombros.<br \/>\n\u2714 Fatiga muscular despu\u00e9s de ejercicio o largas horas de trabajo.<\/p>\n[\/vc_column_text][\/vc_column][\/vc_row]\n<\/div>\n","protected":false},"excerpt":{"rendered":"<p>Modalidad presencial. <span style=\"color: #7f7dd1;\" data-darkreader-inline-color=\"\"><br \/>\n<strong>Programando fechas<\/strong><\/span><\/p>\n<hr \/>\n<p>Precio total: 130\u20ac.<br \/>\nPromoci\u00f3n SHIATSU BELLEZA: 65\u20ac*<br \/>\n*precio especial para inscripciones que tambi\u00e9n formalicen reserva de plaza para el curso Masaje japon\u00e9s shiatsu en cuello, cr\u00e1neo y cara. <\/p>\n<hr \/>\n<p>Tambi\u00e9n practicaremos los estiramientos que se combinan habitualmente en un tratamiento de shiatsu terap\u00e9utico con el objetivo de aliviar el lumbago&#8230; (<a href=\"#tab-description\">Ver m\u00e1s informaci\u00f3n<\/a>)<\/p>\n","protected":false},"featured_media":26581,"comment_status":"open","ping_status":"closed","template":"","meta":{"_joinchat":[]},"product_brand":[],"product_cat":[617,89,98,179],"product_tag":[909,357,908,239,440,534,446,519],"class_list":{"0":"post-26580","1":"product","2":"type-product","3":"status-publish","4":"has-post-thumbnail","6":"product_cat-imagenes-profesores","7":"product_cat-terapias-manuales","8":"product_cat-cursos","9":"product_cat-cursos-presenciales","10":"product_tag-dolores-de-espalda","11":"product_tag-masaje","12":"product_tag-masaje-japones","13":"product_tag-miguel-lopez","14":"product_tag-shiatsu","15":"product_tag-shiatsu-en-silla","16":"product_tag-tecnicas-japonesas","17":"product_tag-terapia-manual","19":"first","20":"outofstock","21":"purchasable","22":"product-type-simple"},"_links":{"self":[{"href":"https:\/\/tienda.ismet.es\/index.php\/wp-json\/wp\/v2\/product\/26580","targetHints":{"allow":["GET"]}}],"collection":[{"href":"https:\/\/tienda.ismet.es\/index.php\/wp-json\/wp\/v2\/product"}],"about":[{"href":"https:\/\/tienda.ismet.es\/index.php\/wp-json\/wp\/v2\/types\/product"}],"replies":[{"embeddable":true,"href":"https:\/\/tienda.ismet.es\/index.php\/wp-json\/wp\/v2\/comments?post=26580"}],"wp:featuredmedia":[{"embeddable":true,"href":"https:\/\/tienda.ismet.es\/index.php\/wp-json\/wp\/v2\/media\/26581"}],"wp:attachment":[{"href":"https:\/\/tienda.ismet.es\/index.php\/wp-json\/wp\/v2\/media?parent=26580"}],"wp:term":[{"taxonomy":"product_brand","embeddable":true,"href":"https:\/\/tienda.ismet.es\/index.php\/wp-json\/wp\/v2\/product_brand?post=26580"},{"taxonomy":"product_cat","embeddable":true,"href":"https:\/\/tienda.ismet.es\/index.php\/wp-json\/wp\/v2\/product_cat?post=26580"},{"taxonomy":"product_tag","embeddable":true,"href":"https:\/\/tienda.ismet.es\/index.php\/wp-json\/wp\/v2\/product_tag?post=26580"}],"curies":[{"name":"wp","href":"https:\/\/api.w.org\/{rel}","templated":true}]}}