{"id":25276,"date":"2024-09-19T11:51:48","date_gmt":"2024-09-19T10:51:48","guid":{"rendered":"https:\/\/tienda.ismet.es\/?post_type=product&#038;p=25276"},"modified":"2026-03-11T10:32:08","modified_gmt":"2026-03-11T09:32:08","slug":"dolor-con-suplementos-y-nutricion-integrativa","status":"publish","type":"product","link":"https:\/\/tienda.ismet.es\/index.php\/producto\/dolor-con-suplementos-y-nutricion-integrativa\/","title":{"rendered":"&#8211; Suplementos y nutrici\u00f3n integrativa para el dolor"},"content":{"rendered":"[vc_row][vc_column][vc_video link=&#8221;https:\/\/youtu.be\/yc7wOzu1oHQ&#8221;][vc_column_text]\n<div class=\"woocommerce-product-details__short-description\">\n<hr \/>\n<h4>Objetivos<\/h4>\n<ul>\n<li>El dolor es la manifestaci\u00f3n cl\u00ednica m\u00e1s frecuente en la consulta m\u00e9dica, representando m\u00e1s de la mitad de las visitas a urgencias y capaz de aumentar de una manera considerable el n\u00famero de d\u00edas de hospitalizaci\u00f3n.<\/li>\n<li>Se sabe que m\u00e1s de 8 millones de espa\u00f1oles lo sufren de alguna manera, y un tercio de \u00e9stos vivir\u00e1\u0301 padeci\u00e9ndolo el resto de su vida.<\/li>\n<li>Es la causa m\u00e1s com\u00fan de absentismo laboral en Espa\u00f1a, siendo el dolor cr\u00f3nico la causa que m\u00e1s gasto provoca en la atenci\u00f3n sociosanitaria superando a las enfermedades cardiovasculares y al propio c\u00e1ncer.<\/li>\n<li>Hemos querido realizar un esfuerzo de concreci\u00f3n en un campo del cual apenas se encuentra informaci\u00f3n en el Campo Formativo\u2026 a saber nos referimos al c\u00f3mo poder influir en el dolor y especialmente el dolor cr\u00f3nico con Suplementos y Nutrici\u00f3n Integrativas.<\/li>\n<li>Ofrecemos inicialmente datos epidemiol\u00f3gicos, estudios del dolor, una visi\u00f3n del dolor en las culturas, tipos y v\u00edas de dolor diferentes abordajes terap\u00e9uticos del dolor, sugerencias pr\u00e1cticas para la valoraci\u00f3n del paciente en consulta, etc.<\/li>\n<li>Despu\u00e9s, hemos acudido a las fuentes m\u00e1s avanzadas en Suplementaci\u00f3n y Nutriterapia para presentar una completa miscel\u00e1nea de Dietas y Suplementos \u00fatiles en el acompa\u00f1amiento del Dolor.<\/li>\n<li>Finalmente, el curso desemboca en Protocolos muy pr\u00e1cticos y concretos con productos actuales de mercado, su imagen, presentaciones, composici\u00f3n, precauciones, dosis y precio que resultan ser unas \u201cfichas\u201d pr\u00e1cticas como recordatorio y abordaje de las principales patolog\u00edas que cursan de una manera especial con dolor.<\/li>\n<\/ul>\n<\/div>\n<hr \/>\n<h4>Programa del curso<\/h4>\n<p><span style=\"color: #0000ff;\"><strong><a style=\"color: #0000ff;\" href=\"https:\/\/ismet.es\/?p=66124&amp;preview=true\">Ver aqu\u00ed\u00a0<\/a><\/strong><\/span><\/p>\n<hr \/>\n<p><!--\n\n\n<h4>Impartido por: Enric Ser<\/h4>\n\n\nDiplomado en Terapias Naturales (Universidad Aut\u00f3noma de Barcelona y por el Real centro Universitario Reina M\u00aa Cristina de Madrid). Dr. in Naturopathy por la American University of Natural Medic (Florida\/EUA). T\u00e9cnica Higienista por Nature et Vie (Lorient-France). Profesor titular del \u00e1rea de Terapia Ortomolecular en ISMET. Profesor colaborador en diversos cursos Posgrado de la Escuela Universitaria de Ciencias de la Salud de Vic (Barcelona) y de la Escuela de Enfermer\u00eda Gimbernat (Sant Cugat-Barcelona). Autor de diversos libros ya publicados de Terapia Biol\u00f3gica e Historia de la Medicina y ex-colaborador de distintas publicaciones del sector (Cuerpomente, Vital, Vivir con salud, Diet\u00e9tica y salud). Premio Nacional de Investigaci\u00f3n Educativa del Ministerio de Educaci\u00f3n y Ciencia.-->[\/vc_column_text][\/vc_column][\/vc_row]\n","protected":false},"excerpt":{"rendered":"<p>Modalidad online<span style=\"color: #7f7dd1;\" data-darkreader-inline-color=\"\"><strong><br \/>\n\u2022 Del 2 al 31 de marzo 2026.<br \/>\n\u2022 Del 1 al 30 de abril 2026.<br \/>\n\u2022 Del 4 al 31 de mayo 2026.<br \/>\n\u2022 Del 1 al 30 de junio 2026.<br \/>\n\u2022 Del 1 al 30 de julio 2026.<br \/>\n<\/strong><\/span><\/p>\n<hr \/>\n<p>(<a href=\"#tab-description\">Ver m\u00e1s informaci\u00f3n<\/a>)<\/p>\n","protected":false},"featured_media":25285,"comment_status":"open","ping_status":"closed","template":"","meta":{"_joinchat":[]},"product_brand":[],"product_cat":[223,617,82,184,98,180,201,205,202,203,204],"product_tag":[436,328,796,327,575],"class_list":{"0":"post-25276","1":"product","2":"type-product","3":"status-publish","4":"has-post-thumbnail","6":"product_cat-black-friday","7":"product_cat-imagenes-profesores","8":"product_cat-naturopatia","9":"product_cat-alimentacion-saludable","10":"product_cat-cursos","11":"product_cat-online","12":"product_cat-online-marzo","13":"product_cat-online-abril","14":"product_cat-online-mayo","15":"product_cat-online-junio","16":"product_cat-online-julio","17":"product_tag-dolor","18":"product_tag-nutricion","19":"product_tag-nutricion-integrativa","20":"product_tag-suplementacion","21":"product_tag-suplementos","22":"pa_ediciones-edicion-diciembre","23":"pa_ediciones-edicion-enero","24":"pa_ediciones-edicion-febrero","25":"pa_ediciones-edicion-marzo","26":"pa_ediciones-edicion-abril","27":"pa_ediciones-edicion-mayo","28":"pa_ediciones-edicion-junio","29":"pa_ediciones-edicion-julio","31":"first","32":"instock","33":"purchasable","34":"product-type-variable"},"_links":{"self":[{"href":"https:\/\/tienda.ismet.es\/index.php\/wp-json\/wp\/v2\/product\/25276","targetHints":{"allow":["GET"]}}],"collection":[{"href":"https:\/\/tienda.ismet.es\/index.php\/wp-json\/wp\/v2\/product"}],"about":[{"href":"https:\/\/tienda.ismet.es\/index.php\/wp-json\/wp\/v2\/types\/product"}],"replies":[{"embeddable":true,"href":"https:\/\/tienda.ismet.es\/index.php\/wp-json\/wp\/v2\/comments?post=25276"}],"wp:featuredmedia":[{"embeddable":true,"href":"https:\/\/tienda.ismet.es\/index.php\/wp-json\/wp\/v2\/media\/25285"}],"wp:attachment":[{"href":"https:\/\/tienda.ismet.es\/index.php\/wp-json\/wp\/v2\/media?parent=25276"}],"wp:term":[{"taxonomy":"product_brand","embeddable":true,"href":"https:\/\/tienda.ismet.es\/index.php\/wp-json\/wp\/v2\/product_brand?post=25276"},{"taxonomy":"product_cat","embeddable":true,"href":"https:\/\/tienda.ismet.es\/index.php\/wp-json\/wp\/v2\/product_cat?post=25276"},{"taxonomy":"product_tag","embeddable":true,"href":"https:\/\/tienda.ismet.es\/index.php\/wp-json\/wp\/v2\/product_tag?post=25276"}],"curies":[{"name":"wp","href":"https:\/\/api.w.org\/{rel}","templated":true}]}}

&#8211; Suplementos y nutrición integrativa para el dolor

[vc_row][vc_column][vc_video link=&#8221;https://youtu.be/yc7wOzu1oHQ&#8221;][vc_column_text]
<div class="woocommerce-product-details__short-description">
<hr />
<h4>Objetivos</h4>
<ul>
<li>El dolor es la manifestación clínica más frecuente en la consulta médica, representando más de la mitad de las visitas a urgencias y capaz de aumentar de una manera considerable el número de días de hospitalización.</li>
<li>Se sabe que más de 8 millones de españoles lo sufren de alguna manera, y un tercio de éstos vivirá́ padeciéndolo el resto de su vida.</li>
<li>Es la causa más común de absentismo laboral en España, siendo el dolor crónico la causa que más gasto provoca en la atención sociosanitaria superando a las enfermedades cardiovasculares y al propio cáncer.</li>
<li>Hemos querido realizar un esfuerzo de concreción en un campo del cual apenas se encuentra información en el Campo Formativo… a saber nos referimos al cómo poder influir en el dolor y especialmente el dolor crónico con Suplementos y Nutrición Integrativas.</li>
<li>Ofrecemos inicialmente datos epidemiológicos, estudios del dolor, una visión del dolor en las culturas, tipos y vías de dolor diferentes abordajes terapéuticos del dolor, sugerencias prácticas para la valoración del paciente en consulta, etc.</li>
<li>Después, hemos acudido a las fuentes más avanzadas en Suplementación y Nutriterapia para presentar una completa miscelánea de Dietas y Suplementos útiles en el acompañamiento del Dolor.</li>
<li>Finalmente, el curso desemboca en Protocolos muy prácticos y concretos con productos actuales de mercado, su imagen, presentaciones, composición, precauciones, dosis y precio que resultan ser unas “fichas” prácticas como recordatorio y abordaje de las principales patologías que cursan de una manera especial con dolor.</li>
</ul>
</div>
<hr />
<h4>Programa del curso</h4>
<p><span style="color: #0000ff;"><strong><a style="color: #0000ff;" href="https://ismet.es/?p=66124&amp;preview=true">Ver aquí </a></strong></span></p>
<hr />
<p><!--


<h4>Impartido por: Enric Ser</h4>


Diplomado en Terapias Naturales (Universidad Autónoma de Barcelona y por el Real centro Universitario Reina Mª Cristina de Madrid). Dr. in Naturopathy por la American University of Natural Medic (Florida/EUA). Técnica Higienista por Nature et Vie (Lorient-France). Profesor titular del área de Terapia Ortomolecular en ISMET. Profesor colaborador en diversos cursos Posgrado de la Escuela Universitaria de Ciencias de la Salud de Vic (Barcelona) y de la Escuela de Enfermería Gimbernat (Sant Cugat-Barcelona). Autor de diversos libros ya publicados de Terapia Biológica e Historia de la Medicina y ex-colaborador de distintas publicaciones del sector (Cuerpomente, Vital, Vivir con salud, Dietética y salud). Premio Nacional de Investigación Educativa del Ministerio de Educación y Ciencia.-->[/vc_column_text][/vc_column][/vc_row]

<p>Modalidad online<span style="color: #7f7dd1;" data-darkreader-inline-color=""><strong><br />
• Del 2 al 31 de marzo 2026.<br />
• Del 1 al 30 de abril 2026.<br />
• Del 4 al 31 de mayo 2026.<br />
• Del 1 al 30 de junio 2026.<br />
• Del 1 al 30 de julio 2026.<br />
</strong></span></p>
<hr />
<p>(<a href="#tab-description">Ver más información</a>)</p>
