{"id":19523,"date":"2023-09-12T10:15:11","date_gmt":"2023-09-12T09:15:11","guid":{"rendered":"https:\/\/tienda.ismet.es\/?post_type=product&#038;p=19523"},"modified":"2026-03-11T10:55:38","modified_gmt":"2026-03-11T09:55:38","slug":"suplementos-y-nutricion-integrativa-en-enfermedades-reumaticas","status":"publish","type":"product","link":"https:\/\/tienda.ismet.es\/index.php\/producto\/suplementos-y-nutricion-integrativa-en-enfermedades-reumaticas\/","title":{"rendered":"&#8211; Suplementos y nutrici\u00f3n integrativa en enfermedades reum\u00e1ticas"},"content":{"rendered":"[vc_row][vc_column][vc_video link=&#8221;https:\/\/youtu.be\/exToKXgUksc&#8221;][vc_column_text]\n<div class=\"woocommerce-product-details__short-description\">\n<hr \/>\n<h4>Objetivos<\/h4>\n<p>Nuestro objetivo es el estudio de lo que ha venido desmostrando a trav\u00e9s de incontables estudios (algunos de los cuales ser\u00e1n mostrados a lo largo del curso) la nutriterapia y la terapia fito-ortomolecular \u00f3 micronutrici\u00f3n en torno a:\u00a0 lo que s\u00ed conviene comer en estos procesos y dietas de tratamiento; lo que no conviene comer en ellos; los suplementos y aportes nutricionales beneficiosos en estos casos as\u00ed como los aportes de terapias afines tales como la fitoterapia, la homeopat\u00eda, la oligoterapia, las biosales, etc\u2026<br \/>\nDaremos a nuestro curso un marcado car\u00e1cter interactivo que invite a la participaci\u00f3n de sus componentes pudi\u00e9ndose plantear, dentro de lo razonable, otras terap\u00e9uticas a petici\u00f3n del alumnado.<\/p>\n<\/div>\n<hr \/>\n<h4>Programa del Curso<\/h4>\n<ol>\n<li>Breve historia de la Reumatolog\u00eda<br \/>\nEpidemiolog\u00eda de las Enfermedades Reum\u00e1ticas en la sociedad (Estudio EPISER, 2002) de la Sociedad<br \/>\nEspa\u00f1ola de Reumatolog\u00eda (SER). Datos Cl\u00ednicos del sistema Nal. de Salud (2020).<br \/>\nRecordatorio Anat\u00f3mico del sistema osteoarticular: cart\u00edlago articular, membrana sinovial, ligamentos, tendones, huesos, articulaciones,\u2026<br \/>\nClasificaci\u00f3n de las ENFERMEDADES REUM\u00c1TICAS<br \/>\nEnfermedades difusas del tejido conectivo: la ARTRITIS REUMATOIDE. Tratamiento Convencional y Tratamiento por Terapia Fito-Ortomolecular y Terapias Afines (Homeopat\u00eda, Oligoterapia, Biosales, \u2026)<br \/>\nEnfermedades por desgaste e inflamaci\u00f3n: LA ARTROSIS (OSTEOARTRITIS). Tratamiento Convencional y Tratamiento por Terapia Fito- Ortomolecular y Terapias Afines (Homeopat\u00eda, Oligoterapia, Biosales,\u2026)<br \/>\nEnfermedades por reumatismo extracelular<br \/>\nmiscel\u00e1neo:<br \/>\nTENDINITIS Tratamiento Convencional y Tratamiento por Terapia Fito-Ortomolecular y Terapias Afines (Homeopat\u00eda, Oligoterapia,<br \/>\nBiosales,\u2026).<br \/>\nFIBROMIALGIA (FM) Tratamiento Convencional y Tratamiento por Terapia Fito-Ortomolecular y Terapias Afines (Homeopat\u00eda, Oligoterapia, Biosales,\u2026).<br \/>\nS\u00cdNDROME DE FATIGA CR\u00d3NICA (SFC)<br \/>\nTratamiento Convencional y Tratamiento por Terapia Fito-Ortomolecular y Terapias Afines (Homeopat\u00eda, Oligoterapia, Biosales,\u2026).<br \/>\nAnexos diversos:<br \/>\nPreparados Ortomoleculares de \u00daltima Generaci\u00f3n<br \/>\nPreparados Homeop\u00e1ticos de demostrada eficacia<br \/>\nDieta Ancestral del Dr. Jean Seignalet<br \/>\nEstudio de \u00c1cidos Grasos<br \/>\nDieta Depurativa en Reumatolog\u00eda<br \/>\nEl Sistema \u00d3steoarticular desde la Medicina<br \/>\nEnerg\u00e9tica Oriental<br \/>\nBibliograf\u00eda y Webgraf\u00eda<br \/>\nLos Buenos Contactos<\/li>\n<\/ol>\n<hr \/>\n<p><!--\n\n\n<h4>Impartido por: Enric Ser<\/h4>\n\n\nDiplomado en Terapias Naturales (Universidad Aut\u00f3noma de Barcelona y por el Real centro Universitario Reina M\u00aa Cristina de Madrid). Dr. in Naturopathy por la American University of Natural Medic (Florida\/EUA). T\u00e9cnica Higienista por Nature et Vie (Lorient-France). Profesor titular del \u00e1rea de Terapia Ortomolecular en ISMET. Profesor colaborador en diversos cursos Posgrado de la Escuela Universitaria de Ciencias de la Salud de Vic (Barcelona) y de la Escuela de Enfermer\u00eda Gimbernat (Sant Cugat-Barcelona). Autor de diversos libros ya publicados de Terapia Biol\u00f3gica e Historia de la Medicina y ex-colaborador de distintas publicaciones del sector (Cuerpomente, Vital, Vivir con salud, Diet\u00e9tica y salud). Premio Nacional de Investigaci\u00f3n Educativa del Ministerio de Educaci\u00f3n y Ciencia.-->[\/vc_column_text][\/vc_column][\/vc_row]\n","protected":false},"excerpt":{"rendered":"<p>Modalidad online. (fechas a escoger)<span style=\"color: #7f7dd1;\" data-darkreader-inline-color=\"\"><strong><br \/>\n\u2022 Del 2 al 31 de marzo 2026.<br \/>\n\u2022 Del 1 al 30 de abril 2026.<br \/>\n\u2022 Del 4 al 31 de mayo 2026.<br \/>\n\u2022 Del 1 al 30 de junio 2026.<br \/>\n\u2022 Del 1 al 30 de julio 2026.<\/strong><\/span><\/p>\n<p>&nbsp;<\/p>\n<hr \/>\n<p>Daremos a nuestro curso un marcado car\u00e1cter interactivo que invite a la participaci\u00f3n de sus componentes pudi\u00e9ndose plantear, dentro de lo razonable, otras terap\u00e9uticas a petici\u00f3n del alumnado&#8230;. (<a href=\"#tab-description\">Ver m\u00e1s informaci\u00f3n<\/a>)<\/p>\n","protected":false},"featured_media":19528,"comment_status":"open","ping_status":"closed","template":"","meta":{"_joinchat":[]},"product_brand":[],"product_cat":[223,617,82,184,98,180,201,205,202,203,204],"product_tag":[795,219,328,796,794,327],"class_list":{"0":"post-19523","1":"product","2":"type-product","3":"status-publish","4":"has-post-thumbnail","6":"product_cat-black-friday","7":"product_cat-imagenes-profesores","8":"product_cat-naturopatia","9":"product_cat-alimentacion-saludable","10":"product_cat-cursos","11":"product_cat-online","12":"product_cat-online-marzo","13":"product_cat-online-abril","14":"product_cat-online-mayo","15":"product_cat-online-junio","16":"product_cat-online-julio","17":"product_tag-enfermedades-reumaticas","18":"product_tag-enric-ser","19":"product_tag-nutricion","20":"product_tag-nutricion-integrativa","21":"product_tag-reuma","22":"product_tag-suplementacion","23":"pa_ediciones-edicion-diciembre","24":"pa_ediciones-edicion-enero","25":"pa_ediciones-edicion-febrero","26":"pa_ediciones-edicion-marzo","27":"pa_ediciones-edicion-abril","28":"pa_ediciones-edicion-mayo","29":"pa_ediciones-edicion-junio","30":"pa_ediciones-edicion-julio","32":"first","33":"instock","34":"purchasable","35":"product-type-variable"},"_links":{"self":[{"href":"https:\/\/tienda.ismet.es\/index.php\/wp-json\/wp\/v2\/product\/19523","targetHints":{"allow":["GET"]}}],"collection":[{"href":"https:\/\/tienda.ismet.es\/index.php\/wp-json\/wp\/v2\/product"}],"about":[{"href":"https:\/\/tienda.ismet.es\/index.php\/wp-json\/wp\/v2\/types\/product"}],"replies":[{"embeddable":true,"href":"https:\/\/tienda.ismet.es\/index.php\/wp-json\/wp\/v2\/comments?post=19523"}],"wp:featuredmedia":[{"embeddable":true,"href":"https:\/\/tienda.ismet.es\/index.php\/wp-json\/wp\/v2\/media\/19528"}],"wp:attachment":[{"href":"https:\/\/tienda.ismet.es\/index.php\/wp-json\/wp\/v2\/media?parent=19523"}],"wp:term":[{"taxonomy":"product_brand","embeddable":true,"href":"https:\/\/tienda.ismet.es\/index.php\/wp-json\/wp\/v2\/product_brand?post=19523"},{"taxonomy":"product_cat","embeddable":true,"href":"https:\/\/tienda.ismet.es\/index.php\/wp-json\/wp\/v2\/product_cat?post=19523"},{"taxonomy":"product_tag","embeddable":true,"href":"https:\/\/tienda.ismet.es\/index.php\/wp-json\/wp\/v2\/product_tag?post=19523"}],"curies":[{"name":"wp","href":"https:\/\/api.w.org\/{rel}","templated":true}]}}

&#8211; Suplementos y nutrición integrativa en enfermedades reumáticas

[vc_row][vc_column][vc_video link=&#8221;https://youtu.be/exToKXgUksc&#8221;][vc_column_text]
<div class="woocommerce-product-details__short-description">
<hr />
<h4>Objetivos</h4>
<p>Nuestro objetivo es el estudio de lo que ha venido desmostrando a través de incontables estudios (algunos de los cuales serán mostrados a lo largo del curso) la nutriterapia y la terapia fito-ortomolecular ó micronutrición en torno a:  lo que sí conviene comer en estos procesos y dietas de tratamiento; lo que no conviene comer en ellos; los suplementos y aportes nutricionales beneficiosos en estos casos así como los aportes de terapias afines tales como la fitoterapia, la homeopatía, la oligoterapia, las biosales, etc…<br />
Daremos a nuestro curso un marcado carácter interactivo que invite a la participación de sus componentes pudiéndose plantear, dentro de lo razonable, otras terapéuticas a petición del alumnado.</p>
</div>
<hr />
<h4>Programa del Curso</h4>
<ol>
<li>Breve historia de la Reumatología<br />
Epidemiología de las Enfermedades Reumáticas en la sociedad (Estudio EPISER, 2002) de la Sociedad<br />
Española de Reumatología (SER). Datos Clínicos del sistema Nal. de Salud (2020).<br />
Recordatorio Anatómico del sistema osteoarticular: cartílago articular, membrana sinovial, ligamentos, tendones, huesos, articulaciones,…<br />
Clasificación de las ENFERMEDADES REUMÁTICAS<br />
Enfermedades difusas del tejido conectivo: la ARTRITIS REUMATOIDE. Tratamiento Convencional y Tratamiento por Terapia Fito-Ortomolecular y Terapias Afines (Homeopatía, Oligoterapia, Biosales, …)<br />
Enfermedades por desgaste e inflamación: LA ARTROSIS (OSTEOARTRITIS). Tratamiento Convencional y Tratamiento por Terapia Fito- Ortomolecular y Terapias Afines (Homeopatía, Oligoterapia, Biosales,…)<br />
Enfermedades por reumatismo extracelular<br />
misceláneo:<br />
TENDINITIS Tratamiento Convencional y Tratamiento por Terapia Fito-Ortomolecular y Terapias Afines (Homeopatía, Oligoterapia,<br />
Biosales,…).<br />
FIBROMIALGIA (FM) Tratamiento Convencional y Tratamiento por Terapia Fito-Ortomolecular y Terapias Afines (Homeopatía, Oligoterapia, Biosales,…).<br />
SÍNDROME DE FATIGA CRÓNICA (SFC)<br />
Tratamiento Convencional y Tratamiento por Terapia Fito-Ortomolecular y Terapias Afines (Homeopatía, Oligoterapia, Biosales,…).<br />
Anexos diversos:<br />
Preparados Ortomoleculares de Última Generación<br />
Preparados Homeopáticos de demostrada eficacia<br />
Dieta Ancestral del Dr. Jean Seignalet<br />
Estudio de Ácidos Grasos<br />
Dieta Depurativa en Reumatología<br />
El Sistema Ósteoarticular desde la Medicina<br />
Energética Oriental<br />
Bibliografía y Webgrafía<br />
Los Buenos Contactos</li>
</ol>
<hr />
<p><!--


<h4>Impartido por: Enric Ser</h4>


Diplomado en Terapias Naturales (Universidad Autónoma de Barcelona y por el Real centro Universitario Reina Mª Cristina de Madrid). Dr. in Naturopathy por la American University of Natural Medic (Florida/EUA). Técnica Higienista por Nature et Vie (Lorient-France). Profesor titular del área de Terapia Ortomolecular en ISMET. Profesor colaborador en diversos cursos Posgrado de la Escuela Universitaria de Ciencias de la Salud de Vic (Barcelona) y de la Escuela de Enfermería Gimbernat (Sant Cugat-Barcelona). Autor de diversos libros ya publicados de Terapia Biológica e Historia de la Medicina y ex-colaborador de distintas publicaciones del sector (Cuerpomente, Vital, Vivir con salud, Dietética y salud). Premio Nacional de Investigación Educativa del Ministerio de Educación y Ciencia.-->[/vc_column_text][/vc_column][/vc_row]

<p>Modalidad online. (fechas a escoger)<span style="color: #7f7dd1;" data-darkreader-inline-color=""><strong><br />
• Del 2 al 31 de marzo 2026.<br />
• Del 1 al 30 de abril 2026.<br />
• Del 4 al 31 de mayo 2026.<br />
• Del 1 al 30 de junio 2026.<br />
• Del 1 al 30 de julio 2026.</strong></span></p>
<p>&nbsp;</p>
<hr />
<p>Daremos a nuestro curso un marcado carácter interactivo que invite a la participación de sus componentes pudiéndose plantear, dentro de lo razonable, otras terapéuticas a petición del alumnado&#8230;. (<a href="#tab-description">Ver más información</a>)</p>
