{"id":1858,"date":"2018-09-04T13:41:13","date_gmt":"2018-09-04T12:41:13","guid":{"rendered":"https:\/\/tienda.ismet.es\/index.php\/producto\/qi-gong-teraputico\/"},"modified":"2025-04-23T09:47:48","modified_gmt":"2025-04-23T08:47:48","slug":"qi-gong-teraputico","status":"publish","type":"product","link":"https:\/\/tienda.ismet.es\/index.php\/producto\/qi-gong-teraputico\/","title":{"rendered":"&#8211; Qi Gong terap\u00e9utico"},"content":{"rendered":"[vc_row][vc_column][vc_video link=&#8221;https:\/\/www.youtube.com\/watch?v=9GnXbklZR6A&#8221;][vc_column_text]\n<div class=\"woocommerce-product-details__short-description\">\n<p>El t\u00e9rmino Qi Gong o Chi Kung se podr\u00eda traducir como: trabajo de la energ\u00eda, donde la palabra Qi (en este caso) se refiere a la energ\u00eda vital que recorre nuestro cuerpo y \u00abGong\u00bb hace referencia al trabajo o los beneficios obtenidos mediante la pr\u00e1ctica.<br \/>\nConsiste en un sistema hol\u00edstico de auto- curaci\u00f3n que incluye diversas rutinas como: respiraci\u00f3n, meditaci\u00f3n, automasaje, ejercicios din\u00e1micos y posturas est\u00e1ticas entre otros.<\/p>\n<hr \/>\n<h4>Objetivos<\/h4>\n<p>Introducirse en el estudio y la pr\u00e1ctica de este arte milenario que se utiliza con el fin de mejorar la salud psicof\u00edsica de las personas. C\u00f3mo terapeutas, conocer los beneficios de cada serie de movimientos, posturas o respiraciones para indicar a los pacientes cu\u00e1l de ellas se adapta mejor a su situaci\u00f3n de salud.<\/p>\n<\/div>\n<hr \/>\n<h4>Programa del Curso<\/h4>\n<ol>\n<li>Breve historia e introducci\u00f3n<\/li>\n<li>Estilos de Qi Gong<\/li>\n<li>Fang Song: el arte de relajarse<\/li>\n<li>Posturas est\u00e1ticas: Wu Ji y Zhang Zhuang ( estar de pie como un \u00e1rbol).<\/li>\n<li>La respiraci\u00f3n en el Qi Gong<\/li>\n<li>C\u00f3mo entrenar nuestro Dan Tian o &#8220;centro energ\u00e9tico&#8221;.<\/li>\n<li>Ejercicios de automasaje o An Mo Gong<\/li>\n<li>Ba Duan Jin ( las 8 piezas del brocado)<\/li>\n<li>El Qi Gong de los animales<\/li>\n<\/ol>\n<hr \/>\n<p><!--\n\n\n<h4>Impartido por: \u00d3scar Geninazzi,<\/h4>\n\n\nGraduado en Medicina Trad. China-Acupuntura. Instructor de Tai Chi Chuan. Quiromasajista. Formaci\u00f3n pr\u00e1ctica en MTC en Nanjing International Acupuncture Hospital (China) y en el Nanjing First Affiliated Hospital (China). Colabora con la Fundaci\u00f3 S\u0101n Qi\u0101ng.-->[\/vc_column_text][\/vc_column][\/vc_row]\n","protected":false},"excerpt":{"rendered":"<p>Modalidad presencial<br \/>\n<span style=\"color: #7f7dd1;\"><strong>Pr\u00f3ximamente<\/strong><\/span><\/p>\n<hr \/>\n<p><strong>Precio Total: <\/strong> 250\u20ac. Reserva de plaza 50\u20ac. El importe restante, se fraccionar\u00e1 en 2 pagos de 100\u20ac\/mes, a abonar los d\u00edas 5 mayo y 2 junio, en efectivo o tarjeta.<br \/>\nPrecio especial alumnos en curso de Acupuntura: 142\u20ac<br \/>\nEl importe de la reserva no se devolver\u00e1 en caso de anulaci\u00f3n por parte del alumno.<\/p>\n<hr \/>\n<p>Consiste en un sistema hol\u00edstico de auto- curaci\u00f3n que incluye diversas rutinas como: respiraci\u00f3n, meditaci\u00f3n, automasaje, ejercicios din\u00e1micos y posturas est\u00e1ticas entre otros.<\/p>\n<p>(<a href=\"#tab-description\">Ver m\u00e1s informaci\u00f3n<\/a>)<\/p>\n<hr \/>\n","protected":false},"featured_media":8342,"comment_status":"open","ping_status":"closed","template":"","meta":{"_joinchat":[]},"product_brand":[],"product_cat":[617,90,98],"product_tag":[],"class_list":{"0":"post-1858","1":"product","2":"type-product","3":"status-publish","4":"has-post-thumbnail","6":"product_cat-imagenes-profesores","7":"product_cat-medicina-china-y-acupuntura","8":"product_cat-cursos","10":"first","11":"instock","12":"virtual","13":"purchasable","14":"product-type-simple"},"_links":{"self":[{"href":"https:\/\/tienda.ismet.es\/index.php\/wp-json\/wp\/v2\/product\/1858","targetHints":{"allow":["GET"]}}],"collection":[{"href":"https:\/\/tienda.ismet.es\/index.php\/wp-json\/wp\/v2\/product"}],"about":[{"href":"https:\/\/tienda.ismet.es\/index.php\/wp-json\/wp\/v2\/types\/product"}],"replies":[{"embeddable":true,"href":"https:\/\/tienda.ismet.es\/index.php\/wp-json\/wp\/v2\/comments?post=1858"}],"wp:featuredmedia":[{"embeddable":true,"href":"https:\/\/tienda.ismet.es\/index.php\/wp-json\/wp\/v2\/media\/8342"}],"wp:attachment":[{"href":"https:\/\/tienda.ismet.es\/index.php\/wp-json\/wp\/v2\/media?parent=1858"}],"wp:term":[{"taxonomy":"product_brand","embeddable":true,"href":"https:\/\/tienda.ismet.es\/index.php\/wp-json\/wp\/v2\/product_brand?post=1858"},{"taxonomy":"product_cat","embeddable":true,"href":"https:\/\/tienda.ismet.es\/index.php\/wp-json\/wp\/v2\/product_cat?post=1858"},{"taxonomy":"product_tag","embeddable":true,"href":"https:\/\/tienda.ismet.es\/index.php\/wp-json\/wp\/v2\/product_tag?post=1858"}],"curies":[{"name":"wp","href":"https:\/\/api.w.org\/{rel}","templated":true}]}}