{"id":1828,"date":"2018-09-04T13:41:07","date_gmt":"2018-09-04T12:41:07","guid":{"rendered":"https:\/\/tienda.ismet.es\/index.php\/producto\/lesiones-deportivas-exploracin-y-tratamiento-manual\/"},"modified":"2026-03-19T12:41:58","modified_gmt":"2026-03-19T11:41:58","slug":"lesiones-deportivas-exploracin-y-tratamiento-manual","status":"publish","type":"product","link":"https:\/\/tienda.ismet.es\/index.php\/producto\/lesiones-deportivas-exploracin-y-tratamiento-manual\/","title":{"rendered":"&#8211; Lesiones deportivas, exploraci\u00f3n y tratamiento manual impartido por el Dr. Sagrera"},"content":{"rendered":"[vc_row][vc_column][vc_video link=&#8221;https:\/\/youtu.be\/E50DWOFk_PA&#8221;][vc_column_text]\n<div class=\"woocommerce-product-details__short-description\">\n<hr \/>\n<p>Lesiones deportivas, exploraci\u00f3n y tratamiento manual: El profesional debe saber tanto en el campo de juego como en camilla que tipo de lesi\u00f3n hay, muscular, articular etc y valorar que se debe hacer. En lesiones cr\u00f3nicas conocimiento de tratamiento que ayuden a la recuperaci\u00f3n total si es posible para continuar practicando deporte..<\/p>\n<hr \/>\n<h4>Objetivos<\/h4>\n<p>Ampliar la formaci\u00f3n del masajista para poder profundizar en el campo del masaje y deporte. El alumno ser\u00e1 capaz de reconocer lesiones musculares, articulares o ligamentosas, saber si puede tratarlo o bien derivarlo a otro profesional cualificado. En lesiones cronificadas ser\u00e1 capaz de intervenir para buscar la recuperaci\u00f3n total si es posible.<\/p>\n<hr \/>\n<h4>Programa del Curso<\/h4>\n<ul>\n<li>Patrones de activaci\u00f3n muscular, fisiopatolog\u00eda del m\u00fasculo lesionado, exploraci\u00f3n a pie de pista y a las 24 horas de posibles lesiones musculares, articulares y ligamentosas.<\/li>\n<li>Esguince tobillo, pinzamiento menisco de rodilla, s\u00edndrome aductores, rotura fibrilar, t\u00e9cnicas de Maes (masaje en estiramiento), Lumbalgia del deportista, lesiones de codo y hombro expl. y tratamiento. Suplementos y dieta en deporte.<\/li>\n<\/ul>\n<hr \/>\n<p><!--\n\n\n<h4>Impartido por: Jordi Sagrera<\/h4>\n\n\nLic. Medicina y cirug\u00eda UB 1973. Acreditado como m\u00e9dico naturista en el colegio de m\u00e9dicos de Barcelona (2005). Magister en Medicina Manual y Osteopat\u00eda en la Univ. Complutense de Madrid. Especializado en Terapias Manuales: Masaje y Osteopat\u00eda. Profesor externo en la Univ. Barcelona, Complutense de Madrid y La Cat\u00f3lica de Montevideo. Miembro de Semooym (sociedad espa\u00f1ola de Medicina Ortop\u00e9dica y manual). Asesor m\u00e9dico de RBA editores y autor de diversos libros. Profesor en cursos de pre y postgrado en distintas Universidades. Asesor m\u00e9dico ISMET en la elaboraci\u00f3n e impartici\u00f3n en distintos cursos.--><\/p>\n[\/vc_column_text][\/vc_column][\/vc_row]\n<\/div>\n","protected":false},"excerpt":{"rendered":"<p>Modalidad presencial. <span style=\"color: #7f7dd1;\"><br \/>\nMi\u00e9rcoles 6 mayo 2026<br \/>\nFechas: mi\u00e9rcoles 6, 13, 20 y 27 de mayo de 2026.<br \/>\nHorario: De 16 a 20 h.<\/span><\/p>\n<hr \/>\n<p><strong>Precio Total: <\/strong>210\u20ac. Se abonar\u00e1 50\u20ac de reserva de plaza, y el resto (160\u20ac) el 1\u00ba d\u00eda de curso. Plazas limitadas.<\/p>\n<hr \/>\n<p>Lesiones deportivas, exploraci\u00f3n y tratamiento manual: El profesional debe saber tanto en el campo de juego como en camilla que tipo de lesi\u00f3n hay, muscular, articular etc y valorar que se debe hacer. (<a href=\"#tab-description\">Ver m\u00e1s informaci\u00f3n<\/a>)<\/p>\n","protected":false},"featured_media":0,"comment_status":"open","ping_status":"closed","template":"","meta":{"_joinchat":[]},"product_brand":[],"product_cat":[617,89,98,179,198],"product_tag":[236,380,708,542,857,469],"class_list":{"0":"post-1828","1":"product","2":"type-product","3":"status-publish","5":"product_cat-imagenes-profesores","6":"product_cat-terapias-manuales","7":"product_cat-cursos","8":"product_cat-cursos-presenciales","9":"product_cat-presencial-mayo","10":"product_tag-dr-sagrera","11":"product_tag-jordi-sagrera-ferrandiz","12":"product_tag-lesiones-deportivas","13":"product_tag-quiropractica","14":"product_tag-quiropraxia","15":"product_tag-tratamiento-manual","17":"first","18":"instock","19":"virtual","20":"purchasable","21":"product-type-simple"},"_links":{"self":[{"href":"https:\/\/tienda.ismet.es\/index.php\/wp-json\/wp\/v2\/product\/1828","targetHints":{"allow":["GET"]}}],"collection":[{"href":"https:\/\/tienda.ismet.es\/index.php\/wp-json\/wp\/v2\/product"}],"about":[{"href":"https:\/\/tienda.ismet.es\/index.php\/wp-json\/wp\/v2\/types\/product"}],"replies":[{"embeddable":true,"href":"https:\/\/tienda.ismet.es\/index.php\/wp-json\/wp\/v2\/comments?post=1828"}],"wp:attachment":[{"href":"https:\/\/tienda.ismet.es\/index.php\/wp-json\/wp\/v2\/media?parent=1828"}],"wp:term":[{"taxonomy":"product_brand","embeddable":true,"href":"https:\/\/tienda.ismet.es\/index.php\/wp-json\/wp\/v2\/product_brand?post=1828"},{"taxonomy":"product_cat","embeddable":true,"href":"https:\/\/tienda.ismet.es\/index.php\/wp-json\/wp\/v2\/product_cat?post=1828"},{"taxonomy":"product_tag","embeddable":true,"href":"https:\/\/tienda.ismet.es\/index.php\/wp-json\/wp\/v2\/product_tag?post=1828"}],"curies":[{"name":"wp","href":"https:\/\/api.w.org\/{rel}","templated":true}]}}