{"id":1821,"date":"2018-09-04T13:41:05","date_gmt":"2018-09-04T12:41:05","guid":{"rendered":"https:\/\/tienda.ismet.es\/index.php\/producto\/geometria-sagrada-y-el-proceso-del-duelo\/"},"modified":"2025-04-23T09:49:27","modified_gmt":"2025-04-23T08:49:27","slug":"geometria-sagrada-y-el-proceso-del-duelo","status":"publish","type":"product","link":"https:\/\/tienda.ismet.es\/index.php\/producto\/geometria-sagrada-y-el-proceso-del-duelo\/","title":{"rendered":"&#8211; Geometr\u00eda sagrada y el proceso del duelo"},"content":{"rendered":"[vc_row][vc_column][vc_video link=&#8221;https:\/\/youtu.be\/dEtjRCWU2ss&#8221;][vc_column_text]\n<hr \/>\n<div class=\"woocommerce-product-details__short-description\">\n<p>Podemos decir que la Geometr\u00eda son figuras, formas o arquetipos m\u00f3rficos universales que constituyen un c\u00f3digo de lectura del mundo interior y exterior (la flor de la vida). Sus atributos dan orden a la materia, a la energ\u00eda, a la informaci\u00f3n y a la conciencia. Son patrones de organizaci\u00f3n de la informaci\u00f3n que nos recuerdan las leyes de la autosustentabilidad, evoluci\u00f3n y salud. Por este motivo podemos decir que los S\u00f3lidos Plat\u00f3nicos, el cubo, icosaedro, tetraedro, octaedro y dodecaedro son Arquetipos Sanadores. Lo que nos permite trabajar a todos seamos o no terapeutas con paquetes informacionales de y desde la Conciencia y la Coherencia, para transmitirle la informaci\u00f3n a la materia. En el caso de no ser terapeuta se trabaja con la forma. Cuando tenemos formaci\u00f3n en diversas t\u00e9cnicas podemos aplicar a la forma toda aquella informaci\u00f3n que consideremos necesaria mediante el V.A.S. o testaje (esencias florales, amino\u00e1cidos, homeopat\u00eda, vitaminas, oligoelementos\u2026)<\/p>\n<hr \/>\n<h4>Objetivos<\/h4>\n<p>Conocer un m\u00e9todo de trabajo f\u00e1cil para ayudar a la persona que est\u00e1 en el proceso de \u00abtr\u00e1nsito de la muerte\u00bb y sobretodo a la familia y allegados para que en este momento y el vac\u00edo f\u00edsico posterior no perjudique nuestra salud emocional. Sobretodo despu\u00e9s de largas enfermedades. Tambi\u00e9n para casos de p\u00e9rdidas tanto emocionales en temas de pareja. De trabajo, en caso de despidos inmediatos como ocurre en muchas grandes empresas, empresarios que tienen que cerrar sus actividades\u2026.Todos estos procesos tambi\u00e9n causan un duelo en la persona. Este trabajo con Geometr\u00eda Sagrada y especialmente con la estrella tetra\u00e9drica nos ayudar\u00e1 a comprender, aceptar y compartir desde el AMOR, \u00abel regreso a casa\u00bb, de nuestro ser querido, y que el proceso de la familia en un futuro sin \u00e9l sea visto desde el compartir este momento tan maravilloso del regreso a casa. Acept\u00e1ndose con una gran armon\u00eda y sin el dolor ni la angustia a la que estamos acostumbrados a vivir en estos momentos.<br \/>\n\u2013 Veremos la muerte como un paso m\u00e1s en nuestra evoluci\u00f3n como alma y agradeciendo al cuerpo f\u00edsico, ser el veh\u00edculo que nos ha permitido en esta vida evolucionar un poco m\u00e1s.<br \/>\n\u2013 En los casos de p\u00e9rdidas de pareja, trabajo, etc. nos ayudar\u00e1 a comprender el porqu\u00e9 de vivir este momento para una evoluci\u00f3n en nuestra vida. En ocasiones por duro que parezca toda una familia o colectivo en el caso de un cierre de una empresa es una evoluci\u00f3n para todo este grupo de almas.<\/p>\n<\/div>\n<hr \/>\n<h4>Programa del Curso<\/h4>\n<p>Es un taller totalmente pr\u00e1ctico, en el que veremos diferentes estrategias de trabajo, tanto para enfermos, familiares, etc. Tanto para preparar al enfermo para su viaje, para preparar a la familia, en caso de muertes repentinas por accidentes\u2026<br \/>\nAprenderemos a compartir con Amor y Aceptaci\u00f3n este proceso. La Geometr\u00eda es la ley del Orden y este trabajo nos ayuda a ordenarnos en estos momentos.<\/p>\n<hr \/>\n<h4>Impartido por: Montserrat Sorli Ivern<\/h4>\n<p>Terapeuta cu\u00e1ntica, con m\u00e1s de 30 a\u00f1os de experiencia. Empresaria de un negocio de cosm\u00e9tica natural. Terapeuta y Medium Canalizadora. Formaci\u00f3n en Naturopat\u00eda, reflexolog\u00eda, auriculoterapia, kinesiolog\u00eda, acupuntura, cromoterapia , esencias florales, maestra de Reiki[\/vc_column_text][\/vc_column][\/vc_row]\n","protected":false},"excerpt":{"rendered":"<p>Modalidad presencial. <span style=\"color: #7f7dd1;\"><b>Planificando fechas<\/b><\/span><\/p>\n<hr \/>\n<p><strong>Precio Total: <\/strong> 68\u20ac. Modalidad de pago: Reserva de plaza (20\u20ac), a abonar el primer d\u00eda de curso en efectivo o tarjeta, en secretar\u00eda de la escuela.<\/p>\n<hr \/>\n<p>M\u00e9todo sencillo, efectivo, no invasivo que regula las constantes fisiol\u00f3gicas y se manifiesta en un estado de armon\u00eda e incremento inmunol\u00f3gico. (<a href=\"#tab-description\">Ver m\u00e1s informaci\u00f3n<\/a>)<\/p>\n","protected":false},"featured_media":16165,"comment_status":"open","ping_status":"closed","template":"","meta":{"_joinchat":[]},"product_brand":[],"product_cat":[98,179],"product_tag":[560,492,388],"class_list":{"0":"post-1821","1":"product","2":"type-product","3":"status-publish","4":"has-post-thumbnail","6":"product_cat-cursos","7":"product_cat-cursos-presenciales","8":"product_tag-duelo","9":"product_tag-geometria-sagrada","10":"product_tag-montserrat-sorli-ivern","12":"first","13":"instock","14":"virtual","15":"taxable","16":"purchasable","17":"product-type-simple"},"_links":{"self":[{"href":"https:\/\/tienda.ismet.es\/index.php\/wp-json\/wp\/v2\/product\/1821","targetHints":{"allow":["GET"]}}],"collection":[{"href":"https:\/\/tienda.ismet.es\/index.php\/wp-json\/wp\/v2\/product"}],"about":[{"href":"https:\/\/tienda.ismet.es\/index.php\/wp-json\/wp\/v2\/types\/product"}],"replies":[{"embeddable":true,"href":"https:\/\/tienda.ismet.es\/index.php\/wp-json\/wp\/v2\/comments?post=1821"}],"wp:featuredmedia":[{"embeddable":true,"href":"https:\/\/tienda.ismet.es\/index.php\/wp-json\/wp\/v2\/media\/16165"}],"wp:attachment":[{"href":"https:\/\/tienda.ismet.es\/index.php\/wp-json\/wp\/v2\/media?parent=1821"}],"wp:term":[{"taxonomy":"product_brand","embeddable":true,"href":"https:\/\/tienda.ismet.es\/index.php\/wp-json\/wp\/v2\/product_brand?post=1821"},{"taxonomy":"product_cat","embeddable":true,"href":"https:\/\/tienda.ismet.es\/index.php\/wp-json\/wp\/v2\/product_cat?post=1821"},{"taxonomy":"product_tag","embeddable":true,"href":"https:\/\/tienda.ismet.es\/index.php\/wp-json\/wp\/v2\/product_tag?post=1821"}],"curies":[{"name":"wp","href":"https:\/\/api.w.org\/{rel}","templated":true}]}}