{"id":1742,"date":"2018-09-04T13:40:52","date_gmt":"2018-09-04T12:40:52","guid":{"rendered":"https:\/\/tienda.ismet.es\/index.php\/producto\/fascitis-plantar-con-terapias-manuales\/"},"modified":"2026-01-19T09:22:47","modified_gmt":"2026-01-19T08:22:47","slug":"fascitis-plantar-con-terapias-manuales","status":"publish","type":"product","link":"https:\/\/tienda.ismet.es\/index.php\/producto\/fascitis-plantar-con-terapias-manuales\/","title":{"rendered":"&#8211; Fascitis plantar (dolor en la planta del pie), con terapias manuales"},"content":{"rendered":"[vc_row][vc_column][vc_video link=&#8221;https:\/\/youtu.be\/eONlQm0shCk?feature=shared&#8221;][vc_column_text]\n<div class=\"woocommerce-product-details__short-description\">\n<hr \/>\n<p>La fascitis plantar se puede producir por usar un calzado inadecuado, caminar mucho, un impacto directo en la zona, etc. Uno de los s\u00edntomas m\u00e1s comunes es el dolor al levantarse de la cama y la descripci\u00f3n de su mejor\u00eda al llevar un rato caminando. En este taller usaremos diferentes t\u00e9cnicas como el masaje, la descarga muscular, el masaje Cyriax, la reflexolog\u00eda facial, tape y kinesiotape para recuperar esta alteraci\u00f3n.<\/p>\n<\/div>\n<hr \/>\n<ul style=\"list-style-type: circle;\">\n<li>BENEFICIOS DE SU APLICACI\u00d3N:<br \/>\nAprender un abordaje terap\u00e9utico con t\u00e9cnicas manuales para tratar la fascitis plantar puede ser muy interesante y beneficioso por varias razones:<br \/>\n1. Alivio del dolor: Las t\u00e9cnicas manuales, pueden ayudar a reducir la tensi\u00f3n en la fascia plantar y aliviar el dolor.<br \/>\n2. Mejora de la movilidad: Estas t\u00e9cnicas pueden aumentar la flexibilidad y la movilidad del pie y el tobillo, lo que puede ser crucial para la recuperaci\u00f3n.<br \/>\n3. Autocuidado: Aprender a realizar estas t\u00e9cnicas te permite manejar tu propio bienestar. Puedes aplicar lo aprendido en casa, lo que puede ser muy \u00fatil para el manejo diario del dolor.<br \/>\n4. Prevenci\u00f3n: Conocer estas t\u00e9cnicas puede ayudarte a prevenir futuras lesiones al mantener la fascia plantar y los m\u00fasculos circundantes en buen estado.<br \/>\n5. Complemento a otros tratamientos: Las t\u00e9cnicas manuales pueden ser un complemento efectivo a otros tratamientos, como ejercicios de estiramiento, ortesis o fisioterapia.<br \/>\n6. Conexi\u00f3n cuerpo-mente: Aprender sobre el cuerpo y c\u00f3mo tratarlo manualmente puede aumentar tu conciencia corporal y ayudarte a entender mejor tus necesidades f\u00edsicas.<br \/>\nEn resumen, aprender estas t\u00e9cnicas no solo puede ofrecer alivio, sino que tambi\u00e9n te empodera para cuidar de tu salud de manera m\u00e1s activa.<\/li>\n<\/ul>\n<hr \/>\n<ul style=\"list-style-type: circle;\">\n<li>QU\u00c9 APRENDER\u00c1S<br \/>\nUna vez finalizado el taller, habr\u00e1s aprendido:<br \/>\n\u2022Un protocolo de tratamiento para trabajar sobre esta lesi\u00f3n.<br \/>\n\u2022A localizar con exactitud los puntos de afectaci\u00f3n en la fascitis plantar.<br \/>\n\u2022A trabajar con el masaje Cyriax.<br \/>\n\u2022A usar el kinesiotape y el tape para esta lesi\u00f3n.<br \/>\n\u2022Los puntos reflexol\u00f3gicos de Facioterapia-Dien Chan para reducir el dolor<\/li>\n<\/ul>\n<hr \/>\n<p><!--\n\n\n<h4>Impartido por:<\/h4>\n\n\n<strong>Montse Garc\u00eda<\/strong>\nNatur\u00f3pata, Quiromasajista. Experta en reflexoterapia podal y masaje deportivo. Facioterapeuta, formadora certificada en Facioterapia-Dien Chan por el Profesor Dr. B\u00f9i Qu\u00f4c Ch\u00e2u en Espa\u00f1a (2004) y en Ho Chi Minh, en Vietnam (2006 y 2009). Coordinadora de masajistas deportivos en Competiciones de \u00e1mbito nacional e internacional. Premio \u201cSta. \u00c1gueda 2008\u201d, por su dedicaci\u00f3n y trayectoria en el mundo del deporte--><\/p>\n[\/vc_column_text][\/vc_column][\/vc_row]\n","protected":false},"excerpt":{"rendered":"<p>Modalidad presencial. <span style=\"color: #7f7dd1;\"><strong><br \/>\nProgramando fechas<\/strong><\/span><\/p>\n<hr \/>\n<p>Precio Total: 69\u20ac.<\/p>\n<hr \/>\n<p>Dirigido a todos los terapeutas manuales, reflex\u00f3logos, masajistas, y afines, que deseen aprender una forma de tratamiento pr\u00e1ctica y eficaz para la fascitis plantar usando diferentes t\u00e9cnicas&#8230;(<a href=\"#tab-description\">Ver m\u00e1s informaci\u00f3n<\/a>)<\/p>\n","protected":false},"featured_media":8632,"comment_status":"open","ping_status":"closed","template":"","meta":{"_joinchat":[]},"product_brand":[],"product_cat":[617,89,98,179],"product_tag":[436,654,652,220,653,368],"class_list":{"0":"post-1742","1":"product","2":"type-product","3":"status-publish","4":"has-post-thumbnail","6":"product_cat-imagenes-profesores","7":"product_cat-terapias-manuales","8":"product_cat-cursos","9":"product_cat-cursos-presenciales","10":"product_tag-dolor","11":"product_tag-dolor-en-la-planta-del-pie","12":"product_tag-fascitis-plantar","13":"product_tag-montse-garcia","14":"product_tag-planta-del-pie","15":"product_tag-terapias-manuales","16":"pa_ediciones-edicion-julio","17":"pa_ediciones-edicion-septiembre","19":"first","20":"outofstock","21":"purchasable","22":"product-type-simple"},"_links":{"self":[{"href":"https:\/\/tienda.ismet.es\/index.php\/wp-json\/wp\/v2\/product\/1742","targetHints":{"allow":["GET"]}}],"collection":[{"href":"https:\/\/tienda.ismet.es\/index.php\/wp-json\/wp\/v2\/product"}],"about":[{"href":"https:\/\/tienda.ismet.es\/index.php\/wp-json\/wp\/v2\/types\/product"}],"replies":[{"embeddable":true,"href":"https:\/\/tienda.ismet.es\/index.php\/wp-json\/wp\/v2\/comments?post=1742"}],"wp:featuredmedia":[{"embeddable":true,"href":"https:\/\/tienda.ismet.es\/index.php\/wp-json\/wp\/v2\/media\/8632"}],"wp:attachment":[{"href":"https:\/\/tienda.ismet.es\/index.php\/wp-json\/wp\/v2\/media?parent=1742"}],"wp:term":[{"taxonomy":"product_brand","embeddable":true,"href":"https:\/\/tienda.ismet.es\/index.php\/wp-json\/wp\/v2\/product_brand?post=1742"},{"taxonomy":"product_cat","embeddable":true,"href":"https:\/\/tienda.ismet.es\/index.php\/wp-json\/wp\/v2\/product_cat?post=1742"},{"taxonomy":"product_tag","embeddable":true,"href":"https:\/\/tienda.ismet.es\/index.php\/wp-json\/wp\/v2\/product_tag?post=1742"}],"curies":[{"name":"wp","href":"https:\/\/api.w.org\/{rel}","templated":true}]}}

[vc_row][vc_column][vc_video link=&#8221;https://youtu.be/eONlQm0shCk?feature=shared&#8221;][vc_column_text]
<div class="woocommerce-product-details__short-description">
<hr />
<p>La fascitis plantar se puede producir por usar un calzado inadecuado, caminar mucho, un impacto directo en la zona, etc. Uno de los síntomas más comunes es el dolor al levantarse de la cama y la descripción de su mejoría al llevar un rato caminando. En este taller usaremos diferentes técnicas como el masaje, la descarga muscular, el masaje Cyriax, la reflexología facial, tape y kinesiotape para recuperar esta alteración.</p>
</div>
<hr />
<ul style="list-style-type: circle;">
<li>BENEFICIOS DE SU APLICACIÓN:<br />
Aprender un abordaje terapéutico con técnicas manuales para tratar la fascitis plantar puede ser muy interesante y beneficioso por varias razones:<br />
1. Alivio del dolor: Las técnicas manuales, pueden ayudar a reducir la tensión en la fascia plantar y aliviar el dolor.<br />
2. Mejora de la movilidad: Estas técnicas pueden aumentar la flexibilidad y la movilidad del pie y el tobillo, lo que puede ser crucial para la recuperación.<br />
3. Autocuidado: Aprender a realizar estas técnicas te permite manejar tu propio bienestar. Puedes aplicar lo aprendido en casa, lo que puede ser muy útil para el manejo diario del dolor.<br />
4. Prevención: Conocer estas técnicas puede ayudarte a prevenir futuras lesiones al mantener la fascia plantar y los músculos circundantes en buen estado.<br />
5. Complemento a otros tratamientos: Las técnicas manuales pueden ser un complemento efectivo a otros tratamientos, como ejercicios de estiramiento, ortesis o fisioterapia.<br />
6. Conexión cuerpo-mente: Aprender sobre el cuerpo y cómo tratarlo manualmente puede aumentar tu conciencia corporal y ayudarte a entender mejor tus necesidades físicas.<br />
En resumen, aprender estas técnicas no solo puede ofrecer alivio, sino que también te empodera para cuidar de tu salud de manera más activa.</li>
</ul>
<hr />
<ul style="list-style-type: circle;">
<li>QUÉ APRENDERÁS<br />
Una vez finalizado el taller, habrás aprendido:<br />
•Un protocolo de tratamiento para trabajar sobre esta lesión.<br />
•A localizar con exactitud los puntos de afectación en la fascitis plantar.<br />
•A trabajar con el masaje Cyriax.<br />
•A usar el kinesiotape y el tape para esta lesión.<br />
•Los puntos reflexológicos de Facioterapia-Dien Chan para reducir el dolor</li>
</ul>
<hr />
<p><!--


<h4>Impartido por:</h4>


<strong>Montse García</strong>
Naturópata, Quiromasajista. Experta en reflexoterapia podal y masaje deportivo. Facioterapeuta, formadora certificada en Facioterapia-Dien Chan por el Profesor Dr. Bùi Quôc Châu en España (2004) y en Ho Chi Minh, en Vietnam (2006 y 2009). Coordinadora de masajistas deportivos en Competiciones de ámbito nacional e internacional. Premio “Sta. Águeda 2008”, por su dedicación y trayectoria en el mundo del deporte--></p>
[/vc_column_text][/vc_column][/vc_row]

<p>Modalidad presencial. <span style="color: #7f7dd1;"><strong><br />
Programando fechas</strong></span></p>
<hr />
<p>Precio Total: 69€.</p>
<hr />
<p>Dirigido a todos los terapeutas manuales, reflexólogos, masajistas, y afines, que deseen aprender una forma de tratamiento práctica y eficaz para la fascitis plantar usando diferentes técnicas&#8230;(<a href="#tab-description">Ver más información</a>)</p>
