{"id":17247,"date":"2023-02-20T14:04:44","date_gmt":"2023-02-20T13:04:44","guid":{"rendered":"https:\/\/tienda.ismet.es\/?post_type=product&#038;p=17247"},"modified":"2026-02-13T14:33:04","modified_gmt":"2026-02-13T13:33:04","slug":"radiestesia-pendulo-y-biotensor","status":"publish","type":"product","link":"https:\/\/tienda.ismet.es\/index.php\/producto\/radiestesia-pendulo-y-biotensor\/","title":{"rendered":"&#8211; Radiestesia, p\u00e9ndulo y biotensor"},"content":{"rendered":"[vc_row][vc_column][vc_video link=&#8221;https:\/\/youtu.be\/sK9PFQc8CKk&#8221;][vc_column_text]\n<div class=\"woocommerce-product-details__short-description\">\n<hr \/>\n<p>La Radiestesia es una ciencia que ya se utilizaba en civilizaciones muy antiguas entre otras cosas para captar agua subterr\u00e1nea. En la actualidad la radiestesia se utiliza para captar desequilibrios energ\u00e9ticos en el ser humano y detectar otras causas externas, que alteran este equilibrio, como por ejemplo la exposici\u00f3n a una geopat\u00eda.La Radi\u00f3nica, nos permite la emisi\u00f3n de frecuencias (ondas de forma) a la distancia, que reinforman de nuevo al organismo, y corrige la informaci\u00f3n distorsionada. Estamos rodeados de energ\u00edas sutiles que afectan a nuestro equilibrio, como contaminaci\u00f3n electromagn\u00e9tica, geopat\u00edas, etc. Tener conocimientos de radiestesia y radi\u00f3nica permite tener m\u00e1s recursos terap\u00e9uticos para reforzar otras terapias y encontrar causas que normalmente no tenemos en cuenta.<\/p>\n<hr \/>\n<h4>Programa<\/h4>\n<ol>\n<li>En este taller pr\u00e1ctico te ofrecemos diversas herramientas que te facilitar\u00e1n la forma de trabajar en consulta, mediante el testaje. Son las siguientes:<br \/>\n<u>P\u00e9ndulo:<\/u><br \/>\ntipos de p\u00e9ndulos con los que podemos testar y reparar la energ\u00eda, madera, metal, orgonite, mineral. Por qu\u00e9 y para qu\u00e9 utilizar unos u otros.<br \/>\nLas plantillas de % para verificar nuestro trabajo.<br \/>\nPlantillas de preguntas y respuestas a nivel de cuerpo f\u00edsico trabajando todos los \u00f3rganos y sistemas, plantillas de alimentos para conocer intolerancias, plantillas de trabajo emocional, transgeneracional, limpiezas energ\u00e9ticas\u2026<\/li>\n<li><u>Biotensor:<\/u><br \/>\nLa herramienta m\u00e1s desconocida en el mundo del testaje y m\u00e1s precisa, el trabajo del paciente y terapeuta para cualquier problema f\u00edsico.<br \/>\nLiberaci\u00f3n de energ\u00edas en los espacios.<br \/>\nTodos los trabajos de bio geolog\u00eda con el biotensor los podremos armonizar m\u00e1s r\u00e1pidamente.<\/li>\n<li><u>Varillas:<\/u><br \/>\nTrabajaremos con ellas para ver los resultados y comparar con el biotensor. Buscando l\u00edneas curry, Harman, ley\u2026 agua, electricidad\u2026<\/li>\n<\/ol>\n<\/div>\n<hr \/>\n<p><!--\n\n\n<h4>Montserrat Sorli Ivern.<\/h4>\n\n\nTerapeuta cu\u00e1ntica, con m\u00e1s de 30 a\u00f1os de experiencia profesional. Asesora y consultora en el \u00e1rea de aromaterapia y cosm\u00e9tica natural. Asimismo, ha desarrollado una l\u00ednea de productos ecol\u00f3gicos en este campo. A nivel acad\u00e9mico, su formaci\u00f3n en el campo de las terapias naturales, se centra en la Naturopat\u00eda, esencias florales y cromoterapia, as\u00ed como tambi\u00e9n en la acupuntura. En el campo de las terapias manuales, trabaja con quiromasaje, reflexolog\u00eda y drenaje linf\u00e1tico; y en el apartado de las terapias energ\u00e9ticas, trabaja con kinesiolog\u00eda, geometr\u00eda sagrada y otras t\u00e9cnicas energ\u00e9ticas. -->[\/vc_column_text][\/vc_column][\/vc_row]\n","protected":false},"excerpt":{"rendered":"<p>Modalidad presencial. <span style=\"color: #7f7dd1;\" data-darkreader-inline-color=\"\"><strong><br \/>\nprogramando fechas<br \/>\n<\/strong><\/span><\/p>\n<hr \/>\n<p>Precio total:\u00a080\u20ac.<\/p>\n<hr \/>\n<p>Estamos rodeados de energ\u00edas sutiles que afectan a nuestro equilibrio&#8230;(<a href=\"#tab-description\">Ver m\u00e1s informaci\u00f3n<\/a>)<\/p>\n","protected":false},"featured_media":31179,"comment_status":"open","ping_status":"closed","template":"","meta":{"_joinchat":[]},"product_brand":[],"product_cat":[617,183,98],"product_tag":[633,916,492,632,631,552],"class_list":{"0":"post-17247","1":"product","2":"type-product","3":"status-publish","4":"has-post-thumbnail","6":"product_cat-imagenes-profesores","7":"product_cat-terapias-energeticas","8":"product_cat-cursos","9":"product_tag-biotensor","10":"product_tag-campos-energeticos","11":"product_tag-geometria-sagrada","12":"product_tag-pendulo","13":"product_tag-radiestesia","14":"product_tag-tecnicas-energeticas","15":"pa_ediciones-edicion-enero","16":"pa_ediciones-edicion-noviembre","17":"pa_modalidad-presencial","19":"first","20":"outofstock","21":"virtual","22":"purchasable","23":"product-type-simple"},"_links":{"self":[{"href":"https:\/\/tienda.ismet.es\/index.php\/wp-json\/wp\/v2\/product\/17247","targetHints":{"allow":["GET"]}}],"collection":[{"href":"https:\/\/tienda.ismet.es\/index.php\/wp-json\/wp\/v2\/product"}],"about":[{"href":"https:\/\/tienda.ismet.es\/index.php\/wp-json\/wp\/v2\/types\/product"}],"replies":[{"embeddable":true,"href":"https:\/\/tienda.ismet.es\/index.php\/wp-json\/wp\/v2\/comments?post=17247"}],"wp:featuredmedia":[{"embeddable":true,"href":"https:\/\/tienda.ismet.es\/index.php\/wp-json\/wp\/v2\/media\/31179"}],"wp:attachment":[{"href":"https:\/\/tienda.ismet.es\/index.php\/wp-json\/wp\/v2\/media?parent=17247"}],"wp:term":[{"taxonomy":"product_brand","embeddable":true,"href":"https:\/\/tienda.ismet.es\/index.php\/wp-json\/wp\/v2\/product_brand?post=17247"},{"taxonomy":"product_cat","embeddable":true,"href":"https:\/\/tienda.ismet.es\/index.php\/wp-json\/wp\/v2\/product_cat?post=17247"},{"taxonomy":"product_tag","embeddable":true,"href":"https:\/\/tienda.ismet.es\/index.php\/wp-json\/wp\/v2\/product_tag?post=17247"}],"curies":[{"name":"wp","href":"https:\/\/api.w.org\/{rel}","templated":true}]}}