{"id":17239,"date":"2023-02-20T12:38:54","date_gmt":"2023-02-20T11:38:54","guid":{"rendered":"https:\/\/tienda.ismet.es\/?post_type=product&#038;p=17239"},"modified":"2026-03-11T11:31:06","modified_gmt":"2026-03-11T10:31:06","slug":"tratamiento-del-dolor-en-articulaciones-de-extremidades-metodo-dr-stran","status":"publish","type":"product","link":"https:\/\/tienda.ismet.es\/index.php\/producto\/tratamiento-del-dolor-en-articulaciones-de-extremidades-metodo-dr-stran\/","title":{"rendered":"&#8211; Tratamiento del dolor en articulaciones de extremidades, m\u00e9todo Dr. Str\u00e1n (online)"},"content":{"rendered":"[vc_row][vc_column][vc_video link=&#8221;https:\/\/youtu.be\/FsxkJ4gmSOM&#8221;][vc_column_text]\n<hr \/>\n<div class=\"woocommerce-product-details__short-description\">\n<h4>Presentaci\u00f3n<\/h4>\n<p>El dolor articular de extremidades muchas veces resulta un desafi\u0301o diagno\u0301stico-terape\u0301utico. Su origen muchas veces esta\u0301 en la columna vertebral. Y au\u0301n en los procesos de origen propiamente perife\u0301rico. En las etapas cro\u0301nicas la participacio\u0301n de la columna vertebral es determinante para mantener el dolor.<br \/>\nUna vez ma\u0301s, la interpretacio\u0301n cli\u0301nica puede resultar confusa y por tanto el tratamiento ineficaz.<br \/>\nEl Me\u0301todo ayudara\u0301 significativamente en determinar y tratar el origen, asi\u0301 como resulta un tratamiento eficaz para el tejido blando peri-articular con el fin de lograr el equilibrio funcional.<br \/>\nEn este curso se realizara\u0301 un enfoque global, funcional y segmentario para tratar desde el origen el dolor musculoesquele\u0301tico: del raquis hasta las extremidades. El dolor en extremidades puede ser de causa local o consecuencia de un origen en la columna vertebral. Y esto debido a que los mecanismos del dolor dependen del nervio raqui\u0301deo. Por tanto, un desajuste funcional del nervio puede manifestarse en cualquier parte de su trayecto: del raquis a la extremidad. En cualquier caso, el tejido blando se manifiesta con una rica sintomatologi\u0301a cli\u0301nica, del ligamento al mu\u0301sculo y su fascia de recubrimiento. Aparecen Bandas Tensas y puntos gatillo y siempre en estrecha relacio\u0301n funcional con la columna vertebral. El Me\u0301todo propone un protocolo de bu\u0301squeda y tratamiento de la Banda Tensa en la regio\u0301n periarticular correspondiente, cuyo resultado es el equilibrio funcional musculoesquele\u0301tico y el consecuente alivio del dolor.<\/p>\n<hr \/>\n<h4>Objetivos<\/h4>\n<p>Su aplicacio\u0301n brinda al profesional de la terapia manual una poderosa herramienta de diagno\u0301stico lesional y tratamiento, que se combina a la perfeccio\u0301n con las te\u0301cnicas cla\u0301sicas del masaje terape\u0301utico, especialmente el Quiromasaje y Masaje en Estiramiento, potenciando los efectos beneficiosos.<br \/>\nEl masaje terape\u0301utico moderno implica el conocimiento y manejo de los mecanorreceptores que intervienen en todo proceso doloroso musculoesquele\u0301tico, este me\u0301todo es un ejemplo, y la combinacio\u0301n con te\u0301cnicas orientadas en el mismo sentido asegura un tratamiento eficaz y duradero.<br \/>\nINDICACIONES<br \/>\nU\u0301til en todas las patologi\u0301as de causa meca\u0301nica en extremidades, tanto de origen articular, periarticular o musculo-tendinosas: artrosis de cadera no quiru\u0301rgica, si\u0301ndrome de isquio-surales cortos, esguinces de rodilla, condromalacia, patologi\u0301as de rodilla no quiru\u0301rgicas, tendinopati\u0301as del Tibial anterior, Tendo\u0301n de Aquiles, esguinces de tobillo externo e interno, Fascitis Plantar. Tendinopati\u0301as del hombro, Epicondilitis, Epitrocleitis (Codos de tenista y golfista respectivamente), tendinopati\u0301as de los dedos y mu\u0301sculos de la mano, tu\u0301nel carpiano, consecuencia de artrosis en pies y manos, etc.<br \/>\nPuede aplicarse a cualquier edad, desde nin\u0303os pequen\u0303os a ancianos. Ideal para las lesiones deportivas.<br \/>\nNo tiene contraindicaciones, salvo dolores no relacionados con un origen meca\u0301nico.<\/p>\n<p><!--\n\n\n<h4>Impartido por: Dr. C. Daniel Str\u00e1n Frugoni.<\/h4>\n\n\nDoctor en Medicina. Estudios de Post-Grado en Medicina Interna. Especialista en Medicina Ortop\u00e9dica Manual. Autor del M\u00e9todo de abordaje del S\u00edndrome Neuro-Mio-Fascial que lleva su nombre, en base a la T\u00e9cnica de R. Nimmo. Director de los Cursos de Formaci\u00f3n en T\u00e9cnicas de Ortopedia Manual en Montevideo-Uruguay. Docente externo en la Universidad Cat\u00f3lica del Uruguay.Miembro de la Sociedad Espa\u00f1ola de Medicina Ortop\u00e9dica Osteop\u00e1tica y Manual (SEMOOYM), Formador y Profesor de sus cursos. Fue miembro cofundador del Grupo Barcelona de Medicina Ortop\u00e9dica I Manual (GBMOIM 2003 al 2017) y Profesor de sus cursos.--><br \/>\n[\/vc_column_text][\/vc_column][\/vc_row]\n<\/div>\n","protected":false},"excerpt":{"rendered":"<p>Modalidad online. (fechas a escoger).<span style=\"color: #7f7dd1;\"><strong><br \/>\n\u2022 Del 2 al 31 de marzo 2026.<br \/>\n\u2022 Del 1 al 30 de abril 2026.<br \/>\n\u2022 Del 4 al 31 de mayo 2026.<br \/>\n\u2022 Del 1 al 30 de junio 2026.<br \/>\n\u2022 Del 1 al 30 de julio 2026.<br \/>\n<\/strong><br \/>\n<\/span><\/p>\n<hr \/>\n<p>(<a href=\"#tab-description\">Ver m\u00e1s informaci\u00f3n<\/a>)<\/p>\n","protected":false},"featured_media":17245,"comment_status":"open","ping_status":"closed","template":"","meta":{"_joinchat":[]},"product_brand":[],"product_cat":[617,89,98,201,205,202,203,204,179],"product_tag":[630,346,543,862,864],"class_list":{"0":"post-17239","1":"product","2":"type-product","3":"status-publish","4":"has-post-thumbnail","6":"product_cat-imagenes-profesores","7":"product_cat-terapias-manuales","8":"product_cat-cursos","9":"product_cat-online-marzo","10":"product_cat-online-abril","11":"product_cat-online-mayo","12":"product_cat-online-junio","13":"product_cat-online-julio","14":"product_cat-cursos-presenciales","15":"product_tag-dolor-en-articulaciones","16":"product_tag-dr-c-daniel-stran-frugoni","17":"product_tag-extremidades","18":"product_tag-metodo-dr-stran","19":"product_tag-tratamiento-del-dolor","20":"pa_ediciones-edicion-diciembre","21":"pa_ediciones-edicion-enero","22":"pa_ediciones-edicion-febrero","23":"pa_ediciones-edicion-marzo","24":"pa_ediciones-edicion-abril","25":"pa_ediciones-edicion-mayo","26":"pa_ediciones-edicion-junio","27":"pa_ediciones-edicion-julio","29":"first","30":"instock","31":"purchasable","32":"product-type-variable"},"_links":{"self":[{"href":"https:\/\/tienda.ismet.es\/index.php\/wp-json\/wp\/v2\/product\/17239","targetHints":{"allow":["GET"]}}],"collection":[{"href":"https:\/\/tienda.ismet.es\/index.php\/wp-json\/wp\/v2\/product"}],"about":[{"href":"https:\/\/tienda.ismet.es\/index.php\/wp-json\/wp\/v2\/types\/product"}],"replies":[{"embeddable":true,"href":"https:\/\/tienda.ismet.es\/index.php\/wp-json\/wp\/v2\/comments?post=17239"}],"wp:featuredmedia":[{"embeddable":true,"href":"https:\/\/tienda.ismet.es\/index.php\/wp-json\/wp\/v2\/media\/17245"}],"wp:attachment":[{"href":"https:\/\/tienda.ismet.es\/index.php\/wp-json\/wp\/v2\/media?parent=17239"}],"wp:term":[{"taxonomy":"product_brand","embeddable":true,"href":"https:\/\/tienda.ismet.es\/index.php\/wp-json\/wp\/v2\/product_brand?post=17239"},{"taxonomy":"product_cat","embeddable":true,"href":"https:\/\/tienda.ismet.es\/index.php\/wp-json\/wp\/v2\/product_cat?post=17239"},{"taxonomy":"product_tag","embeddable":true,"href":"https:\/\/tienda.ismet.es\/index.php\/wp-json\/wp\/v2\/product_tag?post=17239"}],"curies":[{"name":"wp","href":"https:\/\/api.w.org\/{rel}","templated":true}]}}

&#8211; Tratamiento del dolor en articulaciones de extremidades, método Dr. Strán (online)

[vc_row][vc_column][vc_video link=&#8221;https://youtu.be/FsxkJ4gmSOM&#8221;][vc_column_text]
<hr />
<div class="woocommerce-product-details__short-description">
<h4>Presentación</h4>
<p>El dolor articular de extremidades muchas veces resulta un desafío diagnóstico-terapéutico. Su origen muchas veces está en la columna vertebral. Y aún en los procesos de origen propiamente periférico. En las etapas crónicas la participación de la columna vertebral es determinante para mantener el dolor.<br />
Una vez más, la interpretación clínica puede resultar confusa y por tanto el tratamiento ineficaz.<br />
El Método ayudará significativamente en determinar y tratar el origen, así como resulta un tratamiento eficaz para el tejido blando peri-articular con el fin de lograr el equilibrio funcional.<br />
En este curso se realizará un enfoque global, funcional y segmentario para tratar desde el origen el dolor musculoesquelético: del raquis hasta las extremidades. El dolor en extremidades puede ser de causa local o consecuencia de un origen en la columna vertebral. Y esto debido a que los mecanismos del dolor dependen del nervio raquídeo. Por tanto, un desajuste funcional del nervio puede manifestarse en cualquier parte de su trayecto: del raquis a la extremidad. En cualquier caso, el tejido blando se manifiesta con una rica sintomatología clínica, del ligamento al músculo y su fascia de recubrimiento. Aparecen Bandas Tensas y puntos gatillo y siempre en estrecha relación funcional con la columna vertebral. El Método propone un protocolo de búsqueda y tratamiento de la Banda Tensa en la región periarticular correspondiente, cuyo resultado es el equilibrio funcional musculoesquelético y el consecuente alivio del dolor.</p>
<hr />
<h4>Objetivos</h4>
<p>Su aplicación brinda al profesional de la terapia manual una poderosa herramienta de diagnóstico lesional y tratamiento, que se combina a la perfección con las técnicas clásicas del masaje terapéutico, especialmente el Quiromasaje y Masaje en Estiramiento, potenciando los efectos beneficiosos.<br />
El masaje terapéutico moderno implica el conocimiento y manejo de los mecanorreceptores que intervienen en todo proceso doloroso musculoesquelético, este método es un ejemplo, y la combinación con técnicas orientadas en el mismo sentido asegura un tratamiento eficaz y duradero.<br />
INDICACIONES<br />
Útil en todas las patologías de causa mecánica en extremidades, tanto de origen articular, periarticular o musculo-tendinosas: artrosis de cadera no quirúrgica, síndrome de isquio-surales cortos, esguinces de rodilla, condromalacia, patologías de rodilla no quirúrgicas, tendinopatías del Tibial anterior, Tendón de Aquiles, esguinces de tobillo externo e interno, Fascitis Plantar. Tendinopatías del hombro, Epicondilitis, Epitrocleitis (Codos de tenista y golfista respectivamente), tendinopatías de los dedos y músculos de la mano, túnel carpiano, consecuencia de artrosis en pies y manos, etc.<br />
Puede aplicarse a cualquier edad, desde niños pequeños a ancianos. Ideal para las lesiones deportivas.<br />
No tiene contraindicaciones, salvo dolores no relacionados con un origen mecánico.</p>
<p><!--


<h4>Impartido por: Dr. C. Daniel Strán Frugoni.</h4>


Doctor en Medicina. Estudios de Post-Grado en Medicina Interna. Especialista en Medicina Ortopédica Manual. Autor del Método de abordaje del Síndrome Neuro-Mio-Fascial que lleva su nombre, en base a la Técnica de R. Nimmo. Director de los Cursos de Formación en Técnicas de Ortopedia Manual en Montevideo-Uruguay. Docente externo en la Universidad Católica del Uruguay.Miembro de la Sociedad Española de Medicina Ortopédica Osteopática y Manual (SEMOOYM), Formador y Profesor de sus cursos. Fue miembro cofundador del Grupo Barcelona de Medicina Ortopédica I Manual (GBMOIM 2003 al 2017) y Profesor de sus cursos.--><br />
[/vc_column_text][/vc_column][/vc_row]
</div>

<p>Modalidad online. (fechas a escoger).<span style="color: #7f7dd1;"><strong><br />
• Del 2 al 31 de marzo 2026.<br />
• Del 1 al 30 de abril 2026.<br />
• Del 4 al 31 de mayo 2026.<br />
• Del 1 al 30 de junio 2026.<br />
• Del 1 al 30 de julio 2026.<br />
</strong><br />
</span></p>
<hr />
<p>(<a href="#tab-description">Ver más información</a>)</p>
