{"id":17230,"date":"2023-02-20T11:49:34","date_gmt":"2023-02-20T10:49:34","guid":{"rendered":"https:\/\/tienda.ismet.es\/?post_type=product&#038;p=17230"},"modified":"2026-03-11T11:32:58","modified_gmt":"2026-03-11T10:32:58","slug":"tratamiento-del-dolor-de-espalda-metodo-dr-stran","status":"publish","type":"product","link":"https:\/\/tienda.ismet.es\/index.php\/producto\/tratamiento-del-dolor-de-espalda-metodo-dr-stran\/","title":{"rendered":"&#8211; Tratamiento del dolor de espalda, m\u00e9todo Dr. Str\u00e1n"},"content":{"rendered":"[vc_row][vc_column][vc_video link=&#8221;https:\/\/youtu.be\/adSQyU3tF7c&#8221;][vc_column_text]\n<hr \/>\n<div class=\"woocommerce-product-details__short-description\">\n<h4>Presentaci\u00f3n<\/h4>\n<p>La inmensa mayor\u00eda de las personas sufre dolor de espalda de tipo mec\u00e1nico. Es la patolog\u00eda ma\u0301s frecuente del adulto (m\u00e1s del 85% lo han experimentado por lo menos 1 vez). Pero su la interpretaci\u00f3n cli\u0301nica resulta muchas veces confusa, lo que lleva a tratamientos muchas veces ineficaces. La columna vertebral es la principal causa del dolor cro\u0301nico de espalda y la contractura muscular el signo cl\u00ednico ma\u0301s relevante, pero no su origen. Por tanto, resulta imprescindible tener una metodologi\u0301a de tratamiento que contemple los feno\u0301menos patolo\u0301gicos causales. El Me\u0301todo Stra\u0301n implica reconocer y tratar los elementos patolo\u0301gicos caracteri\u0301sticos en el tejido blando que suceden como consecuencia del desequilibrio meca\u0301nico de la columna vertebral. Se trata de un curso esencialmente pra\u0301ctico, donde el alumno podra\u0301 practicar la te\u0301cnica en cada sector de la columna vertebral.<br \/>\nEs un enfoque global, funcional y segmentario para tratar desde el origen el dolor de espalda. Del cuello al sacro- coxis. Este tipo de dolores se manifiesta por contracturas musculares, que en realidad tienen su origen en la columna vertebral y se expresan en el tejido blando.<\/p>\n<p>Las contracturas musculares cro\u0301nicas, los Puntos gatillo y Bandas Tensas son el resultado del compromiso del nervio raqu\u00eddeo en la columna vertebral durante un desequilibrio funcional. Por u\u0301ltimo, es una te\u0301cnica que se combina perfectamente bien con las te\u0301cnicas de masaje manual, sin ocupar un gran espacio de tiempo.<\/p>\n<hr \/>\n<h4>Objetivos<\/h4>\n<p>Su aplicacio\u0301n brinda al profesional de la terapia manual una poderosa herramienta de diagno\u0301stico lesional y tratamiento, que se combina a la perfeccio\u0301n con las te\u0301cnicas cla\u0301sicas del masaje terape\u0301utico, especialmente el Quiromasaje y Masaje en Estiramiento, potenciando los efectos beneficiosos.<br \/>\nEl masaje terape\u0301utico moderno implica el conocimiento y manejo de los mecanorreceptores que intervienen en todo proceso doloroso musculoesquele\u0301tico, este me\u0301todo es un ejemplo, y la combinacio\u0301n con te\u0301cnicas orientadas en el mismo sentido asegura un tratamiento eficaz y duradero.<br \/>\nPara su resolucio\u0301n, el Me\u0301todo propone un protocolo de bu\u0301squeda y tratamiento de la Banda Tensa en mu\u0301sculos posturales especi\u0301ficos (\u201ccentinelas\u201d) cuyo resultado es el equilibrio funcional musculoesquele\u0301tico y el consecuente alivio del dolor. Su aplicacio\u0301n brinda al terapeuta manual una poderosa herramienta de diagno\u0301stico lesional y tratamiento que se combina a la perfeccio\u0301n con las te\u0301cnicas cla\u0301sicas del masaje terape\u0301utico, especialmente el Quiromasaje y Masaje en Estiramiento, potenciando los resultados satisfactorios.<br \/>\nEl masaje terape\u0301utico moderno implica el conocimiento y manejo de los mecanorreceptores que intervienen en todo proceso doloroso musculoesquele\u0301tico, este Me\u0301todo es un ejemplo, y la combinacio\u0301n con te\u0301cnicas orientadas en el mismo sentido asegura un tratamiento eficaz y duradero.<\/p>\n<p>INDICACIONES<br \/>\nU\u0301til en todas en toda patolog\u00eda de causa mec\u00e1nica: dolor de cabeza, inestabilidad postural perif\u00e9rica, cervicalgia, dorsalgia, c\u00e9rvico-braquialgia, lumbalgia, lumbo-ciatalgia, Sdme. Del Piramidal, dolores como consecuencia de traumatismos evolucionados, discopat\u00edas o artrosis.<br \/>\nPuede aplicarse a cualquier edad, desde ni\u00f1os peque\u00f1os a ancianos.<br \/>\nNo tiene contraindicaciones, salvo dolores no relacionados con un origen mec\u00e1nico<br \/>\nPuede aplicarse a cualquier edad, desde nin\u0303os pequen\u0303os a ancianos. Ideal para las lesiones deportivas.<br \/>\nNo tiene contraindicaciones, salvo dolores no relacionados con un origen meca\u0301nico.<br \/>\n<!--\n\n\n<h4>Impartido por: Dr. C. Daniel Str\u00e1n Frugoni.<\/h4>\n\n\nDoctor en Medicina. Estudios de Post-Grado en Medicina Interna. Especialista en Medicina Ortop\u00e9dica Manual. Autor del M\u00e9todo de abordaje del S\u00edndrome Neuro-Mio-Fascial que lleva su nombre, en base a la T\u00e9cnica de R. Nimmo. Director de los Cursos de Formaci\u00f3n en T\u00e9cnicas de Ortopedia Manual en Montevideo-Uruguay. Docente externo en la Universidad Cat\u00f3lica del Uruguay.Miembro de la Sociedad Espa\u00f1ola de Medicina Ortop\u00e9dica Osteop\u00e1tica y Manual (SEMOOYM), Formador y Profesor de sus cursos. Fue miembro cofundador del Grupo Barcelona de Medicina Ortop\u00e9dica I Manual (GBMOIM 2003 al 2017) y Profesor de sus cursos.--><br \/>\n[\/vc_column_text][\/vc_column][\/vc_row]\n<\/div>\n","protected":false},"excerpt":{"rendered":"<p>Modalidad online.<span style=\"color: #7f7dd1;\"><strong><br \/>\nDel 2 al 31 de marzo 2026.<br \/>\nDel 1 al 30 de abril 2026.<br \/>\nDel 4 al 31 de mayo 2026.<br \/>\nDel 1 al 30 de junio 2026.<br \/>\nDel 1 al 30 de julio 2026. <\/strong><\/span><\/p>\n<hr \/>\n<p>(<a href=\"#tab-description\">Ver m\u00e1s informaci\u00f3n<\/a>)<\/p>\n","protected":false},"featured_media":23411,"comment_status":"open","ping_status":"closed","template":"","meta":{"_joinchat":[]},"product_brand":[],"product_cat":[617,89,98,201,205,202,203,204,179],"product_tag":[354,863,346,546,862,861,387],"class_list":{"0":"post-17230","1":"product","2":"type-product","3":"status-publish","4":"has-post-thumbnail","6":"product_cat-imagenes-profesores","7":"product_cat-terapias-manuales","8":"product_cat-cursos","9":"product_cat-online-marzo","10":"product_cat-online-abril","11":"product_cat-online-mayo","12":"product_cat-online-junio","13":"product_cat-online-julio","14":"product_cat-cursos-presenciales","15":"product_tag-dolor-de-espalda","16":"product_tag-dr-stran","17":"product_tag-dr-c-daniel-stran-frugoni","18":"product_tag-espalda","19":"product_tag-metodo-dr-stran","20":"product_tag-stran","21":"product_tag-tecnicas-manuales","22":"pa_ediciones-edicion-diciembre","23":"pa_ediciones-edicion-enero","24":"pa_ediciones-edicion-febrero","25":"pa_ediciones-edicion-marzo","26":"pa_ediciones-edicion-abril","27":"pa_ediciones-edicion-mayo","28":"pa_ediciones-edicion-junio","29":"pa_ediciones-edicion-julio","31":"first","32":"instock","33":"purchasable","34":"product-type-variable"},"_links":{"self":[{"href":"https:\/\/tienda.ismet.es\/index.php\/wp-json\/wp\/v2\/product\/17230","targetHints":{"allow":["GET"]}}],"collection":[{"href":"https:\/\/tienda.ismet.es\/index.php\/wp-json\/wp\/v2\/product"}],"about":[{"href":"https:\/\/tienda.ismet.es\/index.php\/wp-json\/wp\/v2\/types\/product"}],"replies":[{"embeddable":true,"href":"https:\/\/tienda.ismet.es\/index.php\/wp-json\/wp\/v2\/comments?post=17230"}],"wp:featuredmedia":[{"embeddable":true,"href":"https:\/\/tienda.ismet.es\/index.php\/wp-json\/wp\/v2\/media\/23411"}],"wp:attachment":[{"href":"https:\/\/tienda.ismet.es\/index.php\/wp-json\/wp\/v2\/media?parent=17230"}],"wp:term":[{"taxonomy":"product_brand","embeddable":true,"href":"https:\/\/tienda.ismet.es\/index.php\/wp-json\/wp\/v2\/product_brand?post=17230"},{"taxonomy":"product_cat","embeddable":true,"href":"https:\/\/tienda.ismet.es\/index.php\/wp-json\/wp\/v2\/product_cat?post=17230"},{"taxonomy":"product_tag","embeddable":true,"href":"https:\/\/tienda.ismet.es\/index.php\/wp-json\/wp\/v2\/product_tag?post=17230"}],"curies":[{"name":"wp","href":"https:\/\/api.w.org\/{rel}","templated":true}]}}

&#8211; Tratamiento del dolor de espalda, método Dr. Strán

[vc_row][vc_column][vc_video link=&#8221;https://youtu.be/adSQyU3tF7c&#8221;][vc_column_text]
<hr />
<div class="woocommerce-product-details__short-description">
<h4>Presentación</h4>
<p>La inmensa mayoría de las personas sufre dolor de espalda de tipo mecánico. Es la patología más frecuente del adulto (más del 85% lo han experimentado por lo menos 1 vez). Pero su la interpretación clínica resulta muchas veces confusa, lo que lleva a tratamientos muchas veces ineficaces. La columna vertebral es la principal causa del dolor crónico de espalda y la contractura muscular el signo clínico más relevante, pero no su origen. Por tanto, resulta imprescindible tener una metodología de tratamiento que contemple los fenómenos patológicos causales. El Método Strán implica reconocer y tratar los elementos patológicos característicos en el tejido blando que suceden como consecuencia del desequilibrio mecánico de la columna vertebral. Se trata de un curso esencialmente práctico, donde el alumno podrá practicar la técnica en cada sector de la columna vertebral.<br />
Es un enfoque global, funcional y segmentario para tratar desde el origen el dolor de espalda. Del cuello al sacro- coxis. Este tipo de dolores se manifiesta por contracturas musculares, que en realidad tienen su origen en la columna vertebral y se expresan en el tejido blando.</p>
<p>Las contracturas musculares crónicas, los Puntos gatillo y Bandas Tensas son el resultado del compromiso del nervio raquídeo en la columna vertebral durante un desequilibrio funcional. Por último, es una técnica que se combina perfectamente bien con las técnicas de masaje manual, sin ocupar un gran espacio de tiempo.</p>
<hr />
<h4>Objetivos</h4>
<p>Su aplicación brinda al profesional de la terapia manual una poderosa herramienta de diagnóstico lesional y tratamiento, que se combina a la perfección con las técnicas clásicas del masaje terapéutico, especialmente el Quiromasaje y Masaje en Estiramiento, potenciando los efectos beneficiosos.<br />
El masaje terapéutico moderno implica el conocimiento y manejo de los mecanorreceptores que intervienen en todo proceso doloroso musculoesquelético, este método es un ejemplo, y la combinación con técnicas orientadas en el mismo sentido asegura un tratamiento eficaz y duradero.<br />
Para su resolución, el Método propone un protocolo de búsqueda y tratamiento de la Banda Tensa en músculos posturales específicos (“centinelas”) cuyo resultado es el equilibrio funcional musculoesquelético y el consecuente alivio del dolor. Su aplicación brinda al terapeuta manual una poderosa herramienta de diagnóstico lesional y tratamiento que se combina a la perfección con las técnicas clásicas del masaje terapéutico, especialmente el Quiromasaje y Masaje en Estiramiento, potenciando los resultados satisfactorios.<br />
El masaje terapéutico moderno implica el conocimiento y manejo de los mecanorreceptores que intervienen en todo proceso doloroso musculoesquelético, este Método es un ejemplo, y la combinación con técnicas orientadas en el mismo sentido asegura un tratamiento eficaz y duradero.</p>
<p>INDICACIONES<br />
Útil en todas en toda patología de causa mecánica: dolor de cabeza, inestabilidad postural periférica, cervicalgia, dorsalgia, cérvico-braquialgia, lumbalgia, lumbo-ciatalgia, Sdme. Del Piramidal, dolores como consecuencia de traumatismos evolucionados, discopatías o artrosis.<br />
Puede aplicarse a cualquier edad, desde niños pequeños a ancianos.<br />
No tiene contraindicaciones, salvo dolores no relacionados con un origen mecánico<br />
Puede aplicarse a cualquier edad, desde niños pequeños a ancianos. Ideal para las lesiones deportivas.<br />
No tiene contraindicaciones, salvo dolores no relacionados con un origen mecánico.<br />
<!--


<h4>Impartido por: Dr. C. Daniel Strán Frugoni.</h4>


Doctor en Medicina. Estudios de Post-Grado en Medicina Interna. Especialista en Medicina Ortopédica Manual. Autor del Método de abordaje del Síndrome Neuro-Mio-Fascial que lleva su nombre, en base a la Técnica de R. Nimmo. Director de los Cursos de Formación en Técnicas de Ortopedia Manual en Montevideo-Uruguay. Docente externo en la Universidad Católica del Uruguay.Miembro de la Sociedad Española de Medicina Ortopédica Osteopática y Manual (SEMOOYM), Formador y Profesor de sus cursos. Fue miembro cofundador del Grupo Barcelona de Medicina Ortopédica I Manual (GBMOIM 2003 al 2017) y Profesor de sus cursos.--><br />
[/vc_column_text][/vc_column][/vc_row]
</div>

<p>Modalidad online.<span style="color: #7f7dd1;"><strong><br />
Del 2 al 31 de marzo 2026.<br />
Del 1 al 30 de abril 2026.<br />
Del 4 al 31 de mayo 2026.<br />
Del 1 al 30 de junio 2026.<br />
Del 1 al 30 de julio 2026. </strong></span></p>
<hr />
<p>(<a href="#tab-description">Ver más información</a>)</p>
