{"id":17106,"date":"2023-02-08T14:02:56","date_gmt":"2023-02-08T13:02:56","guid":{"rendered":"https:\/\/tienda.ismet.es\/?post_type=product&#038;p=17106"},"modified":"2026-03-11T11:35:55","modified_gmt":"2026-03-11T10:35:55","slug":"anti-aging-la-belleza-de-envejecer-con-salud","status":"publish","type":"product","link":"https:\/\/tienda.ismet.es\/index.php\/producto\/anti-aging-la-belleza-de-envejecer-con-salud\/","title":{"rendered":"&#8211; Antiaging, la belleza de envejecer con salud"},"content":{"rendered":"[vc_row][vc_column][vc_video link=&#8221;https:\/\/youtu.be\/IMCLaCzfj4M?si=JsZimKZEWDLmcn0V&#8221;][vc_column_text]\n<div class=\"woocommerce-product-details__short-description\">\n<hr \/>\n<p>Somos muchos los que nos preocupa hacernos mayores o parecerlo, est\u00e1 claro que no podemos detener el tiempo ni impedir que nuestro cuerpo envejezca. Lo que si podemos hacer es trabajar ciertos aspectos de nuestro d\u00eda a d\u00eda para alejar enfermedades y tener una buena calidad de vida durante m\u00e1s tiempo.<br \/>\nEn este curso desgranamos los conocimientos actuales que nos ayudan a entender por qu\u00e9 envejecemos y que podemos hacer para ralentizar este proceso.<\/p>\n<hr \/>\n<h4>Objetivos<\/h4>\n<ul>\n<li>Adquirir una visi\u00f3n global y a la vez rigurosa del porqu\u00e9 envejecemos y c\u00f3mo podemos frenar este proceso.<\/li>\n<li>Conocer los alimentos m\u00e1s adecuados para conseguir una vida m\u00e1s longeva.<\/li>\n<li>Descubrir los mejores suplementos antienvejecimiento de soporte y c\u00f3mo utilizarlos.<\/li>\n<\/ul>\n<\/div>\n<hr \/>\n<h4>Programa del Curso<\/h4>\n<ol>\n<li>La importancia de acciones antienvejecimiento. La edad biol\u00f3gica vs la edad cronol\u00f3gica.<\/li>\n<li>Teor\u00edas del envejecimiento.<\/li>\n<li>Mecanismos biol\u00f3gicos del envejecimiento.<\/li>\n<li>Relaci\u00f3n entre el estr\u00e9s y el envejecimiento.<\/li>\n<li>La importancia de la masa muscular.<\/li>\n<li>Alimentaci\u00f3n para la longevidad.<\/li>\n<li>Suplementos para antienvejecimiento.<\/li>\n<li>Biomarcadores del envejecimiento.<\/li>\n<\/ol>\n<hr \/>\n<p><!--\n\n\n<h4>Impartido por: Victoria Garc\u00eda Framis<\/h4>\n\n\nLic. y Doctorada en Ciencias Biol\u00f3gicas (Universidad Aut\u00f3noma de Barcelona). Posgrado en Diet\u00e9tica y nutrici\u00f3n (Universidad Ram\u00f3n Llul). T\u00e9cnico Superior en Diet\u00e9tica y Naturopat\u00eda -->[\/vc_column_text][\/vc_column][\/vc_row]\n","protected":false},"excerpt":{"rendered":"<p>Modalidad online.<span style=\"color: #7f7dd1;\" data-darkreader-inline-color=\"\"><strong><br \/>\n\u2022 Del 2 al 31 de marzo 2026.<br \/>\n\u2022 Del 1 al 30 de abril 2026.<br \/>\n\u2022 Del 4 al 31 de mayo 2026.<br \/>\n\u2022 Del 1 al 30 de junio 2026.<br \/>\n\u2022 Del 1 al 30 de julio 2026.<\/strong><\/span><\/p>\n<p>&nbsp;<\/p>\n<hr \/>\n<p>Si comemos bien tendremos m\u00e1s vitalidad, m\u00e1s claridad mental y una mayor resistencia a las enfermedades. Hoy en d\u00eda la informaci\u00f3n que nos llega es abundante y confusa&#8230; (<a href=\"#tab-description\">Ver m\u00e1s informaci\u00f3n<\/a>)<\/p>\n","protected":false},"featured_media":17115,"comment_status":"open","ping_status":"closed","template":"","meta":{"_joinchat":[]},"product_brand":[],"product_cat":[617,82,184,98,180,201,205,202,203,204],"product_tag":[315,813,634,815,814,428],"class_list":{"0":"post-17106","1":"product","2":"type-product","3":"status-publish","4":"has-post-thumbnail","6":"product_cat-imagenes-profesores","7":"product_cat-naturopatia","8":"product_cat-alimentacion-saludable","9":"product_cat-cursos","10":"product_cat-online","11":"product_cat-online-marzo","12":"product_cat-online-abril","13":"product_cat-online-mayo","14":"product_cat-online-junio","15":"product_cat-online-julio","16":"product_tag-alimentacion-saludable","17":"product_tag-antiaging","18":"product_tag-belleza","19":"product_tag-comer-bien","20":"product_tag-envejecer-con-salud","21":"product_tag-victoria-garcia-framis","22":"pa_ediciones-edicion-diciembre","23":"pa_ediciones-edicion-enero","24":"pa_ediciones-edicion-febrero","25":"pa_ediciones-edicion-marzo","26":"pa_ediciones-edicion-abril","27":"pa_ediciones-edicion-mayo","28":"pa_ediciones-edicion-junio","29":"pa_ediciones-edicion-julio","30":"pa_ediciones-edicion-agosto","31":"pa_ediciones-edicion-septiembre","32":"pa_ediciones-edicion-octubre","33":"pa_ediciones-edicion-noviembre","35":"first","36":"instock","37":"purchasable","38":"product-type-variable"},"_links":{"self":[{"href":"https:\/\/tienda.ismet.es\/index.php\/wp-json\/wp\/v2\/product\/17106","targetHints":{"allow":["GET"]}}],"collection":[{"href":"https:\/\/tienda.ismet.es\/index.php\/wp-json\/wp\/v2\/product"}],"about":[{"href":"https:\/\/tienda.ismet.es\/index.php\/wp-json\/wp\/v2\/types\/product"}],"replies":[{"embeddable":true,"href":"https:\/\/tienda.ismet.es\/index.php\/wp-json\/wp\/v2\/comments?post=17106"}],"wp:featuredmedia":[{"embeddable":true,"href":"https:\/\/tienda.ismet.es\/index.php\/wp-json\/wp\/v2\/media\/17115"}],"wp:attachment":[{"href":"https:\/\/tienda.ismet.es\/index.php\/wp-json\/wp\/v2\/media?parent=17106"}],"wp:term":[{"taxonomy":"product_brand","embeddable":true,"href":"https:\/\/tienda.ismet.es\/index.php\/wp-json\/wp\/v2\/product_brand?post=17106"},{"taxonomy":"product_cat","embeddable":true,"href":"https:\/\/tienda.ismet.es\/index.php\/wp-json\/wp\/v2\/product_cat?post=17106"},{"taxonomy":"product_tag","embeddable":true,"href":"https:\/\/tienda.ismet.es\/index.php\/wp-json\/wp\/v2\/product_tag?post=17106"}],"curies":[{"name":"wp","href":"https:\/\/api.w.org\/{rel}","templated":true}]}}

[vc_row][vc_column][vc_video link=&#8221;https://youtu.be/IMCLaCzfj4M?si=JsZimKZEWDLmcn0V&#8221;][vc_column_text]
<div class="woocommerce-product-details__short-description">
<hr />
<p>Somos muchos los que nos preocupa hacernos mayores o parecerlo, está claro que no podemos detener el tiempo ni impedir que nuestro cuerpo envejezca. Lo que si podemos hacer es trabajar ciertos aspectos de nuestro día a día para alejar enfermedades y tener una buena calidad de vida durante más tiempo.<br />
En este curso desgranamos los conocimientos actuales que nos ayudan a entender por qué envejecemos y que podemos hacer para ralentizar este proceso.</p>
<hr />
<h4>Objetivos</h4>
<ul>
<li>Adquirir una visión global y a la vez rigurosa del porqué envejecemos y cómo podemos frenar este proceso.</li>
<li>Conocer los alimentos más adecuados para conseguir una vida más longeva.</li>
<li>Descubrir los mejores suplementos antienvejecimiento de soporte y cómo utilizarlos.</li>
</ul>
</div>
<hr />
<h4>Programa del Curso</h4>
<ol>
<li>La importancia de acciones antienvejecimiento. La edad biológica vs la edad cronológica.</li>
<li>Teorías del envejecimiento.</li>
<li>Mecanismos biológicos del envejecimiento.</li>
<li>Relación entre el estrés y el envejecimiento.</li>
<li>La importancia de la masa muscular.</li>
<li>Alimentación para la longevidad.</li>
<li>Suplementos para antienvejecimiento.</li>
<li>Biomarcadores del envejecimiento.</li>
</ol>
<hr />
<p><!--


<h4>Impartido por: Victoria García Framis</h4>


Lic. y Doctorada en Ciencias Biológicas (Universidad Autónoma de Barcelona). Posgrado en Dietética y nutrición (Universidad Ramón Llul). Técnico Superior en Dietética y Naturopatía -->[/vc_column_text][/vc_column][/vc_row]

<p>Modalidad online.<span style="color: #7f7dd1;" data-darkreader-inline-color=""><strong><br />
• Del 2 al 31 de marzo 2026.<br />
• Del 1 al 30 de abril 2026.<br />
• Del 4 al 31 de mayo 2026.<br />
• Del 1 al 30 de junio 2026.<br />
• Del 1 al 30 de julio 2026.</strong></span></p>
<p>&nbsp;</p>
<hr />
<p>Si comemos bien tendremos más vitalidad, más claridad mental y una mayor resistencia a las enfermedades. Hoy en día la información que nos llega es abundante y confusa&#8230; (<a href="#tab-description">Ver más información</a>)</p>
