{"id":1705,"date":"2018-09-04T13:40:45","date_gmt":"2018-09-04T12:40:45","guid":{"rendered":"https:\/\/tienda.ismet.es\/index.php\/producto\/ortomolecular-en-limpieza-y-trastornos-hepticos\/"},"modified":"2026-03-11T12:57:04","modified_gmt":"2026-03-11T11:57:04","slug":"ortomolecular-en-limpieza-y-trastornos-hepticos","status":"publish","type":"product","link":"https:\/\/tienda.ismet.es\/index.php\/producto\/ortomolecular-en-limpieza-y-trastornos-hepticos\/","title":{"rendered":"&#8211; Limpieza y trastornos hep\u00e1ticos con nutrici\u00f3n ortomolecular y t\u00e9cnicas afines"},"content":{"rendered":"[vc_row][vc_column][vc_video link=&#8221;https:\/\/youtu.be\/FSJopJaDQy4&#8243;][vc_column_text]\n<hr \/>\n<div class=\"woocommerce-product-details__short-description\">\n<p class=\"curso\">Los recientes trabajos de la Dra Hulda Clark (parasitosis y procesos hepatobiliares) el best seller del Dr Andreas Moritz \u201cLimpieza hep\u00e1tica\u201d han puesto de realce la necesidad de depurar peri\u00f3dicamente este \u00f3rgano denominado el \u201cgran laboratorio del organismo\u201d y al que se le reconocen m\u00e1s de 300 funciones diferentes.<\/p>\n<hr \/>\n<h4>Objetivos<\/h4>\n<p>Nos proponemos presentar los principales hallazgos en materia de depuraci\u00f3n hepatobiliar as\u00ed como proporcionar informaci\u00f3n acerca de alteraciones tan consultadas como insuficiencia hep\u00e1tica o trastornos de la ves\u00edcula biliar. Daremos a nuestro\u00a0 curso un marcado car\u00e1cter interactivo que invite a la participaci\u00f3n de sus componentes pudi\u00e9ndose plantear, dentro de lo razonable, otras terap\u00e9uticas a petici\u00f3n del alumnado.<\/p>\n<\/div>\n<hr \/>\n<h4>Programa del Curso<\/h4>\n<ol>\n<li>Anatom\u00eda de H\u00edgado y Ves\u00edcula Biliar<\/li>\n<li>Fisiolog\u00eda: Fases 1 y 2 de Detoxificaci\u00f3n Hep\u00e1tica<\/li>\n<li>\u00a0Insuficiencia Hep\u00e1tica:<br \/>\n\u2013 Insuficiencia leve, moderada y grave<br \/>\n\u2013 Plantas coler\u00e9ticas y<br \/>\ncolagogas<\/li>\n<li>Ves\u00edcula y v\u00edas biliares<br \/>\n\u2013 Dieta recomendada para el tratamiento de la<br \/>\nVes\u00edcula Biliar.<br \/>\n\u2013 Fitoterapia<br \/>\n\u2013 Cura de Litiasis Biliar (piedras en la ves\u00edcula)<\/li>\n<li>Curas de h\u00edgado y ves\u00edcula:<br \/>\n\u2013 Cura Tradicional (ayuno con agua, lim\u00f3n y cayena<br \/>\no jengibre)<br \/>\n\u2013 Cura de la Dra. Hulda Clark<\/li>\n<li>\u00a0Fundamento de su tratamiento<\/li>\n<li>El dispositivo Zapper<\/li>\n<li>T\u00e9cnica de desparasitaci\u00f3n con fitoterapia<\/li>\n<li>Ozonizaci\u00f3n de aceites<br \/>\n\u2013 Cura del Dr Andreas Moritz<\/li>\n<li>Base te\u00f3rica de su tratamiento<\/li>\n<li>Preparaci\u00f3n de la cura y compras de los<br \/>\npreparados<\/li>\n<li>\u00a0Los 7 d\u00edas de la Cura Moritz<\/li>\n<li>\u00bfC\u00f3mo alimentarse correctamente? Alimentaci\u00f3n<br \/>\nAncestral del Dr. Jean Seignalet<\/li>\n<li>Dieta Hepatobiliar<\/li>\n<li>Bibliograf\u00eda y accesos telem\u00e1ticos recomendados.<\/li>\n<li>Anexos<\/li>\n<\/ol>\n<hr \/>\n<p><!--\n\n\n<h4>Impartido por: Enric Ser<\/h4>\n\n\nDiplomado en Terapias Naturales (Universidad Aut\u00f3noma de Barcelona y por el Real centro Universitario Reina M\u00aa Cristina de Madrid). Dr. in Naturopathy por la American University of Natural Medic (Florida\/EUA). T\u00e9cnica Higienista por Nature et Vie (Lorient-France). Profesor titular del \u00e1rea de Terapia Ortomolecular en ISMET. Profesor colaborador en diversos cursos Posgrado de la Escuela Universitaria de Ciencias de la Salud de Vic (Barcelona) y de la Escuela de Enfermer\u00eda Gimbernat (Sant Cugat-Barcelona). Autor de diversos libros ya publicados de Terapia Biol\u00f3gica e Historia de la Medicina y ex-colaborador de distintas publicaciones del sector (Cuerpomente, Vital, Vivir con salud, Diet\u00e9tica y salud). Premio Nacional de Investigaci\u00f3n Educativa del Ministerio de Educaci\u00f3n y Ciencia.--><br \/>\n[\/vc_column_text][\/vc_column][\/vc_row]\n","protected":false},"excerpt":{"rendered":"<p>Modalidad online.<span style=\"color: #7f7dd1;\" data-darkreader-inline-color=\"\"><strong><br \/>\n\u2022 Del 2 al 31 de marzo 2026.<br \/>\n\u2022 Del 1 al 30 de abril 2026.<br \/>\n\u2022 Del 4 al 31 de mayo 2026.<br \/>\n\u2022 Del 1 al 30 de junio 2026.<br \/>\n\u2022 Del 1 al 30 de julio 2026.<\/strong><\/span><\/p>\n<hr \/>\n<p>Nos proponemos presentar los principales hallazgos en materia de depuraci\u00f3n hepatobiliar as\u00ed como proporcionar informaci\u00f3n acerca de alteraciones tan consultadas como insuficiencia hep\u00e1tica o trastornos de la ves\u00edcula biliar&#8230; (<a href=\"#tab-description\">Ver m\u00e1s informaci\u00f3n<\/a>)<\/p>\n","protected":false},"featured_media":24436,"comment_status":"open","ping_status":"closed","template":"","meta":{"_joinchat":[]},"product_brand":[],"product_cat":[223,617,82,184,98,180,201,205,202,203,204],"product_tag":[219,748,328,705,749],"class_list":{"0":"post-1705","1":"product","2":"type-product","3":"status-publish","4":"has-post-thumbnail","6":"product_cat-black-friday","7":"product_cat-imagenes-profesores","8":"product_cat-naturopatia","9":"product_cat-alimentacion-saludable","10":"product_cat-cursos","11":"product_cat-online","12":"product_cat-online-marzo","13":"product_cat-online-abril","14":"product_cat-online-mayo","15":"product_cat-online-junio","16":"product_cat-online-julio","17":"product_tag-enric-ser","18":"product_tag-limpieza","19":"product_tag-nutricion","20":"product_tag-ortomolecular","21":"product_tag-trastornos-hepaticos","22":"pa_ediciones-edicion-diciembre","23":"pa_ediciones-edicion-enero","24":"pa_ediciones-edicion-febrero","25":"pa_ediciones-edicion-marzo","26":"pa_ediciones-edicion-abril","27":"pa_ediciones-edicion-mayo","28":"pa_ediciones-edicion-junio","29":"pa_ediciones-edicion-julio","31":"first","32":"instock","33":"purchasable","34":"product-type-variable"},"_links":{"self":[{"href":"https:\/\/tienda.ismet.es\/index.php\/wp-json\/wp\/v2\/product\/1705","targetHints":{"allow":["GET"]}}],"collection":[{"href":"https:\/\/tienda.ismet.es\/index.php\/wp-json\/wp\/v2\/product"}],"about":[{"href":"https:\/\/tienda.ismet.es\/index.php\/wp-json\/wp\/v2\/types\/product"}],"replies":[{"embeddable":true,"href":"https:\/\/tienda.ismet.es\/index.php\/wp-json\/wp\/v2\/comments?post=1705"}],"wp:featuredmedia":[{"embeddable":true,"href":"https:\/\/tienda.ismet.es\/index.php\/wp-json\/wp\/v2\/media\/24436"}],"wp:attachment":[{"href":"https:\/\/tienda.ismet.es\/index.php\/wp-json\/wp\/v2\/media?parent=1705"}],"wp:term":[{"taxonomy":"product_brand","embeddable":true,"href":"https:\/\/tienda.ismet.es\/index.php\/wp-json\/wp\/v2\/product_brand?post=1705"},{"taxonomy":"product_cat","embeddable":true,"href":"https:\/\/tienda.ismet.es\/index.php\/wp-json\/wp\/v2\/product_cat?post=1705"},{"taxonomy":"product_tag","embeddable":true,"href":"https:\/\/tienda.ismet.es\/index.php\/wp-json\/wp\/v2\/product_tag?post=1705"}],"curies":[{"name":"wp","href":"https:\/\/api.w.org\/{rel}","templated":true}]}}