{"id":1703,"date":"2018-09-04T13:40:44","date_gmt":"2018-09-04T12:40:44","guid":{"rendered":"https:\/\/tienda.ismet.es\/index.php\/producto\/epicondilitis-con-terapias-manuales\/"},"modified":"2025-10-28T10:32:47","modified_gmt":"2025-10-28T09:32:47","slug":"epicondilitis-con-terapias-manuales","status":"publish","type":"product","link":"https:\/\/tienda.ismet.es\/index.php\/producto\/epicondilitis-con-terapias-manuales\/","title":{"rendered":"&#8211; Epicondilitis (codo de tenista), con terapias manuales"},"content":{"rendered":"[vc_row][vc_column][vc_video link=&#8221;https:\/\/www.youtube.com\/watch?v=4cYeC_-LY4k&#8221;][vc_column_text]\n<div class=\"woocommerce-product-details__short-description\"><\/div>\n<hr \/>\n<h4>Objetivos<\/h4>\n<ol>\n<li>Aprender un protocolo de tratamiento integrativo completo para la epicondilitis, utilizando diferentes t\u00e9cnicas manuales.<\/li>\n<li>Localizar con precisi\u00f3n los puntos de afectaci\u00f3n en los tendones del codo para aplicar un tratamiento eficaz.<\/li>\n<li>Dominar el masaje Cyriax como herramienta clave para aliviar la tensi\u00f3n en los tendones afectados.<\/li>\n<li>Aplicar kinesiotape y tape correctamente para reducir el dolor y mejorar la movilidad.<br \/>\n\u2022 Aprender los puntos reflexol\u00f3gicos de Facioterapia-Dien Chan para aliviar el dolor de manera efectiva.<\/li>\n<\/ol>\n<hr \/>\n<h4>Programa del Curso<\/h4>\n<ol>\n<li>Introducci\u00f3n al curso y a la patolog\u00eda: Entender la epicondilitis y sus causas.<\/li>\n<li>Localizaci\u00f3n anat\u00f3mica: Identificaci\u00f3n de las zonas clave afectadas por la lesi\u00f3n.<\/li>\n<li>Masaje de calentamiento: T\u00e9cnicas previas para preparar los m\u00fasculos y tendones.<\/li>\n<li>Masaje de descarga muscular: T\u00e9cnicas de relajaci\u00f3n para reducir la tensi\u00f3n muscular en el \u00e1rea.<\/li>\n<li>Masaje Cyriax: Enfoque especializado para tratar el codo de tenista.<\/li>\n<li>Recomendaciones de potenciaci\u00f3n muscular: Ejercicios y pautas para fortalecer la zona.<\/li>\n<li>Aplicaci\u00f3n de Tape y kinesiotape: C\u00f3mo utilizar estas herramientas para aliviar el dolor y mejorar la recuperaci\u00f3n.<\/li>\n<li>Reflexolog\u00eda Facial (Facioterapia-Dien Chan): Puntos reflexol\u00f3gicos espec\u00edficos para aliviar el dolor y acelerar la curaci\u00f3n.<\/li>\n<\/ol>\n<hr \/>\n<p><!--\n\n\n<h4>Impartido por:<\/h4>\n\n\n<strong>Montse Garc\u00eda<\/strong>\nNatur\u00f3pata, Quiromasajista. Experta en reflexoterapia podal y masaje deportivo. Facioterapeuta, formadora certificada en Facioterapia-Dien Chan por el Profesor Dr. B\u00f9i Qu\u00f4c Ch\u00e2u en Espa\u00f1a (2004) y en Ho Chi Minh, en Vietnam (2006 y 2009). Coordinadora de masajistas deportivos en Competiciones de \u00e1mbito nacional e internacional. Premio \u201cSta. \u00c1gueda 2008\u201d, por su dedicaci\u00f3n y trayectoria en el mundo del deporte.\n--><br \/>\n[\/vc_column_text][\/vc_column][\/vc_row]\n","protected":false},"excerpt":{"rendered":"<p>Modalidad presencial. <span style=\"color: #7f7dd1;\"> <strong><br \/>\nprogramando fechas&#8230;<\/strong><\/span><\/p>\n<hr \/>\n<p><strong>Precio Total: <\/strong>69\u20ac. Se abonar\u00e1 en el momento de formalizar inscripci\u00f3n. Plazas limitadas. Es necesario reservar con antelaci\u00f3n.<\/p>\n<hr \/>\n<p>Aprender un protocolo de tratamiento para trabajar sobre esta lesi\u00f3n&#8230;(<a href=\"#tab-description\">Ver m\u00e1s informaci\u00f3n<\/a>)<\/p>\n","protected":false},"featured_media":8798,"comment_status":"open","ping_status":"closed","template":"","meta":{"_joinchat":[]},"product_brand":[],"product_cat":[617,89,98,179],"product_tag":[619,618,436,620,385],"class_list":{"0":"post-1703","1":"product","2":"type-product","3":"status-publish","4":"has-post-thumbnail","6":"product_cat-imagenes-profesores","7":"product_cat-terapias-manuales","8":"product_cat-cursos","9":"product_cat-cursos-presenciales","10":"product_tag-codo","11":"product_tag-codo-tenista","12":"product_tag-dolor","13":"product_tag-epicondilitis","14":"product_tag-reflexo","15":"pa_ediciones-edicion-julio","16":"pa_ediciones-edicion-septiembre","18":"first","19":"instock","20":"virtual","21":"purchasable","22":"product-type-simple"},"_links":{"self":[{"href":"https:\/\/tienda.ismet.es\/index.php\/wp-json\/wp\/v2\/product\/1703","targetHints":{"allow":["GET"]}}],"collection":[{"href":"https:\/\/tienda.ismet.es\/index.php\/wp-json\/wp\/v2\/product"}],"about":[{"href":"https:\/\/tienda.ismet.es\/index.php\/wp-json\/wp\/v2\/types\/product"}],"replies":[{"embeddable":true,"href":"https:\/\/tienda.ismet.es\/index.php\/wp-json\/wp\/v2\/comments?post=1703"}],"wp:featuredmedia":[{"embeddable":true,"href":"https:\/\/tienda.ismet.es\/index.php\/wp-json\/wp\/v2\/media\/8798"}],"wp:attachment":[{"href":"https:\/\/tienda.ismet.es\/index.php\/wp-json\/wp\/v2\/media?parent=1703"}],"wp:term":[{"taxonomy":"product_brand","embeddable":true,"href":"https:\/\/tienda.ismet.es\/index.php\/wp-json\/wp\/v2\/product_brand?post=1703"},{"taxonomy":"product_cat","embeddable":true,"href":"https:\/\/tienda.ismet.es\/index.php\/wp-json\/wp\/v2\/product_cat?post=1703"},{"taxonomy":"product_tag","embeddable":true,"href":"https:\/\/tienda.ismet.es\/index.php\/wp-json\/wp\/v2\/product_tag?post=1703"}],"curies":[{"name":"wp","href":"https:\/\/api.w.org\/{rel}","templated":true}]}}

[vc_row][vc_column][vc_video link=&#8221;https://www.youtube.com/watch?v=4cYeC_-LY4k&#8221;][vc_column_text]
<div class="woocommerce-product-details__short-description"></div>
<hr />
<h4>Objetivos</h4>
<ol>
<li>Aprender un protocolo de tratamiento integrativo completo para la epicondilitis, utilizando diferentes técnicas manuales.</li>
<li>Localizar con precisión los puntos de afectación en los tendones del codo para aplicar un tratamiento eficaz.</li>
<li>Dominar el masaje Cyriax como herramienta clave para aliviar la tensión en los tendones afectados.</li>
<li>Aplicar kinesiotape y tape correctamente para reducir el dolor y mejorar la movilidad.<br />
• Aprender los puntos reflexológicos de Facioterapia-Dien Chan para aliviar el dolor de manera efectiva.</li>
</ol>
<hr />
<h4>Programa del Curso</h4>
<ol>
<li>Introducción al curso y a la patología: Entender la epicondilitis y sus causas.</li>
<li>Localización anatómica: Identificación de las zonas clave afectadas por la lesión.</li>
<li>Masaje de calentamiento: Técnicas previas para preparar los músculos y tendones.</li>
<li>Masaje de descarga muscular: Técnicas de relajación para reducir la tensión muscular en el área.</li>
<li>Masaje Cyriax: Enfoque especializado para tratar el codo de tenista.</li>
<li>Recomendaciones de potenciación muscular: Ejercicios y pautas para fortalecer la zona.</li>
<li>Aplicación de Tape y kinesiotape: Cómo utilizar estas herramientas para aliviar el dolor y mejorar la recuperación.</li>
<li>Reflexología Facial (Facioterapia-Dien Chan): Puntos reflexológicos específicos para aliviar el dolor y acelerar la curación.</li>
</ol>
<hr />
<p><!--


<h4>Impartido por:</h4>


<strong>Montse García</strong>
Naturópata, Quiromasajista. Experta en reflexoterapia podal y masaje deportivo. Facioterapeuta, formadora certificada en Facioterapia-Dien Chan por el Profesor Dr. Bùi Quôc Châu en España (2004) y en Ho Chi Minh, en Vietnam (2006 y 2009). Coordinadora de masajistas deportivos en Competiciones de ámbito nacional e internacional. Premio “Sta. Águeda 2008”, por su dedicación y trayectoria en el mundo del deporte.
--><br />
[/vc_column_text][/vc_column][/vc_row]

<p>Modalidad presencial. <span style="color: #7f7dd1;"> <strong><br />
programando fechas&#8230;</strong></span></p>
<hr />
<p><strong>Precio Total: </strong>69€. Se abonará en el momento de formalizar inscripción. Plazas limitadas. Es necesario reservar con antelación.</p>
<hr />
<p>Aprender un protocolo de tratamiento para trabajar sobre esta lesión&#8230;(<a href="#tab-description">Ver más información</a>)</p>
