{"id":1659,"date":"2018-09-04T13:40:37","date_gmt":"2018-09-04T12:40:37","guid":{"rendered":"https:\/\/tienda.ismet.es\/index.php\/producto\/aromaterapia-nivel-ii\/"},"modified":"2026-03-12T12:15:15","modified_gmt":"2026-03-12T11:15:15","slug":"aromaterapia-nivel-ii","status":"publish","type":"product","link":"https:\/\/tienda.ismet.es\/index.php\/producto\/aromaterapia-nivel-ii\/","title":{"rendered":"&#8211; Aromaterapia hol\u00edstica, terap\u00e9utica, est\u00e9tica, energ\u00e9tica y emocional. Nivel II"},"content":{"rendered":"[vc_row][vc_column][vc_video link=&#8221;https:\/\/youtu.be\/w-gv5EgGJwY?si=pHT9gs4N4LNGGF_l&#8221;][vc_column_text]\n<hr \/>\n<div class=\"woocommerce-product-details__short-description\">\n<p>Este programa formativo est\u00e1 basado en los conocimientos de la escuela francesa y la escuela anglosajona, de Aromaterapia. Son objetivos de este curso adquirir los conocimientos de los AES a nivel terap\u00e9utico, est\u00e9tico, energ\u00e9tico y emocional. Es un curso enfocado en la Aromaterapia Hol\u00edstica, y por tanto, cada uno de vosotros lo podr\u00e1 llevar al campo en el que trabaje. Tambi\u00e9n nos introduciremos en el conocimiento de las plantas arom\u00e1ticas, sus nomenclaturas, las familias bot\u00e1nicas a las que pertenecen, y su estructura molecular. Al finalizar los dos niveles, sabremos emplear los aceites esenciales con seguridad, conoceremos los aceites vegetales y macerados.<\/p>\n<hr \/>\n<h4>Objetivos<\/h4>\n<p>Podremos utilizar la aromaterapia y su aplicaci\u00f3n en situaciones cotidianas. En cada curso profundizaremos y conoceremos bien las propiedades de 40 aceites esenciales, y 13 aceites vegetales. Conocer las plantas arom\u00e1ticas, sus propiedades, aplicaciones a nivel de cuerpo, piel, sistema nervioso, emocional. En cada curso profundizaremos y conoceremos bien las propiedades de 40 aceites esenciales, y 13 aceites vegetales. Conocer las plantas arom\u00e1ticas, sus propiedades, aplicaciones a nivel de cuerpo, piel, sistema nervioso, emocional, contraindicaciones y sinergias para diferentes situaciones. Tambi\u00e9n adquirir conocimientos b\u00e1sicos de las estructuras moleculares de los aceites esenciales.<\/p>\n<\/div>\n<hr \/>\n<h4>Programa del Curso<\/h4>\n<ul>\n<li>Nivel 2<\/li>\n<\/ul>\n<p>\u2013 Mezclas y sinergias. Notas arom\u00e1ticas.<br \/>\n\u2013 Los aceites esenciales y el PH<br \/>\n\u2013 Bioenerg\u00e9tica y aromaterapia<br \/>\n\u2013 Concepto Yin-Yang de la medicina china<br \/>\n\u2013 Contraindicaciones en el masaje<br \/>\n\u2013 Relaci\u00f3n entre la afectaci\u00f3n org\u00e1nica y su expresi\u00f3n psicosom\u00e1tica<br \/>\n&#8211; Documentaci\u00f3n de 15 aceite esenciales y 6 aceites vegetales y macerados<\/p>\n<hr \/>\n<p><!--\n\n\n<h4>Impartido por: Yolanda Rico<\/h4>\n\n\nAromat\u00f3loga. Especializada en aromaterapia y cosm\u00e9tica natural.-->[\/vc_column_text][\/vc_column][\/vc_row]\n","protected":false},"excerpt":{"rendered":"<p>Modalidad presencial (fechas a escoger)<span style=\"color: #7f7dd1;\" data-darkreader-inline-color=\"\"><strong><br \/>\n. S\u00e1bado 11 y Domingo 12 de abril 2026, de 10 a 14:30 h.<br \/>\n. Martes 2-9-16 junio 2026, de 10 a 13h.<br \/>\n<\/strong><\/span><\/p>\n<hr \/>\n<p>Modalidad online (fechas a escoger)<span style=\"color: #7f7dd1;\" data-darkreader-inline-color=\"\"><strong><br \/>\n\u2022 Del 2 al 31 de marzo 2026.<br \/>\n\u2022 Del 1 al 30 de abril 2026.<br \/>\n\u2022 Del 4 al 31 de mayo 2026.<br \/>\n\u2022 Del 1 al 30 de junio 2026.<br \/>\n\u2022 Del 1 al 30 de julio 2026.<br \/>\n<\/strong><\/span><\/p>\n<hr \/>\n<p>En cada curso profundizaremos y conoceremos bien las propiedades de 40 aceites esenciales, y 13 aceites vegetales. Conocer las plantas arom\u00e1ticas, sus propiedades, aplicaciones&#8230; (<a href=\"#tab-description\">Ver m\u00e1s informaci\u00f3n<\/a>)<\/p>\n","protected":false},"featured_media":12121,"comment_status":"open","ping_status":"closed","template":"","meta":{"_joinchat":[]},"product_brand":[],"product_cat":[617,182,98,180,201,205,202,203,204,179,197,199],"product_tag":[340,458,459,336,338],"class_list":{"0":"post-1659","1":"product","2":"type-product","3":"status-publish","4":"has-post-thumbnail","6":"product_cat-imagenes-profesores","7":"product_cat-wellness-y-estetica","8":"product_cat-cursos","9":"product_cat-online","10":"product_cat-online-marzo","11":"product_cat-online-abril","12":"product_cat-online-mayo","13":"product_cat-online-junio","14":"product_cat-online-julio","15":"product_cat-cursos-presenciales","16":"product_cat-presencial-abril","17":"product_cat-presencial-junio","18":"product_tag-aroma","19":"product_tag-aromaterapia","20":"product_tag-aromaterapia-holistica","21":"product_tag-cosmetica-natural","22":"product_tag-estetica-natural","23":"pa_ediciones-grupo-sabados","24":"pa_ediciones-grupo-semanal","25":"pa_ediciones-edicion-diciembre","26":"pa_ediciones-edicion-enero","27":"pa_ediciones-edicion-febrero","28":"pa_ediciones-edicion-marzo","29":"pa_ediciones-edicion-abril","30":"pa_ediciones-edicion-mayo","31":"pa_ediciones-edicion-junio","32":"pa_ediciones-edicion-julio","33":"pa_ediciones-edicion-agosto","34":"pa_ediciones-edicion-septiembre","35":"pa_ediciones-edicion-octubre","36":"pa_ediciones-edicion-noviembre","37":"pa_modalidad-online","38":"pa_modalidad-presencial","40":"first","41":"instock","42":"purchasable","43":"product-type-variable"},"_links":{"self":[{"href":"https:\/\/tienda.ismet.es\/index.php\/wp-json\/wp\/v2\/product\/1659","targetHints":{"allow":["GET"]}}],"collection":[{"href":"https:\/\/tienda.ismet.es\/index.php\/wp-json\/wp\/v2\/product"}],"about":[{"href":"https:\/\/tienda.ismet.es\/index.php\/wp-json\/wp\/v2\/types\/product"}],"replies":[{"embeddable":true,"href":"https:\/\/tienda.ismet.es\/index.php\/wp-json\/wp\/v2\/comments?post=1659"}],"wp:featuredmedia":[{"embeddable":true,"href":"https:\/\/tienda.ismet.es\/index.php\/wp-json\/wp\/v2\/media\/12121"}],"wp:attachment":[{"href":"https:\/\/tienda.ismet.es\/index.php\/wp-json\/wp\/v2\/media?parent=1659"}],"wp:term":[{"taxonomy":"product_brand","embeddable":true,"href":"https:\/\/tienda.ismet.es\/index.php\/wp-json\/wp\/v2\/product_brand?post=1659"},{"taxonomy":"product_cat","embeddable":true,"href":"https:\/\/tienda.ismet.es\/index.php\/wp-json\/wp\/v2\/product_cat?post=1659"},{"taxonomy":"product_tag","embeddable":true,"href":"https:\/\/tienda.ismet.es\/index.php\/wp-json\/wp\/v2\/product_tag?post=1659"}],"curies":[{"name":"wp","href":"https:\/\/api.w.org\/{rel}","templated":true}]}}

&#8211; Aromaterapia holística, terapéutica, estética, energética y emocional. Nivel II

[vc_row][vc_column][vc_video link=&#8221;https://youtu.be/w-gv5EgGJwY?si=pHT9gs4N4LNGGF_l&#8221;][vc_column_text]
<hr />
<div class="woocommerce-product-details__short-description">
<p>Este programa formativo está basado en los conocimientos de la escuela francesa y la escuela anglosajona, de Aromaterapia. Son objetivos de este curso adquirir los conocimientos de los AES a nivel terapéutico, estético, energético y emocional. Es un curso enfocado en la Aromaterapia Holística, y por tanto, cada uno de vosotros lo podrá llevar al campo en el que trabaje. También nos introduciremos en el conocimiento de las plantas aromáticas, sus nomenclaturas, las familias botánicas a las que pertenecen, y su estructura molecular. Al finalizar los dos niveles, sabremos emplear los aceites esenciales con seguridad, conoceremos los aceites vegetales y macerados.</p>
<hr />
<h4>Objetivos</h4>
<p>Podremos utilizar la aromaterapia y su aplicación en situaciones cotidianas. En cada curso profundizaremos y conoceremos bien las propiedades de 40 aceites esenciales, y 13 aceites vegetales. Conocer las plantas aromáticas, sus propiedades, aplicaciones a nivel de cuerpo, piel, sistema nervioso, emocional. En cada curso profundizaremos y conoceremos bien las propiedades de 40 aceites esenciales, y 13 aceites vegetales. Conocer las plantas aromáticas, sus propiedades, aplicaciones a nivel de cuerpo, piel, sistema nervioso, emocional, contraindicaciones y sinergias para diferentes situaciones. También adquirir conocimientos básicos de las estructuras moleculares de los aceites esenciales.</p>
</div>
<hr />
<h4>Programa del Curso</h4>
<ul>
<li>Nivel 2</li>
</ul>
<p>– Mezclas y sinergias. Notas aromáticas.<br />
– Los aceites esenciales y el PH<br />
– Bioenergética y aromaterapia<br />
– Concepto Yin-Yang de la medicina china<br />
– Contraindicaciones en el masaje<br />
– Relación entre la afectación orgánica y su expresión psicosomática<br />
&#8211; Documentación de 15 aceite esenciales y 6 aceites vegetales y macerados</p>
<hr />
<p><!--


<h4>Impartido por: Yolanda Rico</h4>


Aromatóloga. Especializada en aromaterapia y cosmética natural.-->[/vc_column_text][/vc_column][/vc_row]

<p>Modalidad presencial (fechas a escoger)<span style="color: #7f7dd1;" data-darkreader-inline-color=""><strong><br />
. Sábado 11 y Domingo 12 de abril 2026, de 10 a 14:30 h.<br />
. Martes 2-9-16 junio 2026, de 10 a 13h.<br />
</strong></span></p>
<hr />
<p>Modalidad online (fechas a escoger)<span style="color: #7f7dd1;" data-darkreader-inline-color=""><strong><br />
• Del 2 al 31 de marzo 2026.<br />
• Del 1 al 30 de abril 2026.<br />
• Del 4 al 31 de mayo 2026.<br />
• Del 1 al 30 de junio 2026.<br />
• Del 1 al 30 de julio 2026.<br />
</strong></span></p>
<hr />
<p>En cada curso profundizaremos y conoceremos bien las propiedades de 40 aceites esenciales, y 13 aceites vegetales. Conocer las plantas aromáticas, sus propiedades, aplicaciones&#8230; (<a href="#tab-description">Ver más información</a>)</p>
