{"id":1651,"date":"2018-09-04T13:40:35","date_gmt":"2018-09-04T12:40:35","guid":{"rendered":"https:\/\/tienda.ismet.es\/index.php\/producto\/biomagnetismo-en-salud-y-esttica\/"},"modified":"2026-04-09T10:06:56","modified_gmt":"2026-04-09T09:06:56","slug":"biomagnetismo-en-salud-y-esttica","status":"publish","type":"product","link":"https:\/\/tienda.ismet.es\/index.php\/producto\/biomagnetismo-en-salud-y-esttica\/","title":{"rendered":"&#8211; Biomagnetismo aplicado a est\u00e9tica integral"},"content":{"rendered":"[vc_row][vc_column][vc_video link=&#8221;https:\/\/youtu.be\/3TJlQZF4HHY&#8221;][vc_column_text]\n<div class=\"woocommerce-product-details__short-description\">\n<hr \/>\n<p class=\"curso\">El biomagnetismo es una disciplina terap\u00e9utica fascinante que busca el equilibrio bioenerg\u00e9tico, la alteraci\u00f3n del cual, tiene repercusiones en la salud.<br \/>\nA trav\u00e9s de imanes, se rastrea el cuerpo como si fuera un esc\u00e1ner y se detectan los puntos que originan el mal funcionamiento de un \u00f3rgano y la presencia de virus, bacterias, hongos o par\u00e1sitos. Esta t\u00e9cnica neutraliza y elimina estos pat\u00f3genos, devolviendo al organismo su estado de equilibrio. Es un m\u00e9todo totalmente inocuo y con el que se podr\u00e1 abordar todo tipo de enfermedades y disfunciones, incluso a nivel emocional.<\/p>\n<p class=\"curso\">En esta formaci\u00f3n, explorar\u00e1s su rica historia, desde Arist\u00f3teles hasta los avances cient\u00edficos contempor\u00e1neos, y descubrir\u00e1s su base cient\u00edfica. Aprender\u00e1s a utilizar esta t\u00e9cnica para equilibrar el organismo y restaurar el bienestar de forma segura y efectiva.<\/p>\n<\/div>\n<hr \/>\n<h4>Programa del Curso<\/h4>\n<ol>\n<li>M\u00f3dulo 0. Fundamentos y seguridad.<\/li>\n<li>M\u00f3dulo 1. Piel y metabolismo (facial y corporal).<\/li>\n<li>M\u00f3dulo 2. Cabello y u\u00f1as.<\/li>\n<li>M\u00f3dulo 3. Integraci\u00f3n: terapia manual, imanes y linf\u00e1tico (cuerpo).<\/li>\n<\/ol>\n<hr \/>\n<p><!--\n\n\n<h4>Impartido por: Axel Marco.<\/h4>\n\n\n5 a\u00f1os de experiencia en el sector de las terapias naturales. Graduado en terapias manuales, titulado en terapia floral de Bach evolutiva, decodificaci\u00f3n emocional, sistemas de emisi\u00f3n vibracional y biomagnetismo avanzado en salud y est\u00e9tica. Experto Universitario en quiromasaje, shiatsu y reflexolog\u00eda podal por la Universidad San Antonio de Murcia. Desde 2017 se dedica a la investigaci\u00f3n y desarrollo de nuevas t\u00e9cnicas en el campo de la regeneraci\u00f3n capilar y mantenimiento de la piel--><\/p>\n","protected":false},"excerpt":{"rendered":"<p>Modalidad presencial.<span style=\"color: #7f7dd1;\" data-darkreader-inline-color=\"\"><strong><br \/>\npr\u00f3ximas fechas<br \/>\n<\/strong><\/span><\/p>\n<hr \/>\n<p>Modalidad online.<span style=\"color: #7f7dd1;\" data-darkreader-inline-color=\"\"><strong><br \/>\n\u2022 Del 1 al 30 de abril 2026.<br \/>\n\u2022 Del 4 al 31 de mayo 2026.<br \/>\n\u2022 Del 1 al 30 de junio 2026.<br \/>\n\u2022 Del 1 al 30 de julio 2026.<br \/>\n<\/strong><\/span><\/p>\n<hr \/>\n<p>Precio total: 225\u20ac. Reserva de plaza (100\u20ac) + 125\u20ac restantes, que se abonar\u00e1n el 1er d\u00eda del curso, en efectivo o tarjeta, antes de empezar.<\/p>\n<hr \/>\n<p>En esta formaci\u00f3n, explorar\u00e1s su rica historia, desde Arist\u00f3teles hasta los avances cient\u00edficos contempor\u00e1neos, y descubrir\u00e1s su base cient\u00edfica&#8230; (<a href=\"#tab-description\">Ver m\u00e1s informaci\u00f3n<\/a>)<\/p>\n","protected":false},"featured_media":31656,"comment_status":"open","ping_status":"closed","template":"","meta":{"_joinchat":[]},"product_brand":[],"product_cat":[223,617,183,182,98,180,205,202,203,204,179],"product_tag":[381,382,344,423,826],"class_list":{"0":"post-1651","1":"product","2":"type-product","3":"status-publish","4":"has-post-thumbnail","6":"product_cat-black-friday","7":"product_cat-imagenes-profesores","8":"product_cat-terapias-energeticas","9":"product_cat-wellness-y-estetica","10":"product_cat-cursos","11":"product_cat-online","12":"product_cat-online-abril","13":"product_cat-online-mayo","14":"product_cat-online-junio","15":"product_cat-online-julio","16":"product_cat-cursos-presenciales","17":"product_tag-axel-marco","18":"product_tag-biomagnetismo","19":"product_tag-estetica","20":"product_tag-imanes","21":"product_tag-salud-y-estetica","22":"pa_ediciones-edicion-diciembre","23":"pa_ediciones-edicion-enero","24":"pa_ediciones-edicion-febrero","25":"pa_ediciones-edicion-marzo","26":"pa_ediciones-edicion-abril","27":"pa_ediciones-edicion-mayo","28":"pa_ediciones-edicion-junio","29":"pa_ediciones-edicion-julio","30":"pa_ediciones-edicion-agosto","31":"pa_ediciones-edicion-septiembre","32":"pa_ediciones-edicion-octubre","33":"pa_ediciones-edicion-noviembre","34":"pa_modalidad-online","35":"pa_modalidad-presencial","37":"first","38":"instock","39":"purchasable","40":"product-type-variable"},"_links":{"self":[{"href":"https:\/\/tienda.ismet.es\/index.php\/wp-json\/wp\/v2\/product\/1651","targetHints":{"allow":["GET"]}}],"collection":[{"href":"https:\/\/tienda.ismet.es\/index.php\/wp-json\/wp\/v2\/product"}],"about":[{"href":"https:\/\/tienda.ismet.es\/index.php\/wp-json\/wp\/v2\/types\/product"}],"replies":[{"embeddable":true,"href":"https:\/\/tienda.ismet.es\/index.php\/wp-json\/wp\/v2\/comments?post=1651"}],"wp:featuredmedia":[{"embeddable":true,"href":"https:\/\/tienda.ismet.es\/index.php\/wp-json\/wp\/v2\/media\/31656"}],"wp:attachment":[{"href":"https:\/\/tienda.ismet.es\/index.php\/wp-json\/wp\/v2\/media?parent=1651"}],"wp:term":[{"taxonomy":"product_brand","embeddable":true,"href":"https:\/\/tienda.ismet.es\/index.php\/wp-json\/wp\/v2\/product_brand?post=1651"},{"taxonomy":"product_cat","embeddable":true,"href":"https:\/\/tienda.ismet.es\/index.php\/wp-json\/wp\/v2\/product_cat?post=1651"},{"taxonomy":"product_tag","embeddable":true,"href":"https:\/\/tienda.ismet.es\/index.php\/wp-json\/wp\/v2\/product_tag?post=1651"}],"curies":[{"name":"wp","href":"https:\/\/api.w.org\/{rel}","templated":true}]}}

&#8211; Biomagnetismo aplicado a estética integral

[vc_row][vc_column][vc_video link=&#8221;https://youtu.be/3TJlQZF4HHY&#8221;][vc_column_text]
<div class="woocommerce-product-details__short-description">
<hr />
<p class="curso">El biomagnetismo es una disciplina terapéutica fascinante que busca el equilibrio bioenergético, la alteración del cual, tiene repercusiones en la salud.<br />
A través de imanes, se rastrea el cuerpo como si fuera un escáner y se detectan los puntos que originan el mal funcionamiento de un órgano y la presencia de virus, bacterias, hongos o parásitos. Esta técnica neutraliza y elimina estos patógenos, devolviendo al organismo su estado de equilibrio. Es un método totalmente inocuo y con el que se podrá abordar todo tipo de enfermedades y disfunciones, incluso a nivel emocional.</p>
<p class="curso">En esta formación, explorarás su rica historia, desde Aristóteles hasta los avances científicos contemporáneos, y descubrirás su base científica. Aprenderás a utilizar esta técnica para equilibrar el organismo y restaurar el bienestar de forma segura y efectiva.</p>
</div>
<hr />
<h4>Programa del Curso</h4>
<ol>
<li>Módulo 0. Fundamentos y seguridad.</li>
<li>Módulo 1. Piel y metabolismo (facial y corporal).</li>
<li>Módulo 2. Cabello y uñas.</li>
<li>Módulo 3. Integración: terapia manual, imanes y linfático (cuerpo).</li>
</ol>
<hr />
<p><!--


<h4>Impartido por: Axel Marco.</h4>


5 años de experiencia en el sector de las terapias naturales. Graduado en terapias manuales, titulado en terapia floral de Bach evolutiva, decodificación emocional, sistemas de emisión vibracional y biomagnetismo avanzado en salud y estética. Experto Universitario en quiromasaje, shiatsu y reflexología podal por la Universidad San Antonio de Murcia. Desde 2017 se dedica a la investigación y desarrollo de nuevas técnicas en el campo de la regeneración capilar y mantenimiento de la piel--></p>

<p>Modalidad presencial.<span style="color: #7f7dd1;" data-darkreader-inline-color=""><strong><br />
próximas fechas<br />
</strong></span></p>
<hr />
<p>Modalidad online.<span style="color: #7f7dd1;" data-darkreader-inline-color=""><strong><br />
• Del 1 al 30 de abril 2026.<br />
• Del 4 al 31 de mayo 2026.<br />
• Del 1 al 30 de junio 2026.<br />
• Del 1 al 30 de julio 2026.<br />
</strong></span></p>
<hr />
<p>Precio total: 225€. Reserva de plaza (100€) + 125€ restantes, que se abonarán el 1er día del curso, en efectivo o tarjeta, antes de empezar.</p>
<hr />
<p>En esta formación, explorarás su rica historia, desde Aristóteles hasta los avances científicos contemporáneos, y descubrirás su base científica&#8230; (<a href="#tab-description">Ver más información</a>)</p>
