{"id":1638,"date":"2018-09-04T13:40:33","date_gmt":"2018-09-04T12:40:33","guid":{"rendered":"https:\/\/tienda.ismet.es\/index.php\/producto\/electroacupuntura\/"},"modified":"2025-11-18T09:50:46","modified_gmt":"2025-11-18T08:50:46","slug":"electroacupuntura","status":"publish","type":"product","link":"https:\/\/tienda.ismet.es\/index.php\/producto\/electroacupuntura\/","title":{"rendered":"&#8211; Electroacupuntura, Electrolipolisis, Electroantiarrugas"},"content":{"rendered":"[vc_row][vc_column][vc_video link=&#8221;https:\/\/youtu.be\/_KKN7hLlDlE&#8221;][vc_column_text]\n<div class=\"woocommerce-product-details__short-description\">\n<hr \/>\n<p><strong>\u00bfQu\u00e9 es la Electroacupuntura?<\/strong><br \/>\nLa Electroacupuntura se usa como m\u00e9todo terap\u00e9utico debido al efecto producido al pinchar los puntos de acupuntura y provocar en ellos estimulaci\u00f3n el\u00e9ctrica. La corriente el\u00e9ctrica que pasa al cuerpo a trav\u00e9s de la aguja aumenta el efecto. Raz\u00f3n por la cual la Electroacupuntura se aplica en la cl\u00ednica para tratar enfermedades y dolencias.<\/p>\n<p><strong>\u00bfPara qu\u00e9 se utiliza b\u00e1sicamente?<\/strong><\/p>\n<ul>\n<li>Para el tratamiento del dolor y enfermedades.<\/li>\n<li>Detecci\u00f3n electr\u00f3nica de puntos de acupuntura del cuerpo y de auriculoterapia.<\/li>\n<li>Acupuntura y auriculoterapia sin agujas.<\/li>\n<li>Producci\u00f3n de efectos de tonificaci\u00f3n o sedaci\u00f3n.<\/li>\n<li>Como analgesia acupuntural en intervenciones quir\u00fargicas.<\/li>\n<li>Masaje muscular con impulsos el\u00e9ctricos (similar a la gimnasia pasiva).<\/li>\n<li>Electroterapia magn\u00e9tica.<\/li>\n<li>Tratamientos est\u00e9ticos (celulitis-arrugas)<\/li>\n<\/ul>\n<p><strong>Ventajas De La Electroacupuntura<\/strong><br \/>\nLa electroestimulaci\u00f3n presenta las siguientes ventajas terap\u00e9uticas generales.<\/p>\n<ul>\n<li>Efecto analg\u00e9sico y efecto tr\u00f3fico.<\/li>\n<li>Acci\u00f3n reguladora de las funciones fisiol\u00f3gicas del organismo: sistema digestivo, urogenital, vascular.<\/li>\n<li>Potencia las funciones del sistema inmune: es antiinflamatorio y disminuye la fiebre.<\/li>\n<li>Regula el flujo de energ\u00eda de los meridianos.<\/li>\n<li>Activa la circulaci\u00f3n de la Energ\u00eda y la Sangre.<\/li>\n<li>Trata s\u00edndromes dolorosos y par\u00e1lisis: Dolores de ci\u00e1tica, neuralgia del trig\u00e9mino, Dolores de estomago, gastritis, ulceras, diarrea, estre\u00f1imiento, Dolores de menstruaci\u00f3n, Esguinces, fracturas, tendinitis, Par\u00e1lisis facial o de los miembros, etc<\/li>\n<\/ul>\n<hr \/>\n<h4>Objetivos<\/h4>\n<p>Capacitar al alumno para poder utilizar el aparato de Electroacupuntura, de forma f\u00e1cil y eficiente y poder conseguir los mejores resultados terap\u00e9uticos, a fin de poder tratar eficazmente las diferentes patolog\u00edas que generan dolor y enfermedades. As\u00ed como su uso en el tratamiento de \u00e1mbito est\u00e9tico, aprendiendo los protocolos para tratar la celulitis, la grasa localizada y las arrugas faciales, que se les presentan en la pr\u00e1ctica diaria. Los alumnos ser\u00e1n capaces de:<\/p>\n<ul>\n<li>Adquirir mediante la pr\u00e1ctica con los mandos del Aparato los conocimientos de experto en el uso de la Electroacupuntura para el dolor.<\/li>\n<li>Saber utilizar el Aparato como localizador de puntos de acupuntura y auriculoterapia con la sonda del Aparato.<\/li>\n<li>Aprender con la pr\u00e1ctica a hacer acupuntura y auriculoterapia sin agujas con la sonda del Aparato.<\/li>\n<li>Adquirir los conocimientos para saber cu\u00e1ndo utilizar los diferentes tipos de onda: Continua, discontinua, densa-dispersa.<\/li>\n<li>Aprender las t\u00e9cnicas de colocaci\u00f3n de los electrodos positivo y negativo. Y diferentes t\u00e9cnicas como rodear el emperador, pata de gallo, etc.<\/li>\n<li>Aprender qu\u00e9 hace cada onda, cuantos hercios se utiliza, qu\u00e9 intensidad se aplica y cuanto tiempo se deja para conseguir las diferentes acciones terap\u00e9uticas de tonificaci\u00f3n y dispersi\u00f3n, seg\u00fan sea un dolor agudo o cr\u00f3nico, seg\u00fan sea una enfermedad por exceso o por insuficiencia.<\/li>\n<li>Adquirir mediante la pr\u00e1ctica c\u00f3mo seleccionar las zonas a tratar y cuando hay que tonificar y dispersar en las diferentes patolog\u00edas (de dolor y enfermedades) que se les presentan en la pr\u00e1ctica diaria como: dolor cervical, lumbar, tendinitis, artrosis, etc. pues se ver\u00e1n durante el curso m\u00faltiples casos.<\/li>\n<li>Adquirir los conocimiento de uso del Aparato en el tratamiento de \u00e1mbito est\u00e9tico como: celulitis, grasa abdominal o localizada y arrugas faciales<\/li>\n<\/ul>\n<hr \/>\n<h4>Programa del Curso<\/h4>\n<ol>\n<li>Introducci\u00f3n e historia<\/li>\n<li>Aparatos de Electroacupuntura<\/li>\n<li>Descripci\u00f3n del aparato. M\u00e9todo de manejo.<\/li>\n<li>Selecci\u00f3n de puntos e indicaciones<\/li>\n<li>Precauciones y contraindicaciones<\/li>\n<li>Tratamiento sin agujas con el aparato<\/li>\n<li>Localizaci\u00f3n de puntos auriculares con el Aparato<\/li>\n<li>Protocolo para el tratamiento de la Celulitis.<\/li>\n<\/ol>\n<hr \/>\n<p><!--\n\n\n<h4>Impartido por: Alfonso Delgado<\/h4>\n\n\nLicenciado en Medicina Tradicional China. Natur\u00f3pata y Home\u00f3pata. T\u00e9cnico Superior en Diet\u00e9tica.--><\/p>\n[\/vc_column_text][\/vc_column][\/vc_row]\n<\/div>\n","protected":false},"excerpt":{"rendered":"<p>Modalidad presencial. <span style=\"color: #7f7dd1;\"><strong><br \/>\nProgramando fechas&#8230;<br \/>\n<\/strong><\/span><\/p>\n<hr \/>\n<p><strong>Precio Total: <\/strong> 195\u20ac. Modalidad de pago: Reserva de plaza (50\u20ac) + 145\u20ac, a abonar el primer d\u00eda de curso en efectivo o tarjeta, en secretar\u00eda.<\/p>\n<hr \/>\n<p>Adquiere mediante la pr\u00e1ctica con los mandos del Aparato los conocimientos de experto en el uso de la Electroacupuntura para el dolor. (<a href=\"#tab-description\">Ver m\u00e1s informaci\u00f3n<\/a>)<\/p>\n","protected":false},"featured_media":23889,"comment_status":"open","ping_status":"closed","template":"","meta":{"_joinchat":[]},"product_brand":[],"product_cat":[617,90,182,98,179],"product_tag":[320,497,878,877,334],"class_list":{"0":"post-1638","1":"product","2":"type-product","3":"status-publish","4":"has-post-thumbnail","6":"product_cat-imagenes-profesores","7":"product_cat-medicina-china-y-acupuntura","8":"product_cat-wellness-y-estetica","9":"product_cat-cursos","10":"product_cat-cursos-presenciales","11":"product_tag-acupuntura","12":"product_tag-electroacupuntura","13":"product_tag-electroantiarrugas","14":"product_tag-electrolipolisis","15":"product_tag-mtc","16":"pa_ediciones-edicion-marzo","18":"first","19":"outofstock","20":"purchasable","21":"product-type-simple"},"_links":{"self":[{"href":"https:\/\/tienda.ismet.es\/index.php\/wp-json\/wp\/v2\/product\/1638","targetHints":{"allow":["GET"]}}],"collection":[{"href":"https:\/\/tienda.ismet.es\/index.php\/wp-json\/wp\/v2\/product"}],"about":[{"href":"https:\/\/tienda.ismet.es\/index.php\/wp-json\/wp\/v2\/types\/product"}],"replies":[{"embeddable":true,"href":"https:\/\/tienda.ismet.es\/index.php\/wp-json\/wp\/v2\/comments?post=1638"}],"wp:featuredmedia":[{"embeddable":true,"href":"https:\/\/tienda.ismet.es\/index.php\/wp-json\/wp\/v2\/media\/23889"}],"wp:attachment":[{"href":"https:\/\/tienda.ismet.es\/index.php\/wp-json\/wp\/v2\/media?parent=1638"}],"wp:term":[{"taxonomy":"product_brand","embeddable":true,"href":"https:\/\/tienda.ismet.es\/index.php\/wp-json\/wp\/v2\/product_brand?post=1638"},{"taxonomy":"product_cat","embeddable":true,"href":"https:\/\/tienda.ismet.es\/index.php\/wp-json\/wp\/v2\/product_cat?post=1638"},{"taxonomy":"product_tag","embeddable":true,"href":"https:\/\/tienda.ismet.es\/index.php\/wp-json\/wp\/v2\/product_tag?post=1638"}],"curies":[{"name":"wp","href":"https:\/\/api.w.org\/{rel}","templated":true}]}}