{"id":14514,"date":"2022-07-18T17:18:06","date_gmt":"2022-07-18T16:18:06","guid":{"rendered":"https:\/\/tienda.ismet.es\/?post_type=product&#038;p=14514"},"modified":"2026-01-19T12:33:23","modified_gmt":"2026-01-19T11:33:23","slug":"maderoterapia-facial","status":"publish","type":"product","link":"https:\/\/tienda.ismet.es\/index.php\/producto\/maderoterapia-facial\/","title":{"rendered":"&#8211; Maderoterapia facial"},"content":{"rendered":"[vc_row][vc_column][vc_video link=&#8221;https:\/\/youtu.be\/vpxXox2AxJo&#8221;][vc_column_text]\n<hr \/>\n<div class=\"woocommerce-product-details__short-description\">\nLa maderoterapia facial es un tratamiento natural, no invasivo y muy eficaz que emplea herramientas de reducido tama\u00f1o fabricados en madera. Es un masaje placentero y relajante de recibir que logra obtener grandes resultados est\u00e9ticos en cuello, papada y rostro. Es una de las m\u00e1s novedosas t\u00e9cnicas naturales para mejorar el aspecto de la piel, reducir la grasa del cuello, eliminar arrugas y l\u00edneas de expresi\u00f3n, drenar y reducir las bolsas de los ojos, moldear y elevar p\u00e1rpados y p\u00f3mulos, activar la circulaci\u00f3n sangu\u00ednea y linf\u00e1tica devolviendo a la piel una apariencia m\u00e1s tonificada y joven. Es un tratamiento ideal para oxigenar, regenerar y rejuvenecer la piel de rostro y cuello.<\/p>\n<hr \/>\n<h4>Objetivos<\/h4>\n<p>Conocer el uso de la maderoterapia facial, identificar las necesidades del usuario y saber dise\u00f1ar un correcto tratamiento personalizado para cada cliente. Aprender a aplicar un masaje manual breve para preparar la piel y saber aplicar correctamente las herramientas de maderoterapia facial en todas sus t\u00e9cnicas.<br \/>\nAprender el protocolo completo de tratamiento de maderoterapia facial.\n<\/p><\/div>\n<hr \/>\n<h4>Programa del Curso<\/h4>\n<ol>\n<li>Historia de la maderoterapia.<\/li>\n<li>Recordatorio anat\u00f3mico de los m\u00fasculos de cara y cuello.<\/li>\n<li>Las seis herramientas m\u00e1s eficaces, caracter\u00edsticas y uso.<\/li>\n<li>Beneficios y contraindicaciones del tratamiento.<\/li>\n<li>Limpieza y mantenimiento de las herramientas de madera.<\/li>\n<li>Protocolo de tratamiento en cuello, escote, papada, labio superior e inferior, mejillas, p\u00f3mulos, ojos y frente. Pr\u00e1ctica completa de maderoterapia facial en cuello y rostro<\/li>\n<\/ol>\n<hr \/>\n<p><!--\n\n\n<h4>Impartido por: Clara Gasperini.<\/h4>\n\n\nQuiromasajista, Linfoterapeuta, Auriculoterapeuta y Reflex\u00f3loga Podal. Terapeuta Manual y de Est\u00e9tica Natural. Especializada en Terapias Manuales de Bienestar y Ayurveda, masajes, terapias y coach de Nutrici\u00f3n Ayurv\u00e9dica. Experta universitaria en Filosof\u00edas Orientales (por Uni Roma II) y Filosof\u00eda del Yoga, considera las t\u00e9cnicas de respiraci\u00f3n, relajaci\u00f3n y reeducaci\u00f3n postural herramientas necesarias para el mantenimiento y restablecimiento de la salud. Profesora de Yoga, Masaje Tailand\u00e9s y de Estiramientos Terap\u00e9uticos. Desde el 2008 se dedica a las Terapias Naturales y al Crecimiento Personal. Trabaja como Terapeuta Manual, Coach de la Salud y Profesora de Yoga en su estudio de Barcelona.\n--><\/p>\n[\/vc_column_text][\/vc_column][\/vc_row]\n","protected":false},"excerpt":{"rendered":"<p>Modalidad presencial. <span style=\"color: #7f7dd1;\" data-darkreader-inline-color=\"\"><br \/>\n<strong>Programando fechas.<\/strong><\/span><\/p>\n<hr \/>\n<p>Precio especial: 195\u20ac. Se abonar\u00e1 de la siguiente manera: Reserva plaza: 50\u20ac, y 145\u20ac restantes se abonar\u00e1n el 1er d\u00eda del curso, antes de empezar, en efectivo o tarjeta.<\/p>\n<hr \/>\n<p>La maderoterapia es un tratamiento no invasivo, muy efectivo y natural para mejorar la apariencia de la piel\u2026 (<a href=\"#tab-description\">Ver m\u00e1s informaci\u00f3n<\/a>)<\/p>\n","protected":false},"featured_media":24295,"comment_status":"open","ping_status":"closed","template":"","meta":{"_joinchat":[]},"product_brand":[],"product_cat":[617,89,182,98,179],"product_tag":[355,344,564,356,357,337],"class_list":{"0":"post-14514","1":"product","2":"type-product","3":"status-publish","4":"has-post-thumbnail","6":"product_cat-imagenes-profesores","7":"product_cat-terapias-manuales","8":"product_cat-wellness-y-estetica","9":"product_cat-cursos","10":"product_cat-cursos-presenciales","11":"product_tag-clara-gasperini","12":"product_tag-estetica","13":"product_tag-madero","14":"product_tag-maderoterapia-facial","15":"product_tag-masaje","16":"product_tag-wellness","18":"first","19":"outofstock","20":"virtual","21":"purchasable","22":"product-type-simple"},"_links":{"self":[{"href":"https:\/\/tienda.ismet.es\/index.php\/wp-json\/wp\/v2\/product\/14514","targetHints":{"allow":["GET"]}}],"collection":[{"href":"https:\/\/tienda.ismet.es\/index.php\/wp-json\/wp\/v2\/product"}],"about":[{"href":"https:\/\/tienda.ismet.es\/index.php\/wp-json\/wp\/v2\/types\/product"}],"replies":[{"embeddable":true,"href":"https:\/\/tienda.ismet.es\/index.php\/wp-json\/wp\/v2\/comments?post=14514"}],"wp:featuredmedia":[{"embeddable":true,"href":"https:\/\/tienda.ismet.es\/index.php\/wp-json\/wp\/v2\/media\/24295"}],"wp:attachment":[{"href":"https:\/\/tienda.ismet.es\/index.php\/wp-json\/wp\/v2\/media?parent=14514"}],"wp:term":[{"taxonomy":"product_brand","embeddable":true,"href":"https:\/\/tienda.ismet.es\/index.php\/wp-json\/wp\/v2\/product_brand?post=14514"},{"taxonomy":"product_cat","embeddable":true,"href":"https:\/\/tienda.ismet.es\/index.php\/wp-json\/wp\/v2\/product_cat?post=14514"},{"taxonomy":"product_tag","embeddable":true,"href":"https:\/\/tienda.ismet.es\/index.php\/wp-json\/wp\/v2\/product_tag?post=14514"}],"curies":[{"name":"wp","href":"https:\/\/api.w.org\/{rel}","templated":true}]}}