{"id":14485,"date":"2022-07-18T10:14:43","date_gmt":"2022-07-18T09:14:43","guid":{"rendered":"https:\/\/tienda.ismet.es\/?post_type=product&#038;p=14485"},"modified":"2025-04-23T09:26:37","modified_gmt":"2025-04-23T08:26:37","slug":"whiplash-latigazo-cervical-exploracion-y-tratamiento-manual","status":"publish","type":"product","link":"https:\/\/tienda.ismet.es\/index.php\/producto\/whiplash-latigazo-cervical-exploracion-y-tratamiento-manual\/","title":{"rendered":"&#8211; Whiplash, latigazo cervical exploraci\u00f3n y tratamiento manual"},"content":{"rendered":"[vc_row][vc_column][vc_video link=&#8221;&#8221;][vc_column_text]\n<hr \/>\n<div class=\"woocommerce-product-details__short-description\">\n<h4>Presentaci\u00f3n<\/h4>\n<p>Aprendizaje de las t\u00e9cnicas y saberlas aplicar convenientemente en distintas patolog\u00edas concretas.<\/p>\n<hr \/>\n<h4>Programa<\/h4>\n<ol>\n<li>Definici\u00f3n<br \/>\n\u25aa Biomec\u00e1nica<br \/>\n\u25aa Exploraci\u00f3n:<br \/>\n\u25aa Movilidad cervical<br \/>\n\u25aa Tests Ortop\u00e9dicos<br \/>\n\u25aa Palpaci\u00f3n<br \/>\nTratamiento:<br \/>\n\u25aa T\u00e9cnica Arrastre cervicales<br \/>\n\u25aa Amasamientos<br \/>\n\u25aa Presiones deslizantes simples y cruzadas<br \/>\n\u25aa Presi\u00f3n Inhibitoria<br \/>\n\u25aa Puntos Trigger<br \/>\n\u25aa Movilizaciones cervicales y hombro<br \/>\n\u25aa T\u00e9cnica de Lewit<br \/>\n\u25aa Maes (masaje en estiramiento)<br \/>\n\u25aa T\u00e9cnica Mitchell en rotaci\u00f3n y lateroflexi\u00f3n<br \/>\n\u25aa Movilizaci\u00f3n con toalla<\/li>\n<\/ol>\n<p><!--\n\n\n<h4>Impartido por: Jordi Sagrera Ferrandiz.<\/h4>\n\n\nLic. Medicina y cirug\u00eda UB 1973. Acreditado como m\u00e9dico naturista en el colegio de m\u00e9dicos de Barcelona (2005). Magister en Medicina Manual y Osteopat\u00eda en la Univ. Complutense de Madrid. Especializado en Terapias Manuales: Masaje y Osteopat\u00eda. Profesor externo en la Univ. Barcelona, Complutense de Madrid y La Cat\u00f3lica de Montevideo. Miembro de Semooym (sociedad espa\u00f1ola de Medicina Ortop\u00e9dica y manual). Asesor m\u00e9dico de RBA editores y autor de diversos libros. Profesor en cursos de pre y postgrado en distintas Universidades. Asesor m\u00e9dico ISMET en la elaboraci\u00f3n e impartici\u00f3n en distintos cursos.\n\n\n<h4>Impartido por: Dr. C. Daniel Str\u00e1n Frugoni.<\/h4>\n\n\nDoctor en Medicina. Estudios de Post-Grado en Medicina Interna. Especialista en Medicina Ortop\u00e9dica Manual. Autor del M\u00e9todo de abordaje del S\u00edndrome Neuro-Mio-Fascial que lleva su nombre, en base a la T\u00e9cnica de R. Nimmo. Director de los Cursos de Formaci\u00f3n en T\u00e9cnicas de Ortopedia Manual en Montevideo-Uruguay. Docente externo en la Universidad Cat\u00f3lica del Uruguay.Miembro de la Sociedad Espa\u00f1ola de Medicina Ortop\u00e9dica Osteop\u00e1tica y Manual (SEMOOYM), Formador y Profesor de sus cursos. Fue miembro cofundador del Grupo Barcelona de Medicina Ortop\u00e9dica I Manual (GBMOIM 2003 al 2017) y Profesor de sus cursos.--><br \/>\n[\/vc_column_text][\/vc_column][\/vc_row]\n<\/div>\n","protected":false},"excerpt":{"rendered":"<p>Modalidad presencial<br \/>\n<span style=\"color: #7f7dd1;\"><strong>Planificando fechas<\/strong><br \/>\n<\/span><\/p>\n<hr \/>\n<p><strong>Precio total:<\/strong> 70\u20ac. Se abonar\u00e1 50\u20ac de reserva de plaza, y el resto del importe (20\u20ac), se abonar\u00e1 el 1\u00ba d\u00eda de curso.<\/p>\n<hr \/>\n<p>(<a href=\"#tab-description\">Ver m\u00e1s informaci\u00f3n<\/a>)<\/p>\n","protected":false},"featured_media":14486,"comment_status":"open","ping_status":"closed","template":"","meta":{"_joinchat":[]},"product_brand":[],"product_cat":[617,89,98,179],"product_tag":[346,236,347,348],"class_list":{"0":"post-14485","1":"product","2":"type-product","3":"status-publish","4":"has-post-thumbnail","6":"product_cat-imagenes-profesores","7":"product_cat-terapias-manuales","8":"product_cat-cursos","9":"product_cat-cursos-presenciales","10":"product_tag-dr-c-daniel-stran-frugoni","11":"product_tag-dr-sagrera","12":"product_tag-latigazo","13":"product_tag-whiplash","14":"pa_ediciones-edicion-mayo","15":"pa_modalidad-online","17":"first","18":"instock","19":"virtual","20":"purchasable","21":"product-type-simple"},"_links":{"self":[{"href":"https:\/\/tienda.ismet.es\/index.php\/wp-json\/wp\/v2\/product\/14485","targetHints":{"allow":["GET"]}}],"collection":[{"href":"https:\/\/tienda.ismet.es\/index.php\/wp-json\/wp\/v2\/product"}],"about":[{"href":"https:\/\/tienda.ismet.es\/index.php\/wp-json\/wp\/v2\/types\/product"}],"replies":[{"embeddable":true,"href":"https:\/\/tienda.ismet.es\/index.php\/wp-json\/wp\/v2\/comments?post=14485"}],"wp:featuredmedia":[{"embeddable":true,"href":"https:\/\/tienda.ismet.es\/index.php\/wp-json\/wp\/v2\/media\/14486"}],"wp:attachment":[{"href":"https:\/\/tienda.ismet.es\/index.php\/wp-json\/wp\/v2\/media?parent=14485"}],"wp:term":[{"taxonomy":"product_brand","embeddable":true,"href":"https:\/\/tienda.ismet.es\/index.php\/wp-json\/wp\/v2\/product_brand?post=14485"},{"taxonomy":"product_cat","embeddable":true,"href":"https:\/\/tienda.ismet.es\/index.php\/wp-json\/wp\/v2\/product_cat?post=14485"},{"taxonomy":"product_tag","embeddable":true,"href":"https:\/\/tienda.ismet.es\/index.php\/wp-json\/wp\/v2\/product_tag?post=14485"}],"curies":[{"name":"wp","href":"https:\/\/api.w.org\/{rel}","templated":true}]}}