{"id":1433,"date":"2018-09-04T13:39:59","date_gmt":"2018-09-04T12:39:59","guid":{"rendered":"https:\/\/tienda.ismet.es\/index.php\/producto\/masaje-tuina\/"},"modified":"2025-04-23T10:10:10","modified_gmt":"2025-04-23T09:10:10","slug":"masaje-tuina","status":"publish","type":"product","link":"https:\/\/tienda.ismet.es\/index.php\/producto\/masaje-tuina\/","title":{"rendered":"&#8211; Masaje Tuina"},"content":{"rendered":"[vc_row][vc_column][vc_video link=&#8221;https:\/\/www.youtube.com\/watch?v=9GnXbklZR6A&#8221;][vc_column_text]\n<div class=\"woocommerce-product-details__short-description\">\n<hr \/>\n<p>El masaje oriental Tuina y sus manipulaciones consisten en la aplicaci\u00f3n de t\u00e9cnicas manuales para estimular y movilizar la energ\u00eda y la sangre estancadas en los meridianos, m\u00fasculos y articulaciones con fines terap\u00e9uticos y\/o preventivos. Estas t\u00e9cnicas incluyen amasamientos, presiones, movilizaciones articulares, estimulaciones manuales en puntos de acupuntura y meridianos, as\u00ed como ejercicios terap\u00e9uticos.<\/p>\n<hr \/>\n<h4>Objetivos<\/h4>\n<p>Adquirir los conocimientos necesarios para la aplicaci\u00f3n del masaje Tuina de forma efectiva. Introducirse en la visi\u00f3n cosmol\u00f3gica que ten\u00edan los antiguos chinos sobre el cuerpo humano y el amplio espectro que abarca cada uno de los sistemas org\u00e1nicos, para poder interpretar sus desequilibrios.<\/p>\n<\/div>\n<hr \/>\n<h4>Programa del Curso<\/h4>\n<ol>\n<li>TEOR\u00cdA Y MANIOBRAS B\u00c1SICAS:<br \/>\nIntroducci\u00f3n. Historia. Conocimientos b\u00e1sicos. Mecanismos terap\u00e9uticos. Principios de tratamiento. M\u00e9todos terap\u00e9uticos principales. Diagn\u00f3stico. Descripci\u00f3n, funciones y aplicaciones terap\u00e9uticas de los grupos de movimientos y sus manipulaciones: oscilaci\u00f3n, fricci\u00f3n, vibraci\u00f3n, prensado, golpeo y movilizaciones. Pr\u00e1cticas.<\/li>\n<li>PATOLOG\u00cdAS Y SUS TRATAMIENTOS:<br \/>\nEtiolog\u00eda, diagn\u00f3stico, clasificaci\u00f3n, diferenciaci\u00f3n de s\u00edndromes. Aplicaci\u00f3n de Tuina. Aparato locomotor: Columna vertebral cervical, dorsal y lumbar. Cintura escapular. Miembros superiores. Cintura p\u00e9lvica. Miembros inferiores.<\/li>\n<\/ol>\n<hr \/>\n[\/vc_column_text][\/vc_column][\/vc_row]\n","protected":false},"excerpt":{"rendered":"<p>Modalidad presencial. <span style=\"color: #7f7dd1;\" data-darkreader-inline-color=\"\"><strong><br \/>\nPlanificando fechas<\/strong><\/span><\/p>\n<hr \/>\n<p><strong>Precio Total: <\/strong>1.450\u20ac (Fraccionado en 10 pagos de 145\u20ac\/mes por domiciliaci\u00f3n bancaria). Plazas limitadas, reservar con antelaci\u00f3n.<\/p>\n<hr \/>\n<p>El masaje Tuina es una de las ramas terap\u00e9uticas de la Medicina China y tiene como objetivo restaurar la salud psicof\u00edsica del paciente y prevenir las enfermedades mediante el equilibrio de las polaridades yin y yang. (<a href=\"#tab-description\">Ver m\u00e1s informaci\u00f3n<\/a>)<\/p>\n<hr \/>\n","protected":false},"featured_media":24788,"comment_status":"open","ping_status":"closed","template":"","meta":{"_joinchat":[]},"product_brand":[],"product_cat":[617,90,89,98,179],"product_tag":[357,894,892,334,851,893],"class_list":{"0":"post-1433","1":"product","2":"type-product","3":"status-publish","4":"has-post-thumbnail","6":"product_cat-imagenes-profesores","7":"product_cat-medicina-china-y-acupuntura","8":"product_cat-terapias-manuales","9":"product_cat-cursos","10":"product_cat-cursos-presenciales","11":"product_tag-masaje","12":"product_tag-masaje-chino","13":"product_tag-masaje-tuina","14":"product_tag-mtc","15":"product_tag-tecnicas-orientales","16":"product_tag-tuina","18":"first","19":"instock","20":"virtual","21":"purchasable","22":"product-type-simple"},"_links":{"self":[{"href":"https:\/\/tienda.ismet.es\/index.php\/wp-json\/wp\/v2\/product\/1433","targetHints":{"allow":["GET"]}}],"collection":[{"href":"https:\/\/tienda.ismet.es\/index.php\/wp-json\/wp\/v2\/product"}],"about":[{"href":"https:\/\/tienda.ismet.es\/index.php\/wp-json\/wp\/v2\/types\/product"}],"replies":[{"embeddable":true,"href":"https:\/\/tienda.ismet.es\/index.php\/wp-json\/wp\/v2\/comments?post=1433"}],"wp:featuredmedia":[{"embeddable":true,"href":"https:\/\/tienda.ismet.es\/index.php\/wp-json\/wp\/v2\/media\/24788"}],"wp:attachment":[{"href":"https:\/\/tienda.ismet.es\/index.php\/wp-json\/wp\/v2\/media?parent=1433"}],"wp:term":[{"taxonomy":"product_brand","embeddable":true,"href":"https:\/\/tienda.ismet.es\/index.php\/wp-json\/wp\/v2\/product_brand?post=1433"},{"taxonomy":"product_cat","embeddable":true,"href":"https:\/\/tienda.ismet.es\/index.php\/wp-json\/wp\/v2\/product_cat?post=1433"},{"taxonomy":"product_tag","embeddable":true,"href":"https:\/\/tienda.ismet.es\/index.php\/wp-json\/wp\/v2\/product_tag?post=1433"}],"curies":[{"name":"wp","href":"https:\/\/api.w.org\/{rel}","templated":true}]}}