{"id":14310,"date":"2022-07-11T09:19:40","date_gmt":"2022-07-11T08:19:40","guid":{"rendered":"https:\/\/tienda.ismet.es\/?post_type=product&#038;p=14310"},"modified":"2026-03-11T11:52:52","modified_gmt":"2026-03-11T10:52:52","slug":"como-aliviar-el-estres-con-aceites-esenciales","status":"publish","type":"product","link":"https:\/\/tienda.ismet.es\/index.php\/producto\/como-aliviar-el-estres-con-aceites-esenciales\/","title":{"rendered":"&#8211; C\u00f3mo aliviar el estr\u00e9s con aceites esenciales"},"content":{"rendered":"<blockquote>[vc_row][vc_column][vc_video link=&#8221;https:\/\/youtu.be\/7MhIgW5fa3U?si=6NuKMfsnEKDLjLt_&#8221;][vc_column_text]\n<hr \/>\n<div class=\"woocommerce-product-details__short-description\">\n<p>En este taller nos introducimos en la aplicaci\u00f3n de los aceites esenciales en estados de estr\u00e9s, y de c\u00f3mo pueden impactar estas situaciones en nuestro estado de salud y en nuestro organismo, tanto a nivel f\u00edsico como tambi\u00e9n emocionalmente.<br \/>\nTambi\u00e9n estudiaremos las alteraciones que se pueden producir en la piel, variaciones en nuestro estado de \u00e1nimo, etc.. as\u00ed como tambi\u00e9n posibles dolencias consecuencia de estr\u00e9s.<br \/>\nConoceremos nuestro estado psicoemocional y c\u00f3mo este puede debilitar nuestro sistema inmunitario.<br \/>\nEstudiaremos qu\u00e9 emociones o sentimientos quedan alterados cuando estamos inmersos en estr\u00e9s (miedo, depresi\u00f3n, soledad, insomnio y ansiedad).<br \/>\nEl objetivo de este Taller es que conozcas un poco m\u00e1s esta disciplina tan valiosa, y aprender qu\u00e9 nos puede ofrecer en un estado de desequilibrio.<br \/>\nEs un taller dirigido a todas aquellas personas que deseen mejorar su estado de salud tanto f\u00edsico como tambi\u00e9n emocional.<br \/>\nSi quieres ampliar m\u00e1s conocimientos en esta disciplina, te recomendamos curso de Aromaterapia Hol\u00edstica, en el aprender\u00e1s a utilizar perfectamente esta disciplina tanto a nivel terap\u00e9utico, como est\u00e9tico, energ\u00e9tico y emocional.<\/p>\n<\/div>\n<hr \/>\n<h4>Programa del Curso<\/h4>\n<p>Estr\u00e9s y salud. Estr\u00e9s y el cuerpo. Estr\u00e9s: s\u00edntomas f\u00edsicos y emocionales. Estado psicoemocional y sistema inmune.<br \/>\nMiedos. Estados depresivos. Soledad. Insomnio. Depresi\u00f3n.<br \/>\nEstr\u00e9s y ansiedad: s\u00edntomas y trastornos.<\/p>\n<hr \/>\n<p><!--\n\n\n<h4>Impartido por: Yolanda Rico<\/h4>\n\n\nAromat\u00f3loga. Especializada en aromaterapia y cosm\u00e9tica natural.-->[\/vc_column_text][\/vc_column][\/vc_row]<\/blockquote>\n","protected":false},"excerpt":{"rendered":"<p>Modalidad online. (fechas a escoger)<span style=\"color: #7f7dd1;\" data-darkreader-inline-color=\"\"><strong><br \/>\n\u2022 Del 2 al 31 de marzo 2026.<br \/>\n\u2022 Del 1 al 30 de abril 2026.<br \/>\n\u2022 Del 4 al 31 de mayo 2026.<br \/>\n\u2022 Del 1 al 30 de junio 2026.<br \/>\n\u2022 Del 1 al 30 de julio 2026.<\/strong><\/span><\/p>\n<hr \/>\n<p>Estudiaremos qu\u00e9 emociones o sentimientos quedan alterados cuando estamos inmersos en estr\u00e9s (miedo, depresi\u00f3n, soledad, insomnio y ansiedad)&#8230; (<a href=\"#tab-description\">Ver m\u00e1s informaci\u00f3n<\/a>)<\/p>\n<hr \/>\n","protected":false},"featured_media":14328,"comment_status":"open","ping_status":"closed","template":"","meta":{"_joinchat":[]},"product_brand":[],"product_cat":[818,617,182,98,180,201,205,202,203,204,224],"product_tag":[339,514,812,531],"class_list":{"0":"post-14310","1":"product","2":"type-product","3":"status-publish","4":"has-post-thumbnail","6":"product_cat-ideas-de-regalo","7":"product_cat-imagenes-profesores","8":"product_cat-wellness-y-estetica","9":"product_cat-cursos","10":"product_cat-online","11":"product_cat-online-marzo","12":"product_cat-online-abril","13":"product_cat-online-mayo","14":"product_cat-online-junio","15":"product_cat-online-julio","16":"product_cat-online-octubre","17":"product_tag-aceites","18":"product_tag-aceites-esenciales","19":"product_tag-aliviar-el-estres","20":"product_tag-estres","21":"pa_ediciones-edicion-diciembre","22":"pa_ediciones-edicion-enero","23":"pa_ediciones-edicion-febrero","24":"pa_ediciones-edicion-marzo","25":"pa_ediciones-edicion-abril","26":"pa_ediciones-edicion-mayo","27":"pa_ediciones-edicion-junio","28":"pa_ediciones-edicion-julio","29":"pa_ediciones-edicion-agosto","30":"pa_ediciones-edicion-septiembre","31":"pa_ediciones-edicion-octubre","32":"pa_ediciones-edicion-noviembre","34":"first","35":"instock","36":"purchasable","37":"product-type-variable"},"_links":{"self":[{"href":"https:\/\/tienda.ismet.es\/index.php\/wp-json\/wp\/v2\/product\/14310","targetHints":{"allow":["GET"]}}],"collection":[{"href":"https:\/\/tienda.ismet.es\/index.php\/wp-json\/wp\/v2\/product"}],"about":[{"href":"https:\/\/tienda.ismet.es\/index.php\/wp-json\/wp\/v2\/types\/product"}],"replies":[{"embeddable":true,"href":"https:\/\/tienda.ismet.es\/index.php\/wp-json\/wp\/v2\/comments?post=14310"}],"wp:featuredmedia":[{"embeddable":true,"href":"https:\/\/tienda.ismet.es\/index.php\/wp-json\/wp\/v2\/media\/14328"}],"wp:attachment":[{"href":"https:\/\/tienda.ismet.es\/index.php\/wp-json\/wp\/v2\/media?parent=14310"}],"wp:term":[{"taxonomy":"product_brand","embeddable":true,"href":"https:\/\/tienda.ismet.es\/index.php\/wp-json\/wp\/v2\/product_brand?post=14310"},{"taxonomy":"product_cat","embeddable":true,"href":"https:\/\/tienda.ismet.es\/index.php\/wp-json\/wp\/v2\/product_cat?post=14310"},{"taxonomy":"product_tag","embeddable":true,"href":"https:\/\/tienda.ismet.es\/index.php\/wp-json\/wp\/v2\/product_tag?post=14310"}],"curies":[{"name":"wp","href":"https:\/\/api.w.org\/{rel}","templated":true}]}}

&#8211; Cómo aliviar el estrés con aceites esenciales

<blockquote>[vc_row][vc_column][vc_video link=&#8221;https://youtu.be/7MhIgW5fa3U?si=6NuKMfsnEKDLjLt_&#8221;][vc_column_text]
<hr />
<div class="woocommerce-product-details__short-description">
<p>En este taller nos introducimos en la aplicación de los aceites esenciales en estados de estrés, y de cómo pueden impactar estas situaciones en nuestro estado de salud y en nuestro organismo, tanto a nivel físico como también emocionalmente.<br />
También estudiaremos las alteraciones que se pueden producir en la piel, variaciones en nuestro estado de ánimo, etc.. así como también posibles dolencias consecuencia de estrés.<br />
Conoceremos nuestro estado psicoemocional y cómo este puede debilitar nuestro sistema inmunitario.<br />
Estudiaremos qué emociones o sentimientos quedan alterados cuando estamos inmersos en estrés (miedo, depresión, soledad, insomnio y ansiedad).<br />
El objetivo de este Taller es que conozcas un poco más esta disciplina tan valiosa, y aprender qué nos puede ofrecer en un estado de desequilibrio.<br />
Es un taller dirigido a todas aquellas personas que deseen mejorar su estado de salud tanto físico como también emocional.<br />
Si quieres ampliar más conocimientos en esta disciplina, te recomendamos curso de Aromaterapia Holística, en el aprenderás a utilizar perfectamente esta disciplina tanto a nivel terapéutico, como estético, energético y emocional.</p>
</div>
<hr />
<h4>Programa del Curso</h4>
<p>Estrés y salud. Estrés y el cuerpo. Estrés: síntomas físicos y emocionales. Estado psicoemocional y sistema inmune.<br />
Miedos. Estados depresivos. Soledad. Insomnio. Depresión.<br />
Estrés y ansiedad: síntomas y trastornos.</p>
<hr />
<p><!--


<h4>Impartido por: Yolanda Rico</h4>


Aromatóloga. Especializada en aromaterapia y cosmética natural.-->[/vc_column_text][/vc_column][/vc_row]</blockquote>

<p>Modalidad online. (fechas a escoger)<span style="color: #7f7dd1;" data-darkreader-inline-color=""><strong><br />
• Del 2 al 31 de marzo 2026.<br />
• Del 1 al 30 de abril 2026.<br />
• Del 4 al 31 de mayo 2026.<br />
• Del 1 al 30 de junio 2026.<br />
• Del 1 al 30 de julio 2026.</strong></span></p>
<hr />
<p>Estudiaremos qué emociones o sentimientos quedan alterados cuando estamos inmersos en estrés (miedo, depresión, soledad, insomnio y ansiedad)&#8230; (<a href="#tab-description">Ver más información</a>)</p>
<hr />
