{"id":14175,"date":"2022-07-01T15:49:33","date_gmt":"2022-07-01T14:49:33","guid":{"rendered":"https:\/\/tienda.ismet.es\/?post_type=product&#038;p=14175"},"modified":"2026-03-11T11:53:18","modified_gmt":"2026-03-11T10:53:18","slug":"complementacion-nutricional-con-sales-de-schussler","status":"publish","type":"product","link":"https:\/\/tienda.ismet.es\/index.php\/producto\/complementacion-nutricional-con-sales-de-schussler\/","title":{"rendered":"&#8211; Complementaci\u00f3n nutricional con sales de Sch\u00fcssler"},"content":{"rendered":"[vc_row][vc_column][vc_video link=&#8221;https:\/\/youtu.be\/YWmk_BbfDw4&#8243;][vc_column_text]\n<div class=\"woocommerce-product-details__short-description\">\n<p>En relaci\u00f3n a las generalidades de las Biosales:<br \/>\n* Conocer las principales funciones de las distintas Biosales en el organismo.<br \/>\n* Conocer Las relaciones principales entre las Biosales y los tejidos org\u00e1nicos.<br \/>\n* Conocer las caracter\u00edsticas, acciones y funciones terap\u00e9uticas de las distintas biosales.<br \/>\nEn relaci\u00f3n a la terap\u00e9utica con biosales:<br \/>\n* Conocer sus actividades preventivas y de tratamiento, mediante casos pr\u00e1cticos simulados.<\/p>\n<hr \/>\n<h4>Programa del Curso<\/h4>\n<ol>\n<li>INTRODUCCI\u00d3N AL CURSO<br \/>\n\u2022Introducci\u00f3n y conceptos previos.<br \/>\n\u2022Proceso de envejecimiento y paso de la salud a la enfermedad.<br \/>\n\u2022Mecanismos de acci\u00f3n de las terapias del curso.<br \/>\nSALES DE SCH\u00dcSSLER<br \/>\n\u2022Historia de las Sales de Sch\u00fcssler.<br \/>\n\u2022Los elementos minerales inorg\u00e1nicos.<br \/>\n\u2022Bioqu\u00edmica del Dr. Sch\u00fcssler.<br \/>\n\u2022Las biosales del Dr. Sch\u00fcssler.<br \/>\n\u2022Relaci\u00f3n de las biosales y los tejidos org\u00e1nicos.<br \/>\n\u2022Caracter\u00edsticas terap\u00e9uticas de las biosales del Dr. Sch\u00fcssler.<br \/>\n\u2022Terap\u00e9utica con las biosales del Dr. Sch\u00fcssler.<br \/>\n\u2022Las constituciones de las 12 biosales.<br \/>\n\u2022El diagn\u00f3stico facial.<br \/>\n\u2022Casos pr\u00e1cticos<\/li>\n<\/ol>\n<hr \/>\n<p><!--\n\n\n<h4>Impartido por: Aurora Rom\u00e1n<\/h4>\n\n\n<span dir=\"ltr\" role=\"presentation\">Natur\u00f3pata, especializada en alimentaci\u00f3n <\/span><span dir=\"ltr\" role=\"presentation\">saludable. Experta universitaria en Fitoterapia y en <\/span><span dir=\"ltr\" role=\"presentation\">Dietoterapia Naturista y Ortomolecular por UCAM. <\/span><span dir=\"ltr\" role=\"presentation\">Monitora de T\u00e9cnicas de<\/span> <span dir=\"ltr\" role=\"presentation\">Relajaci\u00f3n y Control del Estr\u00e9s. <\/span><span dir=\"ltr\" role=\"presentation\">Lic. En Ciencias Econ\u00f3micas por UAB. Profesora de Flores <\/span><span dir=\"ltr\" role=\"presentation\">de Bach y Naturopat\u00eda Funcional (Oligoterapia y Sales de <\/span><span dir=\"ltr\" role=\"presentation\">Sch\u00fcssler) en ISMET.<\/span>--><\/p>\n[\/vc_column_text][\/vc_column][\/vc_row]\n<\/div>\n","protected":false},"excerpt":{"rendered":"<p>Modalidad online. (fechas a escoger)<span style=\"color: #7f7dd1;\"><strong><br \/>\n\u2022 Del 2 al 31 de marzo 2026.<br \/>\n\u2022 Del 1 al 30 de abril 2026.<br \/>\n\u2022 Del 4 al 31 de mayo 2026.<br \/>\n\u2022 Del 1 al 30 de junio 2026.<br \/>\n\u2022 Del 1 al 30 de julio 2026.<\/strong><\/span><\/p>\n<hr \/>\n<p>&#8230; (<a href=\"#tab-description\">Ver m\u00e1s informaci\u00f3n<\/a>)<\/p>\n","protected":false},"featured_media":14183,"comment_status":"open","ping_status":"closed","template":"","meta":{"_joinchat":[]},"product_brand":[],"product_cat":[223,617,82,184,98,201,205,202,203,204,179],"product_tag":[565,328,697,698],"class_list":{"0":"post-14175","1":"product","2":"type-product","3":"status-publish","4":"has-post-thumbnail","6":"product_cat-black-friday","7":"product_cat-imagenes-profesores","8":"product_cat-naturopatia","9":"product_cat-alimentacion-saludable","10":"product_cat-cursos","11":"product_cat-online-marzo","12":"product_cat-online-abril","13":"product_cat-online-mayo","14":"product_cat-online-junio","15":"product_cat-online-julio","16":"product_cat-cursos-presenciales","17":"product_tag-complementacion-nutricional","18":"product_tag-nutricion","19":"product_tag-sales-de-schussler","20":"product_tag-schussler","21":"pa_ediciones-edicion-diciembre","22":"pa_ediciones-edicion-enero","23":"pa_ediciones-edicion-febrero","24":"pa_ediciones-edicion-marzo","25":"pa_ediciones-edicion-abril","26":"pa_ediciones-edicion-mayo","27":"pa_ediciones-edicion-junio","28":"pa_ediciones-edicion-julio","30":"first","31":"instock","32":"purchasable","33":"product-type-variable"},"_links":{"self":[{"href":"https:\/\/tienda.ismet.es\/index.php\/wp-json\/wp\/v2\/product\/14175","targetHints":{"allow":["GET"]}}],"collection":[{"href":"https:\/\/tienda.ismet.es\/index.php\/wp-json\/wp\/v2\/product"}],"about":[{"href":"https:\/\/tienda.ismet.es\/index.php\/wp-json\/wp\/v2\/types\/product"}],"replies":[{"embeddable":true,"href":"https:\/\/tienda.ismet.es\/index.php\/wp-json\/wp\/v2\/comments?post=14175"}],"wp:featuredmedia":[{"embeddable":true,"href":"https:\/\/tienda.ismet.es\/index.php\/wp-json\/wp\/v2\/media\/14183"}],"wp:attachment":[{"href":"https:\/\/tienda.ismet.es\/index.php\/wp-json\/wp\/v2\/media?parent=14175"}],"wp:term":[{"taxonomy":"product_brand","embeddable":true,"href":"https:\/\/tienda.ismet.es\/index.php\/wp-json\/wp\/v2\/product_brand?post=14175"},{"taxonomy":"product_cat","embeddable":true,"href":"https:\/\/tienda.ismet.es\/index.php\/wp-json\/wp\/v2\/product_cat?post=14175"},{"taxonomy":"product_tag","embeddable":true,"href":"https:\/\/tienda.ismet.es\/index.php\/wp-json\/wp\/v2\/product_tag?post=14175"}],"curies":[{"name":"wp","href":"https:\/\/api.w.org\/{rel}","templated":true}]}}

&#8211; Complementación nutricional con sales de Schüssler

[vc_row][vc_column][vc_video link=&#8221;https://youtu.be/YWmk_BbfDw4&#8243;][vc_column_text]
<div class="woocommerce-product-details__short-description">
<p>En relación a las generalidades de las Biosales:<br />
* Conocer las principales funciones de las distintas Biosales en el organismo.<br />
* Conocer Las relaciones principales entre las Biosales y los tejidos orgánicos.<br />
* Conocer las características, acciones y funciones terapéuticas de las distintas biosales.<br />
En relación a la terapéutica con biosales:<br />
* Conocer sus actividades preventivas y de tratamiento, mediante casos prácticos simulados.</p>
<hr />
<h4>Programa del Curso</h4>
<ol>
<li>INTRODUCCIÓN AL CURSO<br />
•Introducción y conceptos previos.<br />
•Proceso de envejecimiento y paso de la salud a la enfermedad.<br />
•Mecanismos de acción de las terapias del curso.<br />
SALES DE SCHÜSSLER<br />
•Historia de las Sales de Schüssler.<br />
•Los elementos minerales inorgánicos.<br />
•Bioquímica del Dr. Schüssler.<br />
•Las biosales del Dr. Schüssler.<br />
•Relación de las biosales y los tejidos orgánicos.<br />
•Características terapéuticas de las biosales del Dr. Schüssler.<br />
•Terapéutica con las biosales del Dr. Schüssler.<br />
•Las constituciones de las 12 biosales.<br />
•El diagnóstico facial.<br />
•Casos prácticos</li>
</ol>
<hr />
<p><!--


<h4>Impartido por: Aurora Román</h4>


<span dir="ltr" role="presentation">Naturópata, especializada en alimentación </span><span dir="ltr" role="presentation">saludable. Experta universitaria en Fitoterapia y en </span><span dir="ltr" role="presentation">Dietoterapia Naturista y Ortomolecular por UCAM. </span><span dir="ltr" role="presentation">Monitora de Técnicas de</span> <span dir="ltr" role="presentation">Relajación y Control del Estrés. </span><span dir="ltr" role="presentation">Lic. En Ciencias Económicas por UAB. Profesora de Flores </span><span dir="ltr" role="presentation">de Bach y Naturopatía Funcional (Oligoterapia y Sales de </span><span dir="ltr" role="presentation">Schüssler) en ISMET.</span>--></p>
[/vc_column_text][/vc_column][/vc_row]
</div>

<p>Modalidad online. (fechas a escoger)<span style="color: #7f7dd1;"><strong><br />
• Del 2 al 31 de marzo 2026.<br />
• Del 1 al 30 de abril 2026.<br />
• Del 4 al 31 de mayo 2026.<br />
• Del 1 al 30 de junio 2026.<br />
• Del 1 al 30 de julio 2026.</strong></span></p>
<hr />
<p>&#8230; (<a href="#tab-description">Ver más información</a>)</p>
