{"id":12157,"date":"2022-01-19T12:09:33","date_gmt":"2022-01-19T11:09:33","guid":{"rendered":"https:\/\/tienda.ismet.es\/?post_type=product&#038;p=12157"},"modified":"2025-05-14T11:25:25","modified_gmt":"2025-05-14T10:25:25","slug":"kinesiologia-global_modulo-cuerpo-de-consolidacion","status":"publish","type":"product","link":"https:\/\/tienda.ismet.es\/index.php\/producto\/kinesiologia-global_modulo-cuerpo-de-consolidacion\/","title":{"rendered":"&#8211; Kinesiolog\u00eda Global_M\u00f3dulo: Consolidaci\u00f3n"},"content":{"rendered":"[vc_row][vc_column][vc_video link=&#8221;https:\/\/www.youtube.com\/watch?v=AXQSR5Xn6og&#8221;][vc_column_text]\n<div class=\"woocommerce-product-details__short-description\">\n<p class=\"curso\">Para cursar este m\u00f3dulo de: Cuerpo de consolidaci\u00f3n, se han debido realizar previamente todos los m\u00f3dulos del programa de Kinesiolog\u00eda Global.<\/p>\n<hr \/>\n<p><!--\n\n\n<h4>Impartido por: Jaume Porta Vidal<\/h4>\n\n\nGraduado en Medicina Tradicional China, Terapeuta Shiatsu, Yuki, Tuina, Qigong terap\u00e9utico y RBE, Aroma terapeuta, Kinesi\u00f3logo (Global, Emocional, Bioqu\u00edmica, Qu\u00e1ntica Vibracional), Bioingenier\u00eda Cu\u00e1ntica, VRT Reflexolog\u00eda vertical, Par Biomagn\u00e9tico, Instructor de Taichi y Qigong, Reset ATM Certified, Masaje Ayurv\u00e9dico, Maestr\u00edas de Reiki. Software engineer.--><\/p>\n[\/vc_column_text][\/vc_column][\/vc_row]\n<\/div>\n","protected":false},"excerpt":{"rendered":"<p>Modalidad presencial. <span style=\"color: #7f7dd1;\" data-darkreader-inline-color=\"\"><br \/>\n<strong>Planificando fechas.<\/strong><\/span><\/p>\n<hr \/>\n<p><strong>Precio Total: 150\u20ac. <\/strong>Modalidad de pago: Reserva de plaza (50\u20ac) a abonar el primer d\u00eda de curso en efectivo o tarjeta, en Secretar\u00eda.<\/p>\n<hr \/>\n<p>Aprender a trabajar con las informaciones y las correcciones relacionadas con la GEOBIOLOG\u00cdA&#8230; (<a href=\"#tab-description\">Ver m\u00e1s informaci\u00f3n<\/a>)<\/p>\n","protected":false},"featured_media":12161,"comment_status":"open","ping_status":"closed","template":"","meta":{"_joinchat":[]},"product_brand":[],"product_cat":[617,183,98,179],"product_tag":[639,520,521,523],"class_list":{"0":"post-12157","1":"product","2":"type-product","3":"status-publish","4":"has-post-thumbnail","6":"product_cat-imagenes-profesores","7":"product_cat-terapias-energeticas","8":"product_cat-cursos","9":"product_cat-cursos-presenciales","10":"product_tag-cuerpo-de-consolidacion","11":"product_tag-kine","12":"product_tag-kinesiologia","13":"product_tag-kinesiologia-global","14":"pa_ediciones-edicion-junio","15":"pa_modalidad-online","16":"pa_modalidad-presencial","18":"first","19":"instock","20":"virtual","21":"purchasable","22":"product-type-simple"},"_links":{"self":[{"href":"https:\/\/tienda.ismet.es\/index.php\/wp-json\/wp\/v2\/product\/12157","targetHints":{"allow":["GET"]}}],"collection":[{"href":"https:\/\/tienda.ismet.es\/index.php\/wp-json\/wp\/v2\/product"}],"about":[{"href":"https:\/\/tienda.ismet.es\/index.php\/wp-json\/wp\/v2\/types\/product"}],"replies":[{"embeddable":true,"href":"https:\/\/tienda.ismet.es\/index.php\/wp-json\/wp\/v2\/comments?post=12157"}],"wp:featuredmedia":[{"embeddable":true,"href":"https:\/\/tienda.ismet.es\/index.php\/wp-json\/wp\/v2\/media\/12161"}],"wp:attachment":[{"href":"https:\/\/tienda.ismet.es\/index.php\/wp-json\/wp\/v2\/media?parent=12157"}],"wp:term":[{"taxonomy":"product_brand","embeddable":true,"href":"https:\/\/tienda.ismet.es\/index.php\/wp-json\/wp\/v2\/product_brand?post=12157"},{"taxonomy":"product_cat","embeddable":true,"href":"https:\/\/tienda.ismet.es\/index.php\/wp-json\/wp\/v2\/product_cat?post=12157"},{"taxonomy":"product_tag","embeddable":true,"href":"https:\/\/tienda.ismet.es\/index.php\/wp-json\/wp\/v2\/product_tag?post=12157"}],"curies":[{"name":"wp","href":"https:\/\/api.w.org\/{rel}","templated":true}]}}