{"id":10951,"date":"2021-10-18T17:45:28","date_gmt":"2021-10-18T16:45:28","guid":{"rendered":"https:\/\/tienda.ismet.es\/?post_type=product&#038;p=10951"},"modified":"2025-10-28T10:29:14","modified_gmt":"2025-10-28T09:29:14","slug":"kinesiologia-global_geobiologia","status":"publish","type":"product","link":"https:\/\/tienda.ismet.es\/index.php\/producto\/kinesiologia-global_geobiologia\/","title":{"rendered":"&#8211; Kinesiolog\u00eda Global, geobiolog\u00eda"},"content":{"rendered":"[vc_row][vc_column][vc_video link=&#8221;https:\/\/www.youtube.com\/watch?v=AXQSR5Xn6og&#8221;][vc_column_text]\n<div class=\"woocommerce-product-details__short-description\">\n<p class=\"curso\">La Kinesiolog\u00eda es una disciplina terap\u00e9utica basada en la comunicaci\u00f3n neuromuscular que permite la integraci\u00f3n entre quien realiza la terapia y quien la recibe, siendo lo m\u00e1s destacable de la Kinesiolog\u00eda Global su esp\u00edritu integrador, al tomar conceptos y formas de trabajo de la Medicina Tradicional China, las Terapias Manuales, la Naturopat\u00eda, la Psicoterapia y T\u00e9cnicas Crecimiento Personal.<\/p>\n<p class=\"curso\">Este m\u00f3dulo del curso de Kinesiologia Global es totalmente funcional y aut\u00f3nomo, puede cursarse de forma independiente (prerrequisito: B1 \u2013 KINESIOLOG\u00cdA GLOBAL. APRENDER A TESTAR: T\u00c9CNICAS Y M\u00c9TODOS).<\/p>\n<hr \/>\n<h4>Objetivos<\/h4>\n<p>Aprender a trabajar con las informaciones y las correcciones relacionadas con la GEOBIOLOG\u00cdA. \u00c9sta nos ayuda a comprender el entorno en el que habitamos, descubriendo donde est\u00e1n aquellas zonas de nuestro entorno y nuestra vivienda que nos pueden resultar perjudiciales.<\/p>\n<hr \/>\n<h4>Programa del Curso<\/h4>\n<p>Introducci\u00f3n<br \/>\n\uf0b7 \u00bfQu\u00e9 es la Geobiolog\u00eda?<br \/>\n\uf0b7 \u00c1mbito de aplicaci\u00f3n<br \/>\nGeopat\u00edas Yin<br \/>\n\uf0b7 Informaciones y correcciones<br \/>\no Corrientes o venas de agua<br \/>\no Bolsa de gas \/ gas rad\u00f3n<br \/>\no Redes tel\u00faricas<br \/>\n\uf0a7 Peyr\u00e9<br \/>\n\uf0a7 Hartmann<br \/>\n\uf0a7 Curry<br \/>\n\uf0a7 Benker<br \/>\n\uf0a7 Kunnen<br \/>\no Chimenea cosmotel\u00farica o v\u00f3rtice<br \/>\no Pozos<br \/>\no Cavidades subterr\u00e1neas<br \/>\no Alteraciones magn\u00e9ticas<br \/>\no Inestabilidades tel\u00faricas<br \/>\no Ondas de Schumann<br \/>\no Antiguos cementerios<br \/>\no Zonas b\u00e9licas \/ Energ\u00edas sutiles negativas<br \/>\nGeopat\u00edas Yang<br \/>\n\uf0b7 Informaciones y correcciones<br \/>\no Clim\u00e1ticas<br \/>\no Planetas<br \/>\no Constelaciones<br \/>\no Tormentas solares<br \/>\no Rayos c\u00f3smicos<br \/>\nGeopat\u00edas horizontales o artificiales<br \/>\n\uf0b7 Informaciones y correcciones<br \/>\no Contaminaci\u00f3n electromagn\u00e9tica<br \/>\n\uf0a7 Campos continuos no pulsantes<br \/>\n\uf0a7 Campos variable pulsantes o Ambientales Aire<br \/>\n\uf0a7 Materiales de la construcci\u00f3n<br \/>\n\uf0a7 Materiales de decoraci\u00f3n<br \/>\n\uf0a7 Luz artificial<br \/>\n\uf0a7 Sonido o Vivienda<br \/>\nUbicaci\u00f3n<br \/>\n\uf0b7 T\u00e9cnicas y mecanismos de ubicaci\u00f3n \u2013 representaci\u00f3n<br \/>\nHerramientas<br \/>\n\uf0b7 Nociones b\u00e1sicas de geolog\u00eda y magnetismo terrestre<br \/>\n\uf0b7 Bi\u00f3metro de Bovis<br \/>\n\uf0b7 Radi\u00f3nicos, dispersores de ondas<br \/>\n\uf0b7 Cuarzos, gemas, minerales<br \/>\n\uf0b7 S\u00f3lidos plat\u00f3nicos<br \/>\n\uf0b7 Circuitos compensadores<br \/>\n\uf0b7 Aceites esenciales y esencias florales<br \/>\n\uf0b7 Remedios espag\u00edricos\u2026<br \/>\nProtocolo<br \/>\n\uf0b7 Utilizaci\u00f3n del protocolo proporcionado<br \/>\nPr\u00e1cticas<br \/>\n\uf0b7 Continuadas. En cada uno de los apartados se practicar\u00e1 cada m\u00e9todo y t\u00e9cnica tanto en solitario, si procede, como con el resto de los alumnos<br \/>\n<!--\n\n\n<h4>Impartido por: Jaume Porta Vidal<\/h4>\n\n\nGraduado en Medicina Tradicional China, Terapeuta Shiatsu, Yuki, Tuina, Qigong terap\u00e9utico y RBE, Aroma terapeuta, Kinesi\u00f3logo (Global, Emocional, Bioqu\u00edmica, Qu\u00e1ntica Vibracional), Bioingenier\u00eda Cu\u00e1ntica, VRT Reflexolog\u00eda vertical, Par Biomagn\u00e9tico, Instructor de Taichi y Qigong, Reset ATM Certified, Masaje Ayurv\u00e9dico, Maestr\u00edas de Reiki. Software engineer.--><\/p>\n[\/vc_column_text][\/vc_column][\/vc_row]\n<\/div>\n","protected":false},"excerpt":{"rendered":"<p>Modalidad presencial. <span style=\"color: #7f7dd1;\" data-darkreader-inline-color=\"\"><strong><br \/>\nprogramando fechas&#8230;<\/p>\n<p><\/strong><\/span><\/p>\n<hr \/>\n<p><strong>Precio Total: 210\u20ac. <\/strong> Se abonar\u00e1 en efectivo o tarjeta, el 1er d\u00eda de curso.<\/p>\n<hr \/>\n<p>Aprender a trabajar con las informaciones y las correcciones relacionadas con la GEOBIOLOG\u00cdA&#8230; (<a href=\"#tab-description\">Ver m\u00e1s informaci\u00f3n<\/a>)<\/p>\n","protected":false},"featured_media":29879,"comment_status":"open","ping_status":"closed","template":"","meta":{"_joinchat":[]},"product_brand":[],"product_cat":[617,183,98,179],"product_tag":[524,522,525,520,521,523],"class_list":{"0":"post-10951","1":"product","2":"type-product","3":"status-publish","4":"has-post-thumbnail","6":"product_cat-imagenes-profesores","7":"product_cat-terapias-energeticas","8":"product_cat-cursos","9":"product_cat-cursos-presenciales","10":"product_tag-geobiologia","11":"product_tag-global","12":"product_tag-jaume-porta-vidal","13":"product_tag-kine","14":"product_tag-kinesiologia","15":"product_tag-kinesiologia-global","16":"pa_ediciones-edicion-julio","17":"pa_ediciones-edicion-septiembre","19":"first","20":"outofstock","21":"purchasable","22":"product-type-simple"},"_links":{"self":[{"href":"https:\/\/tienda.ismet.es\/index.php\/wp-json\/wp\/v2\/product\/10951","targetHints":{"allow":["GET"]}}],"collection":[{"href":"https:\/\/tienda.ismet.es\/index.php\/wp-json\/wp\/v2\/product"}],"about":[{"href":"https:\/\/tienda.ismet.es\/index.php\/wp-json\/wp\/v2\/types\/product"}],"replies":[{"embeddable":true,"href":"https:\/\/tienda.ismet.es\/index.php\/wp-json\/wp\/v2\/comments?post=10951"}],"wp:featuredmedia":[{"embeddable":true,"href":"https:\/\/tienda.ismet.es\/index.php\/wp-json\/wp\/v2\/media\/29879"}],"wp:attachment":[{"href":"https:\/\/tienda.ismet.es\/index.php\/wp-json\/wp\/v2\/media?parent=10951"}],"wp:term":[{"taxonomy":"product_brand","embeddable":true,"href":"https:\/\/tienda.ismet.es\/index.php\/wp-json\/wp\/v2\/product_brand?post=10951"},{"taxonomy":"product_cat","embeddable":true,"href":"https:\/\/tienda.ismet.es\/index.php\/wp-json\/wp\/v2\/product_cat?post=10951"},{"taxonomy":"product_tag","embeddable":true,"href":"https:\/\/tienda.ismet.es\/index.php\/wp-json\/wp\/v2\/product_tag?post=10951"}],"curies":[{"name":"wp","href":"https:\/\/api.w.org\/{rel}","templated":true}]}}