{"id":10406,"date":"2021-09-20T12:56:17","date_gmt":"2021-09-20T11:56:17","guid":{"rendered":"https:\/\/tienda.ismet.es\/?post_type=product&#038;p=10406"},"modified":"2026-03-11T11:57:15","modified_gmt":"2026-03-11T10:57:15","slug":"naturaleza-tipologica-y-flores-de-bach","status":"publish","type":"product","link":"https:\/\/tienda.ismet.es\/index.php\/producto\/naturaleza-tipologica-y-flores-de-bach\/","title":{"rendered":"&#8211; Naturaleza tipol\u00f3gica y flores de Bach"},"content":{"rendered":"[vc_row][vc_column][vc_video link=&#8221;https:\/\/youtu.be\/LoEV0O-rptA&#8221;][vc_column_text]\n<div class=\"woocommerce-product-details__short-description\">\n<hr \/>\n<h4>Objetivos<\/h4>\n<ul>\n<li><em>Descubre y equilibra los 4 elementos de la naturaleza que hay en ti junto con sus Flores de Bach relacionadas, mediante estas y otras herramientas naturales.<\/em><\/li>\n<li>Los objetivos del taller son los siguientes:\n<ul>\n<li>Conocer los 4 elementos de la naturaleza que rigen el universo (Seg\u00fan Carl Jung, en su llamada \u201cPsicolog\u00eda astrol\u00f3gica\u201d) y por supuesto su divisi\u00f3n en energ\u00edas yin y yang<\/li>\n<li>Introducir el concepto de las Flores de Bach para descubrir los 12 remedios tipol\u00f3gicos, sus 7 cronicidades y la relaci\u00f3n con dichos elementos<\/li>\n<li>Analizar qu\u00e9 elementos tenemos en exceso y cu\u00e1les en defecto para, poder as\u00ed, equilibrarlos<\/li>\n<li>Trabajar e integrar cada uno de los elementos mediante diferentes herramientas como la meditaci\u00f3n, los aceites esenciales, las piedras\u2026 y las mismas Flores de Bach<\/li>\n<\/ul>\n<\/li>\n<\/ul>\n<hr \/>\n<h4>Programa del Curso<\/h4>\n<ol>\n<li>\n<ol>\n<li>Los 4 elementos de la naturaleza seg\u00fan la Psicolog\u00eda astrol\u00f3gica de Carl Jung<\/li>\n<\/ol>\n<ul>\n<li>Aire<\/li>\n<li>Fuego<\/li>\n<li>Agua<\/li>\n<li>Tierra<\/li>\n<\/ul>\n<ol start=\"2\">\n<li>La Terapia Floral de Bach<\/li>\n<\/ol>\n<ul>\n<li>Las 12 Flores tipol\u00f3gicas<\/li>\n<li>Las 7 Flores ayudantes o cronicidades<\/li>\n<\/ul>\n<ol start=\"3\">\n<li>Autoan\u00e1lisis<\/li>\n<li>Trabajar, integrar y equilibrar los elementos mediante diferentes herramientas:<\/li>\n<\/ol>\n<ul>\n<li>Flores de Bach<\/li>\n<li>Meditaciones<\/li>\n<li>Aceites esenciales<\/li>\n<li>Piedras minerales<\/li>\n<\/ul>\n<\/li>\n<\/ol>\n<hr \/>\n<p><!--\n\n\n<h4>Impartido por:<\/h4>\n\n\n<strong>Silvia G\u00f3mez:\u00a0<\/strong>\nNatur\u00f3pata especializada en nutrici\u00f3n y terapia floral de Bach.--><\/p>\n[\/vc_column_text][\/vc_column][\/vc_row]\n<\/div>\n","protected":false},"excerpt":{"rendered":"<p>Modalidad online. (fechas a escoger)<b style=\"color: #7f7dd1; font-size: 1rem; darkreader-inline-color: #7e9cd1;\" data-darkreader-inline-color=\"\"><br \/>\n\u2022 Del 2 al 31 de marzo 2026.<br \/>\n\u2022 Del 1 al 30 de abril 2026.<br \/>\n\u2022 Del 4 al 31 de mayo 2026.<br \/>\n\u2022 Del 1 al 30 de junio 2026.<br \/>\n\u2022 Del 1 al 30 de julio 2026.<\/p>\n<p><\/b><\/p>\n<hr \/>\n<p>&#8230; (<a href=\"#tab-description\">Ver m\u00e1s informaci\u00f3n<\/a>)<\/p>\n","protected":false},"featured_media":25682,"comment_status":"open","ping_status":"closed","template":"","meta":{"_joinchat":[]},"product_brand":[],"product_cat":[617,82,182,98,180,201,205,202,203,204],"product_tag":[502,504,674,506],"class_list":{"0":"post-10406","1":"product","2":"type-product","3":"status-publish","4":"has-post-thumbnail","6":"product_cat-imagenes-profesores","7":"product_cat-naturopatia","8":"product_cat-wellness-y-estetica","9":"product_cat-cursos","10":"product_cat-online","11":"product_cat-online-marzo","12":"product_cat-online-abril","13":"product_cat-online-mayo","14":"product_cat-online-junio","15":"product_cat-online-julio","16":"product_tag-flores","17":"product_tag-flores-de-bach","18":"product_tag-naturaleza-tipologica","19":"product_tag-silvia-gomez","20":"pa_ediciones-edicion-diciembre","21":"pa_ediciones-edicion-enero","22":"pa_ediciones-edicion-febrero","23":"pa_ediciones-edicion-marzo","24":"pa_ediciones-edicion-abril","25":"pa_ediciones-edicion-mayo","26":"pa_ediciones-edicion-junio","27":"pa_ediciones-edicion-julio","28":"pa_ediciones-edicion-agosto","29":"pa_ediciones-edicion-septiembre","30":"pa_ediciones-edicion-octubre","31":"pa_ediciones-edicion-noviembre","32":"pa_modalidad-online","34":"first","35":"instock","36":"purchasable","37":"product-type-variable"},"_links":{"self":[{"href":"https:\/\/tienda.ismet.es\/index.php\/wp-json\/wp\/v2\/product\/10406","targetHints":{"allow":["GET"]}}],"collection":[{"href":"https:\/\/tienda.ismet.es\/index.php\/wp-json\/wp\/v2\/product"}],"about":[{"href":"https:\/\/tienda.ismet.es\/index.php\/wp-json\/wp\/v2\/types\/product"}],"replies":[{"embeddable":true,"href":"https:\/\/tienda.ismet.es\/index.php\/wp-json\/wp\/v2\/comments?post=10406"}],"wp:featuredmedia":[{"embeddable":true,"href":"https:\/\/tienda.ismet.es\/index.php\/wp-json\/wp\/v2\/media\/25682"}],"wp:attachment":[{"href":"https:\/\/tienda.ismet.es\/index.php\/wp-json\/wp\/v2\/media?parent=10406"}],"wp:term":[{"taxonomy":"product_brand","embeddable":true,"href":"https:\/\/tienda.ismet.es\/index.php\/wp-json\/wp\/v2\/product_brand?post=10406"},{"taxonomy":"product_cat","embeddable":true,"href":"https:\/\/tienda.ismet.es\/index.php\/wp-json\/wp\/v2\/product_cat?post=10406"},{"taxonomy":"product_tag","embeddable":true,"href":"https:\/\/tienda.ismet.es\/index.php\/wp-json\/wp\/v2\/product_tag?post=10406"}],"curies":[{"name":"wp","href":"https:\/\/api.w.org\/{rel}","templated":true}]}}